216.73.216.87 - - [15/May/2026:12:48:51 +0000] "GET /sitemap.xml?rename=%2Fhome%2Fstagingimprouv%2Fpublic_html%2Fwp-content%2Flanguages%2Fen_GB-8860e58c20c6a2ab5876a0f07be43bd9.json HTTP/1.1" 200 7092 "-" "Mozilla/5.0 AppleWebKit/537.36 (KHTML, like Gecko; compatible; ClaudeBot/1.0; +claudebot@anthropic.com)"
74.7.243.230 - - [15/May/2026:12:48:51 +0000] "GET /keywords.html?rename=/sys/devices/pci0000:00/0000:00:1f.0/driver/0000:00:1f.0/iTCO_wdt.1.auto/firmware_node/PNP0B00:00/subsystem/devices/ACPI0010:00/LNXCPU:00/physical_node/node0/cpu0/node0/cpu3/driver/cpu0/firmware_node/subsystem/devices/PNP0A08:00/device:44/subsystem/devices/PNP0501:00/power/runtime_active_time HTTP/1.1" 200 186714 "https://staging.improuv.com/keywords.html?file=/sys/devices/pci0000:00/0000:00:1f.0/driver/0000:00:1f.0/iTCO_wdt.1.auto/firmware_node/PNP0B00:00/subsystem/devices/ACPI0010:00/LNXCPU:00/physical_node/node0/cpu0/node0/cpu3/driver/cpu0/firmware_node/subsystem/devices/PNP0A08:00/device:44/subsystem/devices/PNP0501:00/power" "Mozilla/5.0 AppleWebKit/537.36 (KHTML, like Gecko; compatible; GPTBot/1.3; +https://openai.com/gptbot)"
216.73.216.87 - - [15/May/2026:12:48:51 +0000] "GET /sitemap.xml?rename=%2Fhome%2Fstagingimprouv%2Fpublic_html%2Fwp-content%2Flanguages%2Fen_GB-50278328b502f4eb3f2b8b7ab49324a1.json HTTP/1.1" 200 7092 "-" "Mozilla/5.0 AppleWebKit/537.36 (KHTML, like Gecko; compatible; ClaudeBot/1.0; +claudebot@anthropic.com)"
216.73.216.87 - - [15/May/2026:12:48:52 +0000] "GET /sitemap.xml?edit=%2Fhome%2Fstagingimprouv%2Fpublic_html%2Fwp-content%2Flanguages%2Fen_GB-2617ce121227a46077ede6c69aa9fcb5.json HTTP/1.1" 200 11118 "-" "Mozilla/5.0 AppleWebKit/537.36 (KHTML, like Gecko; compatible; ClaudeBot/1.0; +claudebot@anthropic.com)"
216.73.216.87 - - [15/May/2026:12:48:52 +0000] "GET /sitemap.xml?rename=%2Fhome%2Fstagingimprouv%2Fpublic_html%2Fwp-content%2Flanguages%2Fen_GB-270d72d1cff17227d37f3244759cbecb.json HTTP/1.1" 200 7092 "-" "Mozilla/5.0 AppleWebKit/537.36 (KHTML, like Gecko; compatible; ClaudeBot/1.0; +claudebot@anthropic.com)"
216.73.216.87 - - [15/May/2026:12:48:53 +0000] "GET /sitemap.xml?rename=%2Fhome%2Fstagingimprouv%2Fpublic_html%2Fwp-content%2Flanguages%2Fen_GB-1d17475f620f63a92e2c5d2681c51ee8.json HTTP/1.1" 200 7092 "-" "Mozilla/5.0 AppleWebKit/537.36 (KHTML, like Gecko; compatible; ClaudeBot/1.0; +claudebot@anthropic.com)"
216.73.216.87 - - [15/May/2026:12:48:53 +0000] "GET /sitemap.xml?rename=%2Fhome%2Fstagingimprouv%2Fpublic_html%2Fwp-content%2Flanguages%2Fen_GB-8240df461220d1d3a028a9a4c5652a5b.json HTTP/1.1" 200 7092 "-" "Mozilla/5.0 AppleWebKit/537.36 (KHTML, like Gecko; compatible; ClaudeBot/1.0; +claudebot@anthropic.com)"
216.73.216.87 - - [15/May/2026:12:48:53 +0000] "GET /sitemap.xml?view=%2Fhome%2Fstagingimprouv%2Fpublic_html%2Fwp-content%2Flanguages%2Fen_GB-f575f481034e90e21d832e415fd95fcf.json HTTP/1.1" 200 427 "-" "Mozilla/5.0 AppleWebKit/537.36 (KHTML, like Gecko; compatible; ClaudeBot/1.0; +claudebot@anthropic.com)"
74.7.243.230 - - [15/May/2026:12:48:53 +0000] "GET /keywords.html?edit=/sys/devices/pci0000:00/0000:00:1f.0/driver/0000:00:1f.0/iTCO_wdt.1.auto/firmware_node/PNP0B00:00/subsystem/devices/ACPI0010:00/LNXCPU:00/physical_node/node0/cpu0/node0/cpu3/driver/cpu0/firmware_node/subsystem/devices/PNP0A08:00/device:42/subsystem/devices/PNP0303:00/power/runtime_suspended_time HTTP/1.1" 200 186696 "https://staging.improuv.com/keywords.html?file=/sys/devices/pci0000:00/0000:00:1f.0/driver/0000:00:1f.0/iTCO_wdt.1.auto/firmware_node/PNP0B00:00/subsystem/devices/ACPI0010:00/LNXCPU:00/physical_node/node0/cpu0/node0/cpu3/driver/cpu0/firmware_node/subsystem/devices/PNP0A08:00/device:42/subsystem/devices/PNP0303:00/power" "Mozilla/5.0 AppleWebKit/537.36 (KHTML, like Gecko; compatible; GPTBot/1.3; +https://openai.com/gptbot)"
216.73.216.87 - - [15/May/2026:12:48:54 +0000] "GET /sitemap.xml?rename=%2Fhome%2Fstagingimprouv%2Fpublic_html%2Fwp-content%2Flanguages%2Fen_GB-93882e8f9976382d7f724ac595ed7151.json HTTP/1.1" 200 7092 "-" "Mozilla/5.0 AppleWebKit/537.36 (KHTML, like Gecko; compatible; ClaudeBot/1.0; +claudebot@anthropic.com)"
216.73.216.87 - - [15/May/2026:12:48:54 +0000] "GET /sitemap.xml?rename=%2Fhome%2Fstagingimprouv%2Fpublic_html%2Fwp-content%2Flanguages%2Fen_GB-2b390f85a3048c5b4255fb45960b6514.json HTTP/1.1" 200 7092 "-" "Mozilla/5.0 AppleWebKit/537.36 (KHTML, like Gecko; compatible; ClaudeBot/1.0; +claudebot@anthropic.com)"
216.73.216.87 - - [15/May/2026:12:48:55 +0000] "GET /sitemap.xml?view=%2Fhome%2Fstagingimprouv%2Fpublic_html%2Fwp-content%2Fuploads%2Fwoocommerce-placeholder-768x768.png HTTP/1.1" 200 56643 "-" "Mozilla/5.0 AppleWebKit/537.36 (KHTML, like Gecko; compatible; ClaudeBot/1.0; +claudebot@anthropic.com)"
216.73.216.87 - - [15/May/2026:12:48:54 +0000] "GET /sitemap.xml?rename=%2Fhome%2Fstagingimprouv%2Fpublic_html%2Fwp-content%2Flanguages%2Fen_GB-c31d5f185753910c14afebc6deb2ce24.json HTTP/1.1" 200 7092 "-" "Mozilla/5.0 AppleWebKit/537.36 (KHTML, like Gecko; compatible; ClaudeBot/1.0; +claudebot@anthropic.com)"
74.7.243.230 - - [15/May/2026:12:48:55 +0000] "GET /keywords.html?rename=/sys/devices/pci0000:00/0000:00:1f.0/driver/0000:00:1f.0/iTCO_wdt.1.auto/firmware_node/PNP0B00:00/subsystem/devices/ACPI0010:00/LNXCPU:00/physical_node/node0/cpu0/node0/cpu3/driver/cpu0/firmware_node/subsystem/devices/PNP0A08:00/device:42/subsystem/devices/PNP0C01:00/power/runtime_active_time HTTP/1.1" 200 186714 "https://staging.improuv.com/keywords.html?file=/sys/devices/pci0000:00/0000:00:1f.0/driver/0000:00:1f.0/iTCO_wdt.1.auto/firmware_node/PNP0B00:00/subsystem/devices/ACPI0010:00/LNXCPU:00/physical_node/node0/cpu0/node0/cpu3/driver/cpu0/firmware_node/subsystem/devices/PNP0A08:00/device:42/subsystem/devices/PNP0C01:00/power" "Mozilla/5.0 AppleWebKit/537.36 (KHTML, like Gecko; compatible; GPTBot/1.3; +https://openai.com/gptbot)"
216.73.216.87 - - [15/May/2026:12:48:55 +0000] "GET /sitemap.xml?rename=%2Fhome%2Fstagingimprouv%2Fpublic_html%2Fwp-content%2Flanguages%2Fen_GB-4bfa11da57ff2600004bb500368247f4.json HTTP/1.1" 200 7092 "-" "Mozilla/5.0 AppleWebKit/537.36 (KHTML, like Gecko; compatible; ClaudeBot/1.0; +claudebot@anthropic.com)"
216.73.216.87 - - [15/May/2026:12:48:55 +0000] "GET /sitemap.xml?file=%2Fhome%2Fstagingimprouv%2Fpublic_html%2Fwp-content%2Flanguages%2Fen_GB-0eebe503220d4a00341eb011b92769b4.json HTTP/1.1" 200 484 "-" "Mozilla/5.0 AppleWebKit/537.36 (KHTML, like Gecko; compatible; ClaudeBot/1.0; +claudebot@anthropic.com)"
216.73.216.87 - - [15/May/2026:12:48:56 +0000] "GET /sitemap.xml?view=%2Fhome%2Fstagingimprouv%2Fpublic_html%2Fwp-content%2Flanguages%2Fen_GB-1bba9045bb07c89671c88a3f328548e8.json HTTP/1.1" 200 792 "-" "Mozilla/5.0 AppleWebKit/537.36 (KHTML, like Gecko; compatible; ClaudeBot/1.0; +claudebot@anthropic.com)"
216.73.216.87 - - [15/May/2026:12:48:56 +0000] "GET /sitemap.xml?edit=%2Fhome%2Fstagingimprouv%2Fpublic_html%2Fwp-content%2Flanguages%2Fen_GB-0ce75ad2f775d1cac9696967d484808c.json HTTP/1.1" 200 7691 "-" "Mozilla/5.0 AppleWebKit/537.36 (KHTML, like Gecko; compatible; ClaudeBot/1.0; +claudebot@anthropic.com)"
216.73.216.87 - - [15/May/2026:12:48:57 +0000] "GET /sitemap.xml?view=%2Fhome%2Fstagingimprouv%2Fpublic_html%2Fwp-content%2Flanguages%2Fen_GB-4a38fe1c0c45989e44682ba6109d9f46.json HTTP/1.1" 200 1249 "-" "Mozilla/5.0 AppleWebKit/537.36 (KHTML, like Gecko; compatible; ClaudeBot/1.0; +claudebot@anthropic.com)"
216.73.216.87 - - [15/May/2026:12:48:57 +0000] "GET /sitemap.xml?view=%2Fhome%2Fstagingimprouv%2Fpublic_html%2Fwp-content%2Flanguages%2Fde_DE-17179a5f2930647c89151e365f843b6e.json HTTP/1.1" 200 354 "-" "Mozilla/5.0 AppleWebKit/537.36 (KHTML, like Gecko; compatible; ClaudeBot/1.0; +claudebot@anthropic.com)"
74.7.243.230 - - [15/May/2026:12:48:57 +0000] "GET /keywords.html?rename=/sys/devices/pci0000:00/0000:00:1f.0/driver/0000:00:1f.0/iTCO_wdt.1.auto/firmware_node/PNP0B00:00/subsystem/devices/ACPI0010:00/LNXCPU:00/physical_node/node0/cpu0/node0/cpu3/driver/cpu0/firmware_node/subsystem/devices/PNP0A08:00/device:44/subsystem/devices/PNP0A06:00/power/runtime_active_time HTTP/1.1" 200 186714 "https://staging.improuv.com/keywords.html?file=/sys/devices/pci0000:00/0000:00:1f.0/driver/0000:00:1f.0/iTCO_wdt.1.auto/firmware_node/PNP0B00:00/subsystem/devices/ACPI0010:00/LNXCPU:00/physical_node/node0/cpu0/node0/cpu3/driver/cpu0/firmware_node/subsystem/devices/PNP0A08:00/device:44/subsystem/devices/PNP0A06:00/power" "Mozilla/5.0 AppleWebKit/537.36 (KHTML, like Gecko; compatible; GPTBot/1.3; +https://openai.com/gptbot)"
216.73.216.87 - - [15/May/2026:12:48:57 +0000] "GET /sitemap.xml?rename=%2Fhome%2Fstagingimprouv%2Fpublic_html%2Fwp-content%2Flanguages%2Fen_GB-803bf1ce2131e13efc590c1bc47851fc.json HTTP/1.1" 200 7092 "-" "Mozilla/5.0 AppleWebKit/537.36 (KHTML, like Gecko; compatible; ClaudeBot/1.0; +claudebot@anthropic.com)"
74.7.243.230 - - [15/May/2026:12:48:59 +0000] "GET /keywords.html?rename=/sys/devices/pci0000:00/0000:00:1f.0/driver/0000:00:1f.0/iTCO_wdt.1.auto/firmware_node/PNP0B00:00/subsystem/devices/ACPI0010:00/LNXCPU:00/physical_node/node0/cpu0/node0/cpu3/driver/cpu0/firmware_node/subsystem/devices/PNP0A08:00/device:42/subsystem/devices/PNP0303:00/power/runtime_active_time HTTP/1.1" 200 186714 "https://staging.improuv.com/keywords.html?file=/sys/devices/pci0000:00/0000:00:1f.0/driver/0000:00:1f.0/iTCO_wdt.1.auto/firmware_node/PNP0B00:00/subsystem/devices/ACPI0010:00/LNXCPU:00/physical_node/node0/cpu0/node0/cpu3/driver/cpu0/firmware_node/subsystem/devices/PNP0A08:00/device:42/subsystem/devices/PNP0303:00/power" "Mozilla/5.0 AppleWebKit/537.36 (KHTML, like Gecko; compatible; GPTBot/1.3; +https://openai.com/gptbot)"
216.73.216.87 - - [15/May/2026:12:49:00 +0000] "GET /sitemap.xml?view=%2Fhome%2Fstagingimprouv%2Fpublic_html%2Fwp-content%2Flanguages%2Fen_GB-17179a5f2930647c89151e365f843b6e.json HTTP/1.1" 200 342 "-" "Mozilla/5.0 AppleWebKit/537.36 (KHTML, like Gecko; compatible; ClaudeBot/1.0; +claudebot@anthropic.com)"
216.73.216.87 - - [15/May/2026:12:48:59 +0000] "GET /sitemap.xml?rename=%2Fhome%2Fstagingimprouv%2Fpublic_html%2Fwp-content%2Flanguages%2Fen_GB-17179a5f2930647c89151e365f843b6e.json HTTP/1.1" 200 7092 "-" "Mozilla/5.0 AppleWebKit/537.36 (KHTML, like Gecko; compatible; ClaudeBot/1.0; +claudebot@anthropic.com)"
216.73.216.87 - - [15/May/2026:12:49:00 +0000] "GET /sitemap.xml?file=%2Fhome%2Fstagingimprouv%2Fpublic_html%2Fwp-content%2Flanguages%2Fen_GB-17179a5f2930647c89151e365f843b6e.json HTTP/1.1" 200 484 "-" "Mozilla/5.0 AppleWebKit/537.36 (KHTML, like Gecko; compatible; ClaudeBot/1.0; +claudebot@anthropic.com)"
216.73.216.87 - - [15/May/2026:12:49:00 +0000] "GET /sitemap.xml?rename=%2Fhome%2Fstagingimprouv%2Fpublic_html%2Fwp-content%2Flanguages%2Fen_GB-81c889563f09dd13de1701135dc62941.json HTTP/1.1" 200 7092 "-" "Mozilla/5.0 AppleWebKit/537.36 (KHTML, like Gecko; compatible; ClaudeBot/1.0; +claudebot@anthropic.com)"
216.73.216.87 - - [15/May/2026:12:49:00 +0000] "GET /sitemap.xml?rename=%2Fhome%2Fstagingimprouv%2Fpublic_html%2Fwp-content%2Flanguages%2Fen_GB-aabfce98c410957228848dc581e3c420.json HTTP/1.1" 200 7092 "-" "Mozilla/5.0 AppleWebKit/537.36 (KHTML, like Gecko; compatible; ClaudeBot/1.0; +claudebot@anthropic.com)"
216.73.216.87 - - [15/May/2026:12:49:01 +0000] "GET /sitemap.xml?edit=%2Fhome%2Fstagingimprouv%2Fpublic_html%2Fwp-content%2Flanguages%2Fen_GB-17179a5f2930647c89151e365f843b6e.json HTTP/1.1" 200 7603 "-" "Mozilla/5.0 AppleWebKit/537.36 (KHTML, like Gecko; compatible; ClaudeBot/1.0; +claudebot@anthropic.com)"
74.7.243.230 - - [15/May/2026:12:49:01 +0000] "GET /keywords.html?edit=/sys/devices/pci0000:00/0000:00:1f.0/driver/0000:00:1f.0/iTCO_wdt.1.auto/firmware_node/PNP0B00:00/subsystem/devices/ACPI0010:00/LNXCPU:00/physical_node/node0/cpu0/node0/cpu3/driver/cpu0/firmware_node/subsystem/devices/PNP0A08:00/device:42/subsystem/devices/PNP0C01:00/power/runtime_status HTTP/1.1" 200 186682 "https://staging.improuv.com/keywords.html?file=/sys/devices/pci0000:00/0000:00:1f.0/driver/0000:00:1f.0/iTCO_wdt.1.auto/firmware_node/PNP0B00:00/subsystem/devices/ACPI0010:00/LNXCPU:00/physical_node/node0/cpu0/node0/cpu3/driver/cpu0/firmware_node/subsystem/devices/PNP0A08:00/device:42/subsystem/devices/PNP0C01:00/power" "Mozilla/5.0 AppleWebKit/537.36 (KHTML, like Gecko; compatible; GPTBot/1.3; +https://openai.com/gptbot)"
216.73.216.87 - - [15/May/2026:12:49:01 +0000] "GET /sitemap.xml?rename=%2Fhome%2Fstagingimprouv%2Fpublic_html%2Fwp-content%2Fuploads%2Fwoocommerce-placeholder-300x300.png HTTP/1.1" 200 7066 "-" "Mozilla/5.0 AppleWebKit/537.36 (KHTML, like Gecko; compatible; ClaudeBot/1.0; +claudebot@anthropic.com)"
216.73.216.87 - - [15/May/2026:12:49:01 +0000] "GET /sitemap.xml?file=%2Fhome%2Fstagingimprouv%2Fpublic_html%2Fwp-content%2Flanguages%2Fen_GB-81c889563f09dd13de1701135dc62941.json HTTP/1.1" 200 484 "-" "Mozilla/5.0 AppleWebKit/537.36 (KHTML, like Gecko; compatible; ClaudeBot/1.0; +claudebot@anthropic.com)"
216.73.216.87 - - [15/May/2026:12:49:02 +0000] "GET /sitemap.xml?file=%2Fhome%2Fstagingimprouv%2Fpublic_html%2Fwp-content%2Flanguages%2Fen_GB-aabfce98c410957228848dc581e3c420.json HTTP/1.1" 200 484 "-" "Mozilla/5.0 AppleWebKit/537.36 (KHTML, like Gecko; compatible; ClaudeBot/1.0; +claudebot@anthropic.com)"
216.73.216.87 - - [15/May/2026:12:49:02 +0000] "GET /sitemap.xml?rename=%2Fhome%2Fstagingimprouv%2Fpublic_html%2Fwp-content%2Flanguages%2Fen_GB-2617ce121227a46077ede6c69aa9fcb5.json HTTP/1.1" 200 7092 "-" "Mozilla/5.0 AppleWebKit/537.36 (KHTML, like Gecko; compatible; ClaudeBot/1.0; +claudebot@anthropic.com)"
216.73.216.87 - - [15/May/2026:12:49:03 +0000] "GET /sitemap.xml?file=%2Fhome%2Fstagingimprouv%2Fpublic_html%2Fwp-content%2Fuploads%2Fwoocommerce-placeholder-300x300.png HTTP/1.1" 200 472 "-" "Mozilla/5.0 AppleWebKit/537.36 (KHTML, like Gecko; compatible; ClaudeBot/1.0; +claudebot@anthropic.com)"
216.73.216.87 - - [15/May/2026:12:49:03 +0000] "GET /sitemap.xml?rename=%2Fhome%2Fstagingimprouv%2Fpublic_html%2Fwp-content%2Flanguages%2Fen_GB-0ce75ad2f775d1cac9696967d484808c.json HTTP/1.1" 200 7092 "-" "Mozilla/5.0 AppleWebKit/537.36 (KHTML, like Gecko; compatible; ClaudeBot/1.0; +claudebot@anthropic.com)"
216.73.216.87 - - [15/May/2026:12:49:03 +0000] "GET /sitemap.xml?rename=%2Fhome%2Fstagingimprouv%2Fpublic_html%2Fwp-content%2Flanguages%2Fen_GB-1a0cd6a7128913b15c1a10dd68951869.json HTTP/1.1" 200 7092 "-" "Mozilla/5.0 AppleWebKit/537.36 (KHTML, like Gecko; compatible; ClaudeBot/1.0; +claudebot@anthropic.com)"
74.7.243.230 - - [15/May/2026:12:49:03 +0000] "GET /keywords.html?file=/sys/devices/pci0000:00/0000:00:1f.0/driver/0000:00:1f.0/iTCO_wdt.1.auto/firmware_node/PNP0B00:00/subsystem/devices/ACPI0010:00/LNXCPU:00/physical_node/node0/cpu0/node0/cpu3/driver/cpu0/firmware_node/subsystem/devices/PNP0A08:00/device:44/subsystem/devices/PNP0A06:00/power/runtime_status HTTP/1.1" 200 180362 "https://staging.improuv.com/keywords.html?file=/sys/devices/pci0000:00/0000:00:1f.0/driver/0000:00:1f.0/iTCO_wdt.1.auto/firmware_node/PNP0B00:00/subsystem/devices/ACPI0010:00/LNXCPU:00/physical_node/node0/cpu0/node0/cpu3/driver/cpu0/firmware_node/subsystem/devices/PNP0A08:00/device:44/subsystem/devices/PNP0A06:00/power" "Mozilla/5.0 AppleWebKit/537.36 (KHTML, like Gecko; compatible; GPTBot/1.3; +https://openai.com/gptbot)"
216.73.216.87 - - [15/May/2026:12:49:04 +0000] "GET /sitemap.xml?rename=%2Fhome%2Fstagingimprouv%2Fpublic_html%2Fwp-content%2Flanguages%2Fen_GB-28b3c3d595952907e08d98287077426c.json HTTP/1.1" 200 7092 "-" "Mozilla/5.0 AppleWebKit/537.36 (KHTML, like Gecko; compatible; ClaudeBot/1.0; +claudebot@anthropic.com)"
216.73.216.87 - - [15/May/2026:12:49:04 +0000] "GET /sitemap.xml?file=%2Fhome%2Fstagingimprouv%2Fpublic_html%2Fwp-content%2Flanguages%2Fen_GB-2617ce121227a46077ede6c69aa9fcb5.json HTTP/1.1" 200 484 "-" "Mozilla/5.0 AppleWebKit/537.36 (KHTML, like Gecko; compatible; ClaudeBot/1.0; +claudebot@anthropic.com)"
216.73.216.87 - - [15/May/2026:12:49:05 +0000] "GET /sitemap.xml?view=%2Fhome%2Fstagingimprouv%2Fpublic_html%2Fwp-content%2Flanguages%2Fen_GB-aabfce98c410957228848dc581e3c420.json HTTP/1.1" 200 498 "-" "Mozilla/5.0 AppleWebKit/537.36 (KHTML, like Gecko; compatible; ClaudeBot/1.0; +claudebot@anthropic.com)"
216.73.216.87 - - [15/May/2026:12:49:04 +0000] "GET /sitemap.xml?rename=%2Fhome%2Fstagingimprouv%2Fpublic_html%2Fwp-content%2Flanguages%2Fen_GB-f70806bf0c7d62f2908bd5a1c3fe4efc.json HTTP/1.1" 200 7092 "-" "Mozilla/5.0 AppleWebKit/537.36 (KHTML, like Gecko; compatible; ClaudeBot/1.0; +claudebot@anthropic.com)"
216.73.216.87 - - [15/May/2026:12:49:05 +0000] "GET /sitemap.xml?rename=%2Fhome%2Fstagingimprouv%2Fpublic_html%2Fwp-content%2Fuploads%2Fwoocommerce-placeholder-768x768.png HTTP/1.1" 200 7066 "-" "Mozilla/5.0 AppleWebKit/537.36 (KHTML, like Gecko; compatible; ClaudeBot/1.0; +claudebot@anthropic.com)"
216.73.216.87 - - [15/May/2026:12:49:06 +0000] "GET /sitemap.xml?view=%2Fhome%2Fstagingimprouv%2Fpublic_html%2Fwp-content%2Flanguages%2Fen_GB-81c889563f09dd13de1701135dc62941.json HTTP/1.1" 200 942 "-" "Mozilla/5.0 AppleWebKit/537.36 (KHTML, like Gecko; compatible; ClaudeBot/1.0; +claudebot@anthropic.com)"
74.7.243.230 - - [15/May/2026:12:49:05 +0000] "GET /keywords.html?rename=/sys/devices/pci0000:00/0000:00:1f.0/driver/0000:00:1f.0/iTCO_wdt.1.auto/firmware_node/PNP0B00:00/subsystem/devices/ACPI0010:00/LNXCPU:00/physical_node/node0/cpu0/node0/cpu3/driver/cpu0/firmware_node/subsystem/devices/PNP0A08:00/device:44/subsystem/devices/PNP0A06:01/power/runtime_status HTTP/1.1" 200 186694 "https://staging.improuv.com/keywords.html?file=/sys/devices/pci0000:00/0000:00:1f.0/driver/0000:00:1f.0/iTCO_wdt.1.auto/firmware_node/PNP0B00:00/subsystem/devices/ACPI0010:00/LNXCPU:00/physical_node/node0/cpu0/node0/cpu3/driver/cpu0/firmware_node/subsystem/devices/PNP0A08:00/device:44/subsystem/devices/PNP0A06:01/power" "Mozilla/5.0 AppleWebKit/537.36 (KHTML, like Gecko; compatible; GPTBot/1.3; +https://openai.com/gptbot)"
216.73.216.87 - - [15/May/2026:12:49:06 +0000] "GET /sitemap.xml?rename=%2Fhome%2Fstagingimprouv%2Fpublic_html%2Fwp-content%2Flanguages%2Fen_GB-f575f481034e90e21d832e415fd95fcf.json HTTP/1.1" 200 7092 "-" "Mozilla/5.0 AppleWebKit/537.36 (KHTML, like Gecko; compatible; ClaudeBot/1.0; +claudebot@anthropic.com)"
216.73.216.87 - - [15/May/2026:12:49:06 +0000] "GET /sitemap.xml?rename=%2Fhome%2Fstagingimprouv%2Fpublic_html%2Fwp-content%2Flanguages%2Fen_GB-1bba9045bb07c89671c88a3f328548e8.json HTTP/1.1" 200 7092 "-" "Mozilla/5.0 AppleWebKit/537.36 (KHTML, like Gecko; compatible; ClaudeBot/1.0; +claudebot@anthropic.com)"
216.73.216.87 - - [15/May/2026:12:49:06 +0000] "GET /sitemap.xml?rename=%2Fhome%2Fstagingimprouv%2Fpublic_html%2Fwp-content%2Flanguages%2Fen_GB-4a38fe1c0c45989e44682ba6109d9f46.json HTTP/1.1" 200 7092 "-" "Mozilla/5.0 AppleWebKit/537.36 (KHTML, like Gecko; compatible; ClaudeBot/1.0; +claudebot@anthropic.com)"
216.73.216.87 - - [15/May/2026:12:49:06 +0000] "GET /sitemap.xml?file=%2Fhome%2Fstagingimprouv%2Fpublic_html%2Fwp-content%2Flanguages%2Fen_GB-0ce75ad2f775d1cac9696967d484808c.json HTTP/1.1" 200 484 "-" "Mozilla/5.0 AppleWebKit/537.36 (KHTML, like Gecko; compatible; ClaudeBot/1.0; +claudebot@anthropic.com)"
216.73.216.87 - - [15/May/2026:12:49:07 +0000] "GET /sitemap.xml?rename=%2Fhome%2Fstagingimprouv%2Fpublic_html%2Fwp-content%2Flanguages%2Fde_DE-17179a5f2930647c89151e365f843b6e.json HTTP/1.1" 200 7092 "-" "Mozilla/5.0 AppleWebKit/537.36 (KHTML, like Gecko; compatible; ClaudeBot/1.0; +claudebot@anthropic.com)"
216.73.216.87 - - [15/May/2026:12:49:07 +0000] "GET /sitemap.xml?file=%2Fhome%2Fstagingimprouv%2Fpublic_html%2Fwp-content%2Flanguages%2Fen_GB-1a0cd6a7128913b15c1a10dd68951869.json HTTP/1.1" 200 484 "-" "Mozilla/5.0 AppleWebKit/537.36 (KHTML, like Gecko; compatible; ClaudeBot/1.0; +claudebot@anthropic.com)"
92.205.107.223 - - [15/May/2026:12:49:08 +0000] "POST /wp-cron.php?doing_wp_cron=1778849348.7611479759216308593750 HTTP/1.1" 200 2411 "-" "WordPress/6.9.4; https://staging.improuv.com"
92.205.107.223 - - [15/May/2026:12:49:08 +0000] "POST /wp-cron.php?doing_wp_cron=1778849348.8846769332885742187500 HTTP/1.1" 200 3185 "-" "WordPress/6.9.4; https://staging.improuv.com"
92.205.107.223 - - [15/May/2026:12:49:09 +0000] "POST /wp-cron.php?doing_wp_cron=1778849349.0314989089965820312500 HTTP/1.1" 200 1920 "-" "WordPress/6.9.4; https://staging.improuv.com"
216.73.216.87 - - [15/May/2026:12:49:08 +0000] "GET /sitemap.xml?file=%2Fhome%2Fstagingimprouv%2Fpublic_html%2Fwp-content%2Flanguages%2Fen_GB-28b3c3d595952907e08d98287077426c.json HTTP/1.1" 200 484 "-" "Mozilla/5.0 AppleWebKit/537.36 (KHTML, like Gecko; compatible; ClaudeBot/1.0; +claudebot@anthropic.com)"
216.73.216.87 - - [15/May/2026:12:49:09 +0000] "GET /sitemap.xml?view=%2Fhome%2Fstagingimprouv%2Fpublic_html%2Fwp-content%2Fuploads%2Fwoocommerce-placeholder-300x300.png HTTP/1.1" 200 12321 "-" "Mozilla/5.0 AppleWebKit/537.36 (KHTML, like Gecko; compatible; ClaudeBot/1.0; +claudebot@anthropic.com)"
74.7.243.230 - - [15/May/2026:12:49:08 +0000] "GET /keywords.html?rename=/sys/devices/pci0000:00/0000:00:1f.0/driver/0000:00:1f.0/iTCO_wdt.1.auto/firmware_node/PNP0B00:00/subsystem/devices/ACPI0010:00/LNXCPU:00/physical_node/node0/cpu0/node0/cpu3/driver/cpu0/firmware_node/subsystem/devices/PNP0A08:00/device:42/subsystem/devices/PNP0A06:00/power/runtime_status HTTP/1.1" 200 186694 "https://staging.improuv.com/keywords.html?file=/sys/devices/pci0000:00/0000:00:1f.0/driver/0000:00:1f.0/iTCO_wdt.1.auto/firmware_node/PNP0B00:00/subsystem/devices/ACPI0010:00/LNXCPU:00/physical_node/node0/cpu0/node0/cpu3/driver/cpu0/firmware_node/subsystem/devices/PNP0A08:00/device:42/subsystem/devices/PNP0A06:00/power" "Mozilla/5.0 AppleWebKit/537.36 (KHTML, like Gecko; compatible; GPTBot/1.3; +https://openai.com/gptbot)"
92.205.107.223 - - [15/May/2026:12:49:10 +0000] "POST /wp-cron.php?doing_wp_cron=1778849349.9866719245910644531250 HTTP/1.1" 200 281 "-" "WordPress/6.9.4; https://staging.improuv.com"
216.73.216.87 - - [15/May/2026:12:49:09 +0000] "GET /sitemap.xml?rename=%2Fhome%2Fstagingimprouv%2Fpublic_html%2Fwp-content%2Flanguages%2Fen_GB-a9dc201dcd011fe71849743133052619.json HTTP/1.1" 200 7092 "-" "Mozilla/5.0 AppleWebKit/537.36 (KHTML, like Gecko; compatible; ClaudeBot/1.0; +claudebot@anthropic.com)"
216.73.216.87 - - [15/May/2026:12:49:08 +0000] "GET /sitemap.xml?rename=%2Fhome%2Fstagingimprouv%2Fpublic_html%2Fwp-content%2Flanguages%2Fen_GB-7233008897033de5ee0d14f86a42a65a.json HTTP/1.1" 200 7092 "-" "Mozilla/5.0 AppleWebKit/537.36 (KHTML, like Gecko; compatible; ClaudeBot/1.0; +claudebot@anthropic.com)"
216.73.216.87 - - [15/May/2026:12:49:09 +0000] "GET /sitemap.xml?rename=%2Fhome%2Fstagingimprouv%2Fpublic_html%2Fwp-content%2Fuploads%2Fwoocommerce-placeholder-150x150.png HTTP/1.1" 200 7066 "-" "Mozilla/5.0 AppleWebKit/537.36 (KHTML, like Gecko; compatible; ClaudeBot/1.0; +claudebot@anthropic.com)"
216.73.216.87 - - [15/May/2026:12:49:09 +0000] "GET /sitemap.xml?rename=%2Fhome%2Fstagingimprouv%2Fpublic_html%2Fwp-content%2Fuploads%2Fwoocommerce-placeholder-600x600.png HTTP/1.1" 200 7066 "-" "Mozilla/5.0 AppleWebKit/537.36 (KHTML, like Gecko; compatible; ClaudeBot/1.0; +claudebot@anthropic.com)"
92.205.107.223 - - [15/May/2026:12:49:11 +0000] "POST /wp-cron.php?doing_wp_cron=1778849351.6459360122680664062500 HTTP/1.1" 200 2411 "-" "WordPress/6.9.4; https://staging.improuv.com"
216.73.216.87 - - [15/May/2026:12:49:10 +0000] "GET /sitemap.xml?file=%2Fhome%2Fstagingimprouv%2Fpublic_html%2Fwp-content%2Flanguages%2Fen_GB-f70806bf0c7d62f2908bd5a1c3fe4efc.json HTTP/1.1" 200 484 "-" "Mozilla/5.0 AppleWebKit/537.36 (KHTML, like Gecko; compatible; ClaudeBot/1.0; +claudebot@anthropic.com)"
216.73.216.87 - - [15/May/2026:12:49:11 +0000] "GET /sitemap.xml?rename=%2Fhome%2Fstagingimprouv%2Fpublic_html%2Fwp-content%2Flanguages%2Fen_GB-7289286ed59e90a8f36ae797df62220b.json HTTP/1.1" 200 7092 "-" "Mozilla/5.0 AppleWebKit/537.36 (KHTML, like Gecko; compatible; ClaudeBot/1.0; +claudebot@anthropic.com)"
216.73.216.87 - - [15/May/2026:12:49:12 +0000] "GET /sitemap.xml?rename=%2Fhome%2Fstagingimprouv%2Fpublic_html%2Fwp-content%2Flanguages%2Fen_GB-f8f49d9fc4a9cf7d78ec99285417bd9c.json HTTP/1.1" 200 7092 "-" "Mozilla/5.0 AppleWebKit/537.36 (KHTML, like Gecko; compatible; ClaudeBot/1.0; +claudebot@anthropic.com)"
216.73.216.87 - - [15/May/2026:12:49:12 +0000] "GET /sitemap.xml?rename=%2Fhome%2Fstagingimprouv%2Fpublic_html%2Fwp-content%2Flanguages%2Fen_GB-9d47a87c240c1d10701cd6a02b28aa1b.json HTTP/1.1" 200 7092 "-" "Mozilla/5.0 AppleWebKit/537.36 (KHTML, like Gecko; compatible; ClaudeBot/1.0; +claudebot@anthropic.com)"
216.73.216.87 - - [15/May/2026:12:49:13 +0000] "GET /sitemap.xml?rename=%2Fhome%2Fstagingimprouv%2Fpublic_html%2Fwp-content%2Flanguages%2Fen_GB-2c5d274ea625dd91556554ad82901529.json HTTP/1.1" 200 7092 "-" "Mozilla/5.0 AppleWebKit/537.36 (KHTML, like Gecko; compatible; ClaudeBot/1.0; +claudebot@anthropic.com)"
216.73.216.87 - - [15/May/2026:12:49:13 +0000] "GET /sitemap.xml?file=%2Fhome%2Fstagingimprouv%2Fpublic_html%2Fwp-content%2Fuploads%2Fwoocommerce-placeholder-768x768.png HTTP/1.1" 200 472 "-" "Mozilla/5.0 AppleWebKit/537.36 (KHTML, like Gecko; compatible; ClaudeBot/1.0; +claudebot@anthropic.com)"
74.7.243.230 - - [15/May/2026:12:49:12 +0000] "GET /keywords.html?edit=/sys/devices/pci0000:00/0000:00:1f.0/driver/0000:00:1f.0/iTCO_wdt.1.auto/firmware_node/PNP0B00:00/subsystem/devices/ACPI0010:00/LNXCPU:00/physical_node/node0/cpu0/node0/cpu3/driver/cpu0/firmware_node/subsystem/devices/PNP0A08:00/device:44/subsystem/devices/PNP0C01:00/power/runtime_status HTTP/1.1" 200 186682 "https://staging.improuv.com/keywords.html?file=/sys/devices/pci0000:00/0000:00:1f.0/driver/0000:00:1f.0/iTCO_wdt.1.auto/firmware_node/PNP0B00:00/subsystem/devices/ACPI0010:00/LNXCPU:00/physical_node/node0/cpu0/node0/cpu3/driver/cpu0/firmware_node/subsystem/devices/PNP0A08:00/device:44/subsystem/devices/PNP0C01:00/power" "Mozilla/5.0 AppleWebKit/537.36 (KHTML, like Gecko; compatible; GPTBot/1.3; +https://openai.com/gptbot)"
216.73.216.87 - - [15/May/2026:12:49:13 +0000] "GET /sitemap.xml?rename=%2Fhome%2Fstagingimprouv%2Fpublic_html%2Fwp-content%2Fuploads%2Fwoocommerce-placeholder-100x100.png HTTP/1.1" 200 7066 "-" "Mozilla/5.0 AppleWebKit/537.36 (KHTML, like Gecko; compatible; ClaudeBot/1.0; +claudebot@anthropic.com)"
216.73.216.87 - - [15/May/2026:12:49:14 +0000] "GET /sitemap.xml?file=%2Fhome%2Fstagingimprouv%2Fpublic_html%2Fwp-content%2Flanguages%2Fen_GB-f575f481034e90e21d832e415fd95fcf.json HTTP/1.1" 200 484 "-" "Mozilla/5.0 AppleWebKit/537.36 (KHTML, like Gecko; compatible; ClaudeBot/1.0; +claudebot@anthropic.com)"
216.73.216.87 - - [15/May/2026:12:49:15 +0000] "GET /sitemap.xml HTTP/1.1" 200 6613 "-" "Mozilla/5.0 AppleWebKit/537.36 (KHTML, like Gecko; compatible; ClaudeBot/1.0; +claudebot@anthropic.com)"
216.73.216.87 - - [15/May/2026:12:49:15 +0000] "GET /sitemap.xml?edit=%2Fhome%2Fstagingimprouv%2Fpublic_html%2Fwp-content%2Flanguages%2Fen_GB-aabfce98c410957228848dc581e3c420.json HTTP/1.1" 200 7759 "-" "Mozilla/5.0 AppleWebKit/537.36 (KHTML, like Gecko; compatible; ClaudeBot/1.0; +claudebot@anthropic.com)"
74.7.243.230 - - [15/May/2026:12:49:16 +0000] "GET /keywords.html?file=/sys/devices/pci0000:00/0000:00:1f.0/driver/0000:00:1f.0/iTCO_wdt.1.auto/firmware_node/PNP0B00:00/subsystem/devices/ACPI0010:00/LNXCPU:00/physical_node/node0/cpu0/node0/cpu3/driver/cpu0/firmware_node/subsystem/devices/PNP0A08:00/device:44/subsystem/devices/PNP0C01:00/power/runtime_suspended_time HTTP/1.1" 200 180378 "https://staging.improuv.com/keywords.html?file=/sys/devices/pci0000:00/0000:00:1f.0/driver/0000:00:1f.0/iTCO_wdt.1.auto/firmware_node/PNP0B00:00/subsystem/devices/ACPI0010:00/LNXCPU:00/physical_node/node0/cpu0/node0/cpu3/driver/cpu0/firmware_node/subsystem/devices/PNP0A08:00/device:44/subsystem/devices/PNP0C01:00/power" "Mozilla/5.0 AppleWebKit/537.36 (KHTML, like Gecko; compatible; GPTBot/1.3; +https://openai.com/gptbot)"
74.7.243.230 - - [15/May/2026:12:49:18 +0000] "GET /keywords.html?edit=/sys/devices/pci0000:00/0000:00:1f.0/driver/0000:00:1f.0/iTCO_wdt.1.auto/firmware_node/PNP0B00:00/subsystem/devices/ACPI0010:00/LNXCPU:00/physical_node/node0/cpu0/node0/cpu3/driver/cpu0/firmware_node/subsystem/devices/PNP0A08:00/device:44/subsystem/devices/PNP0B00:00/power/runtime_status HTTP/1.1" 200 186682 "https://staging.improuv.com/keywords.html?file=/sys/devices/pci0000:00/0000:00:1f.0/driver/0000:00:1f.0/iTCO_wdt.1.auto/firmware_node/PNP0B00:00/subsystem/devices/ACPI0010:00/LNXCPU:00/physical_node/node0/cpu0/node0/cpu3/driver/cpu0/firmware_node/subsystem/devices/PNP0A08:00/device:44/subsystem/devices/PNP0B00:00/power" "Mozilla/5.0 AppleWebKit/537.36 (KHTML, like Gecko; compatible; GPTBot/1.3; +https://openai.com/gptbot)"
74.7.243.230 - - [15/May/2026:12:49:20 +0000] "GET /keywords.html?file=/sys/devices/pci0000:00/0000:00:1f.0/driver/0000:00:1f.0/iTCO_wdt.1.auto/firmware_node/PNP0B00:00/subsystem/devices/ACPI0010:00/LNXCPU:00/physical_node/node0/cpu0/node0/cpu3/driver/cpu0/firmware_node/subsystem/devices/PNP0A08:00/device:42/subsystem/devices/PNP0501:00/power/runtime_suspended_time HTTP/1.1" 200 180378 "https://staging.improuv.com/keywords.html?file=/sys/devices/pci0000:00/0000:00:1f.0/driver/0000:00:1f.0/iTCO_wdt.1.auto/firmware_node/PNP0B00:00/subsystem/devices/ACPI0010:00/LNXCPU:00/physical_node/node0/cpu0/node0/cpu3/driver/cpu0/firmware_node/subsystem/devices/PNP0A08:00/device:42/subsystem/devices/PNP0501:00/power" "Mozilla/5.0 AppleWebKit/537.36 (KHTML, like Gecko; compatible; GPTBot/1.3; +https://openai.com/gptbot)"
74.7.243.230 - - [15/May/2026:12:49:22 +0000] "GET /keywords.html?rename=/sys/devices/pci0000:00/0000:00:1f.0/driver/0000:00:1f.0/iTCO_wdt.1.auto/firmware_node/PNP0B00:00/subsystem/devices/ACPI0010:00/LNXCPU:00/physical_node/node0/cpu0/node0/cpu3/driver/cpu0/firmware_node/subsystem/devices/PNP0A08:00/device:44/subsystem/devices/PNP0A06:00/power/runtime_suspended_time HTTP/1.1" 200 186726 "https://staging.improuv.com/keywords.html?file=/sys/devices/pci0000:00/0000:00:1f.0/driver/0000:00:1f.0/iTCO_wdt.1.auto/firmware_node/PNP0B00:00/subsystem/devices/ACPI0010:00/LNXCPU:00/physical_node/node0/cpu0/node0/cpu3/driver/cpu0/firmware_node/subsystem/devices/PNP0A08:00/device:44/subsystem/devices/PNP0A06:00/power" "Mozilla/5.0 AppleWebKit/537.36 (KHTML, like Gecko; compatible; GPTBot/1.3; +https://openai.com/gptbot)"
74.7.243.230 - - [15/May/2026:12:49:24 +0000] "GET /keywords.html?edit=/sys/devices/pci0000:00/0000:00:1f.0/driver/0000:00:1f.0/iTCO_wdt.1.auto/firmware_node/PNP0B00:00/subsystem/devices/ACPI0010:00/LNXCPU:00/physical_node/node0/cpu0/node0/cpu3/driver/cpu0/firmware_node/subsystem/devices/PNP0A08:00/device:42/subsystem/devices/PNP0B00:00/power/autosuspend_delay_ms HTTP/1.1" 200 186688 "https://staging.improuv.com/keywords.html?file=/sys/devices/pci0000:00/0000:00:1f.0/driver/0000:00:1f.0/iTCO_wdt.1.auto/firmware_node/PNP0B00:00/subsystem/devices/ACPI0010:00/LNXCPU:00/physical_node/node0/cpu0/node0/cpu3/driver/cpu0/firmware_node/subsystem/devices/PNP0A08:00/device:42/subsystem/devices/PNP0B00:00/power" "Mozilla/5.0 AppleWebKit/537.36 (KHTML, like Gecko; compatible; GPTBot/1.3; +https://openai.com/gptbot)"
74.7.243.230 - - [15/May/2026:12:49:25 +0000] "GET /keywords.html?rename=/sys/devices/pci0000:00/0000:00:1f.0/driver/0000:00:1f.0/iTCO_wdt.1.auto/firmware_node/PNP0B00:00/subsystem/devices/ACPI0010:00/LNXCPU:00/physical_node/node0/cpu0/node0/cpu3/driver/cpu0/firmware_node/subsystem/devices/PNP0A08:00/device:42/subsystem/devices/PNP0501:00/power/runtime_active_time HTTP/1.1" 200 186714 "https://staging.improuv.com/keywords.html?file=/sys/devices/pci0000:00/0000:00:1f.0/driver/0000:00:1f.0/iTCO_wdt.1.auto/firmware_node/PNP0B00:00/subsystem/devices/ACPI0010:00/LNXCPU:00/physical_node/node0/cpu0/node0/cpu3/driver/cpu0/firmware_node/subsystem/devices/PNP0A08:00/device:42/subsystem/devices/PNP0501:00/power" "Mozilla/5.0 AppleWebKit/537.36 (KHTML, like Gecko; compatible; GPTBot/1.3; +https://openai.com/gptbot)"
74.7.243.230 - - [15/May/2026:12:49:27 +0000] "GET /keywords.html?file=/sys/devices/pci0000:00/0000:00:1f.0/driver/0000:00:1f.0/iTCO_wdt.1.auto/firmware_node/PNP0B00:00/subsystem/devices/ACPI0010:00/LNXCPU:00/physical_node/node0/cpu0/node0/cpu3/driver/cpu0/firmware_node/subsystem/devices/PNP0A08:00/device:42/subsystem/devices/PNP0303:00/power/runtime_suspended_time HTTP/1.1" 200 180378 "https://staging.improuv.com/keywords.html?file=/sys/devices/pci0000:00/0000:00:1f.0/driver/0000:00:1f.0/iTCO_wdt.1.auto/firmware_node/PNP0B00:00/subsystem/devices/ACPI0010:00/LNXCPU:00/physical_node/node0/cpu0/node0/cpu3/driver/cpu0/firmware_node/subsystem/devices/PNP0A08:00/device:42/subsystem/devices/PNP0303:00/power" "Mozilla/5.0 AppleWebKit/537.36 (KHTML, like Gecko; compatible; GPTBot/1.3; +https://openai.com/gptbot)"
74.7.243.230 - - [15/May/2026:12:49:29 +0000] "GET /keywords.html?edit=/sys/devices/pci0000:00/0000:00:1f.0/driver/0000:00:1f.0/iTCO_wdt.1.auto/firmware_node/PNP0B00:00/subsystem/devices/ACPI0010:00/LNXCPU:00/physical_node/node0/cpu0/node0/cpu3/driver/cpu0/firmware_node/subsystem/devices/PNP0A08:00/device:42/subsystem/devices/PNP0A06:00/power/runtime_status HTTP/1.1" 200 186682 "https://staging.improuv.com/keywords.html?file=/sys/devices/pci0000:00/0000:00:1f.0/driver/0000:00:1f.0/iTCO_wdt.1.auto/firmware_node/PNP0B00:00/subsystem/devices/ACPI0010:00/LNXCPU:00/physical_node/node0/cpu0/node0/cpu3/driver/cpu0/firmware_node/subsystem/devices/PNP0A08:00/device:42/subsystem/devices/PNP0A06:00/power" "Mozilla/5.0 AppleWebKit/537.36 (KHTML, like Gecko; compatible; GPTBot/1.3; +https://openai.com/gptbot)"
74.7.243.230 - - [15/May/2026:12:49:31 +0000] "GET /keywords.html?rename=/sys/devices/pci0000:00/0000:00:1f.0/driver/0000:00:1f.0/iTCO_wdt.1.auto/firmware_node/PNP0B00:00/subsystem/devices/ACPI0010:00/LNXCPU:00/physical_node/node0/cpu0/node0/cpu3/driver/cpu0/firmware_node/subsystem/devices/PNP0A08:00/device:42/subsystem/devices/PNP0303:00/power/runtime_suspended_time HTTP/1.1" 200 186726 "https://staging.improuv.com/keywords.html?file=/sys/devices/pci0000:00/0000:00:1f.0/driver/0000:00:1f.0/iTCO_wdt.1.auto/firmware_node/PNP0B00:00/subsystem/devices/ACPI0010:00/LNXCPU:00/physical_node/node0/cpu0/node0/cpu3/driver/cpu0/firmware_node/subsystem/devices/PNP0A08:00/device:42/subsystem/devices/PNP0303:00/power" "Mozilla/5.0 AppleWebKit/537.36 (KHTML, like Gecko; compatible; GPTBot/1.3; +https://openai.com/gptbot)"
74.7.243.230 - - [15/May/2026:12:49:33 +0000] "GET /keywords.html?edit=/sys/devices/pci0000:00/0000:00:1f.0/driver/0000:00:1f.0/iTCO_wdt.1.auto/firmware_node/PNP0B00:00/subsystem/devices/ACPI0010:00/LNXCPU:00/physical_node/node0/cpu0/node0/cpu3/driver/cpu0/firmware_node/subsystem/devices/PNP0A08:00/device:42/subsystem/devices/PNP0A06:01/power/runtime_suspended_time HTTP/1.1" 200 186696 "https://staging.improuv.com/keywords.html?file=/sys/devices/pci0000:00/0000:00:1f.0/driver/0000:00:1f.0/iTCO_wdt.1.auto/firmware_node/PNP0B00:00/subsystem/devices/ACPI0010:00/LNXCPU:00/physical_node/node0/cpu0/node0/cpu3/driver/cpu0/firmware_node/subsystem/devices/PNP0A08:00/device:42/subsystem/devices/PNP0A06:01/power" "Mozilla/5.0 AppleWebKit/537.36 (KHTML, like Gecko; compatible; GPTBot/1.3; +https://openai.com/gptbot)"
74.7.243.230 - - [15/May/2026:12:49:35 +0000] "GET /keywords.html?edit=/sys/devices/pci0000:00/0000:00:1f.0/driver/0000:00:1f.0/iTCO_wdt.1.auto/firmware_node/PNP0B00:00/subsystem/devices/ACPI0010:00/LNXCPU:00/physical_node/node0/cpu0/node0/cpu3/driver/cpu0/firmware_node/subsystem/devices/PNP0A08:00/device:44/subsystem/devices/PNP0B00:00/power/runtime_suspended_time HTTP/1.1" 200 186696 "https://staging.improuv.com/keywords.html?file=/sys/devices/pci0000:00/0000:00:1f.0/driver/0000:00:1f.0/iTCO_wdt.1.auto/firmware_node/PNP0B00:00/subsystem/devices/ACPI0010:00/LNXCPU:00/physical_node/node0/cpu0/node0/cpu3/driver/cpu0/firmware_node/subsystem/devices/PNP0A08:00/device:44/subsystem/devices/PNP0B00:00/power" "Mozilla/5.0 AppleWebKit/537.36 (KHTML, like Gecko; compatible; GPTBot/1.3; +https://openai.com/gptbot)"
74.7.243.230 - - [15/May/2026:12:49:37 +0000] "GET /keywords.html?edit=/sys/devices/pci0000:00/0000:00:1f.0/driver/0000:00:1f.0/iTCO_wdt.1.auto/firmware_node/PNP0B00:00/subsystem/devices/ACPI0010:00/LNXCPU:00/physical_node/node0/cpu0/node0/cpu3/driver/cpu0/firmware_node/subsystem/devices/PNP0A08:00/device:44/subsystem/devices/PNP0A06:01/power/runtime_suspended_time HTTP/1.1" 200 186696 "https://staging.improuv.com/keywords.html?file=/sys/devices/pci0000:00/0000:00:1f.0/driver/0000:00:1f.0/iTCO_wdt.1.auto/firmware_node/PNP0B00:00/subsystem/devices/ACPI0010:00/LNXCPU:00/physical_node/node0/cpu0/node0/cpu3/driver/cpu0/firmware_node/subsystem/devices/PNP0A08:00/device:44/subsystem/devices/PNP0A06:01/power" "Mozilla/5.0 AppleWebKit/537.36 (KHTML, like Gecko; compatible; GPTBot/1.3; +https://openai.com/gptbot)"
74.7.243.230 - - [15/May/2026:12:49:38 +0000] "GET /keywords.html?rename=/sys/devices/pci0000:00/0000:00:1f.0/driver/0000:00:1f.0/iTCO_wdt.1.auto/firmware_node/PNP0B00:00/subsystem/devices/ACPI0010:00/LNXCPU:00/physical_node/node0/cpu0/node0/cpu3/driver/cpu0/firmware_node/subsystem/devices/PNP0A08:00/device:44/subsystem/devices/PNP0A06:01/power/runtime_suspended_time HTTP/1.1" 200 186726 "https://staging.improuv.com/keywords.html?file=/sys/devices/pci0000:00/0000:00:1f.0/driver/0000:00:1f.0/iTCO_wdt.1.auto/firmware_node/PNP0B00:00/subsystem/devices/ACPI0010:00/LNXCPU:00/physical_node/node0/cpu0/node0/cpu3/driver/cpu0/firmware_node/subsystem/devices/PNP0A08:00/device:44/subsystem/devices/PNP0A06:01/power" "Mozilla/5.0 AppleWebKit/537.36 (KHTML, like Gecko; compatible; GPTBot/1.3; +https://openai.com/gptbot)"
74.7.243.230 - - [15/May/2026:12:49:40 +0000] "GET /keywords.html?rename=/sys/devices/pci0000:00/0000:00:1f.0/driver/0000:00:1f.0/iTCO_wdt.1.auto/firmware_node/PNP0B00:00/subsystem/devices/ACPI0010:00/LNXCPU:00/physical_node/node0/cpu0/node0/cpu3/driver/cpu0/firmware_node/subsystem/devices/PNP0A08:00/device:42/subsystem/devices/PNP0B00:00/power/autosuspend_delay_ms HTTP/1.1" 200 186718 "https://staging.improuv.com/keywords.html?file=/sys/devices/pci0000:00/0000:00:1f.0/driver/0000:00:1f.0/iTCO_wdt.1.auto/firmware_node/PNP0B00:00/subsystem/devices/ACPI0010:00/LNXCPU:00/physical_node/node0/cpu0/node0/cpu3/driver/cpu0/firmware_node/subsystem/devices/PNP0A08:00/device:42/subsystem/devices/PNP0B00:00/power" "Mozilla/5.0 AppleWebKit/537.36 (KHTML, like Gecko; compatible; GPTBot/1.3; +https://openai.com/gptbot)"
74.7.243.230 - - [15/May/2026:12:49:42 +0000] "GET /keywords.html?edit=/sys/devices/pci0000:00/0000:00:1f.0/driver/0000:00:1f.0/iTCO_wdt.1.auto/firmware_node/PNP0B00:00/subsystem/devices/ACPI0010:00/LNXCPU:00/physical_node/node0/cpu0/node0/cpu3/driver/cpu0/firmware_node/subsystem/devices/PNP0A08:00/device:42/subsystem/devices/PNP0B00:00/power/runtime_suspended_time HTTP/1.1" 200 186696 "https://staging.improuv.com/keywords.html?file=/sys/devices/pci0000:00/0000:00:1f.0/driver/0000:00:1f.0/iTCO_wdt.1.auto/firmware_node/PNP0B00:00/subsystem/devices/ACPI0010:00/LNXCPU:00/physical_node/node0/cpu0/node0/cpu3/driver/cpu0/firmware_node/subsystem/devices/PNP0A08:00/device:42/subsystem/devices/PNP0B00:00/power" "Mozilla/5.0 AppleWebKit/537.36 (KHTML, like Gecko; compatible; GPTBot/1.3; +https://openai.com/gptbot)"
74.7.243.230 - - [15/May/2026:12:49:44 +0000] "GET /keywords.html?rename=/sys/devices/pci0000:00/0000:00:1f.0/driver/0000:00:1f.0/iTCO_wdt.1.auto/firmware_node/PNP0B00:00/subsystem/devices/ACPI0010:00/LNXCPU:00/physical_node/node0/cpu0/node0/cpu3/driver/cpu0/firmware_node/subsystem/devices/PNP0A08:00/device:44/subsystem/devices/PNP0C01:00/power/runtime_suspended_time HTTP/1.1" 200 186726 "https://staging.improuv.com/keywords.html?file=/sys/devices/pci0000:00/0000:00:1f.0/driver/0000:00:1f.0/iTCO_wdt.1.auto/firmware_node/PNP0B00:00/subsystem/devices/ACPI0010:00/LNXCPU:00/physical_node/node0/cpu0/node0/cpu3/driver/cpu0/firmware_node/subsystem/devices/PNP0A08:00/device:44/subsystem/devices/PNP0C01:00/power" "Mozilla/5.0 AppleWebKit/537.36 (KHTML, like Gecko; compatible; GPTBot/1.3; +https://openai.com/gptbot)"
74.7.243.230 - - [15/May/2026:12:49:46 +0000] "GET /keywords.html?edit=/sys/devices/pci0000:00/0000:00:1f.0/driver/0000:00:1f.0/iTCO_wdt.1.auto/firmware_node/PNP0B00:00/subsystem/devices/ACPI0010:00/LNXCPU:00/physical_node/node0/cpu0/node0/cpu3/driver/cpu0/firmware_node/subsystem/devices/PNP0A08:00/device:44/subsystem/devices/PNP0A06:00/power/runtime_suspended_time HTTP/1.1" 200 186696 "https://staging.improuv.com/keywords.html?file=/sys/devices/pci0000:00/0000:00:1f.0/driver/0000:00:1f.0/iTCO_wdt.1.auto/firmware_node/PNP0B00:00/subsystem/devices/ACPI0010:00/LNXCPU:00/physical_node/node0/cpu0/node0/cpu3/driver/cpu0/firmware_node/subsystem/devices/PNP0A08:00/device:44/subsystem/devices/PNP0A06:00/power" "Mozilla/5.0 AppleWebKit/537.36 (KHTML, like Gecko; compatible; GPTBot/1.3; +https://openai.com/gptbot)"
74.7.243.230 - - [15/May/2026:12:49:48 +0000] "GET /keywords.html?rename=/sys/devices/pci0000:00/0000:00:1f.0/driver/0000:00:1f.0/iTCO_wdt.1.auto/firmware_node/PNP0B00:00/subsystem/devices/ACPI0010:00/LNXCPU:00/physical_node/node0/cpu0/node0/cpu3/driver/cpu0/firmware_node/subsystem/devices/PNP0A08:00/device:44/subsystem/devices/PNP0B00:00/power/runtime_suspended_time HTTP/1.1" 200 186726 "https://staging.improuv.com/keywords.html?file=/sys/devices/pci0000:00/0000:00:1f.0/driver/0000:00:1f.0/iTCO_wdt.1.auto/firmware_node/PNP0B00:00/subsystem/devices/ACPI0010:00/LNXCPU:00/physical_node/node0/cpu0/node0/cpu3/driver/cpu0/firmware_node/subsystem/devices/PNP0A08:00/device:44/subsystem/devices/PNP0B00:00/power" "Mozilla/5.0 AppleWebKit/537.36 (KHTML, like Gecko; compatible; GPTBot/1.3; +https://openai.com/gptbot)"
74.7.243.230 - - [15/May/2026:12:49:50 +0000] "GET /keywords.html?rename=/sys/devices/pci0000:00/0000:00:1f.0/driver/0000:00:1f.0/iTCO_wdt.1.auto/firmware_node/PNP0B00:00/subsystem/devices/ACPI0010:00/LNXCPU:00/physical_node/node0/cpu0/node0/cpu3/driver/cpu0/firmware_node/subsystem/devices/PNP0A08:00/device:44/subsystem/devices/PNP0A06:01/power/runtime_active_time HTTP/1.1" 200 186714 "https://staging.improuv.com/keywords.html?file=/sys/devices/pci0000:00/0000:00:1f.0/driver/0000:00:1f.0/iTCO_wdt.1.auto/firmware_node/PNP0B00:00/subsystem/devices/ACPI0010:00/LNXCPU:00/physical_node/node0/cpu0/node0/cpu3/driver/cpu0/firmware_node/subsystem/devices/PNP0A08:00/device:44/subsystem/devices/PNP0A06:01/power" "Mozilla/5.0 AppleWebKit/537.36 (KHTML, like Gecko; compatible; GPTBot/1.3; +https://openai.com/gptbot)"
74.7.243.230 - - [15/May/2026:12:49:51 +0000] "GET /keywords.html?file=/sys/devices/pci0000:00/0000:00:1f.0/driver/0000:00:1f.0/iTCO_wdt.1.auto/firmware_node/PNP0B00:00/subsystem/devices/ACPI0010:00/LNXCPU:00/physical_node/node0/cpu0/node0/cpu3/driver/cpu0/firmware_node/subsystem/devices/PNP0A08:00/device:44/subsystem/devices/PNP0501:00/power/runtime_suspended_time HTTP/1.1" 200 180378 "https://staging.improuv.com/keywords.html?file=/sys/devices/pci0000:00/0000:00:1f.0/driver/0000:00:1f.0/iTCO_wdt.1.auto/firmware_node/PNP0B00:00/subsystem/devices/ACPI0010:00/LNXCPU:00/physical_node/node0/cpu0/node0/cpu3/driver/cpu0/firmware_node/subsystem/devices/PNP0A08:00/device:44/subsystem/devices/PNP0501:00/power" "Mozilla/5.0 AppleWebKit/537.36 (KHTML, like Gecko; compatible; GPTBot/1.3; +https://openai.com/gptbot)"
74.7.243.230 - - [15/May/2026:12:49:53 +0000] "GET /keywords.html?file=/sys/devices/pci0000:00/0000:00:1f.0/driver/0000:00:1f.0/iTCO_wdt.1.auto/firmware_node/PNP0B00:00/subsystem/devices/ACPI0010:00/LNXCPU:00/physical_node/node0/cpu0/node0/cpu3/driver/cpu0/firmware_node/subsystem/devices/PNP0A08:00/device:42/subsystem/devices/PNP0A06:00/power/runtime_suspended_time HTTP/1.1" 200 180378 "https://staging.improuv.com/keywords.html?file=/sys/devices/pci0000:00/0000:00:1f.0/driver/0000:00:1f.0/iTCO_wdt.1.auto/firmware_node/PNP0B00:00/subsystem/devices/ACPI0010:00/LNXCPU:00/physical_node/node0/cpu0/node0/cpu3/driver/cpu0/firmware_node/subsystem/devices/PNP0A08:00/device:42/subsystem/devices/PNP0A06:00/power" "Mozilla/5.0 AppleWebKit/537.36 (KHTML, like Gecko; compatible; GPTBot/1.3; +https://openai.com/gptbot)"
74.7.243.230 - - [15/May/2026:12:49:55 +0000] "GET /keywords.html?rename=/sys/devices/pci0000:00/0000:00:1f.0/driver/0000:00:1f.0/iTCO_wdt.1.auto/firmware_node/PNP0B00:00/subsystem/devices/ACPI0010:00/LNXCPU:00/physical_node/node0/cpu0/node0/cpu3/driver/cpu0/firmware_node/subsystem/devices/PNP0A08:00/device:42/subsystem/devices/PNP0303:00/power/autosuspend_delay_ms HTTP/1.1" 200 186718 "https://staging.improuv.com/keywords.html?file=/sys/devices/pci0000:00/0000:00:1f.0/driver/0000:00:1f.0/iTCO_wdt.1.auto/firmware_node/PNP0B00:00/subsystem/devices/ACPI0010:00/LNXCPU:00/physical_node/node0/cpu0/node0/cpu3/driver/cpu0/firmware_node/subsystem/devices/PNP0A08:00/device:42/subsystem/devices/PNP0303:00/power" "Mozilla/5.0 AppleWebKit/537.36 (KHTML, like Gecko; compatible; GPTBot/1.3; +https://openai.com/gptbot)"
74.7.243.230 - - [15/May/2026:12:49:57 +0000] "GET /keywords.html?edit=/sys/devices/pci0000:00/0000:00:1f.0/driver/0000:00:1f.0/iTCO_wdt.1.auto/firmware_node/PNP0B00:00/subsystem/devices/ACPI0010:00/LNXCPU:00/physical_node/node0/cpu0/node0/cpu3/driver/cpu0/firmware_node/subsystem/devices/PNP0A08:00/device:42/subsystem/devices/PNP0C01:00/power/runtime_suspended_time HTTP/1.1" 200 186696 "https://staging.improuv.com/keywords.html?file=/sys/devices/pci0000:00/0000:00:1f.0/driver/0000:00:1f.0/iTCO_wdt.1.auto/firmware_node/PNP0B00:00/subsystem/devices/ACPI0010:00/LNXCPU:00/physical_node/node0/cpu0/node0/cpu3/driver/cpu0/firmware_node/subsystem/devices/PNP0A08:00/device:42/subsystem/devices/PNP0C01:00/power" "Mozilla/5.0 AppleWebKit/537.36 (KHTML, like Gecko; compatible; GPTBot/1.3; +https://openai.com/gptbot)"
74.7.243.230 - - [15/May/2026:12:49:58 +0000] "GET /keywords.html?rename=/sys/devices/pci0000:00/0000:00:1f.0/driver/0000:00:1f.0/iTCO_wdt.1.auto/firmware_node/PNP0B00:00/subsystem/devices/ACPI0010:00/LNXCPU:00/physical_node/node0/cpu0/node0/cpu3/driver/cpu0/firmware_node/subsystem/devices/PNP0A08:00/device:44/subsystem/devices/PNP0C01:00/power/runtime_status HTTP/1.1" 200 186694 "https://staging.improuv.com/keywords.html?file=/sys/devices/pci0000:00/0000:00:1f.0/driver/0000:00:1f.0/iTCO_wdt.1.auto/firmware_node/PNP0B00:00/subsystem/devices/ACPI0010:00/LNXCPU:00/physical_node/node0/cpu0/node0/cpu3/driver/cpu0/firmware_node/subsystem/devices/PNP0A08:00/device:44/subsystem/devices/PNP0C01:00/power" "Mozilla/5.0 AppleWebKit/537.36 (KHTML, like Gecko; compatible; GPTBot/1.3; +https://openai.com/gptbot)"
54.38.38.130 - - [15/May/2026:12:49:59 +0000] "GET /robots.txt HTTP/1.1" 200 6882 "-" "Mozilla/5.0 (compatible; MJ12bot/v1.4.8; http://mj12bot.com/)"
74.7.243.230 - - [15/May/2026:12:50:00 +0000] "GET /keywords.html?edit=/sys/devices/pci0000:00/0000:00:1f.0/driver/0000:00:1f.0/iTCO_wdt.1.auto/firmware_node/PNP0B00:00/subsystem/devices/ACPI0010:00/LNXCPU:00/physical_node/node0/cpu0/node0/cpu3/driver/cpu0/firmware_node/subsystem/devices/PNP0A08:00/device:42/subsystem/devices/PNP0303:00/power/autosuspend_delay_ms HTTP/1.1" 200 186688 "https://staging.improuv.com/keywords.html?file=/sys/devices/pci0000:00/0000:00:1f.0/driver/0000:00:1f.0/iTCO_wdt.1.auto/firmware_node/PNP0B00:00/subsystem/devices/ACPI0010:00/LNXCPU:00/physical_node/node0/cpu0/node0/cpu3/driver/cpu0/firmware_node/subsystem/devices/PNP0A08:00/device:42/subsystem/devices/PNP0303:00/power" "Mozilla/5.0 AppleWebKit/537.36 (KHTML, like Gecko; compatible; GPTBot/1.3; +https://openai.com/gptbot)"
54.38.38.130 - - [15/May/2026:12:50:02 +0000] "GET /en/blog/events/agile-tuesday-impact-mapping-%F0%9F%92%8D-opportunity-solution-tree-mit-buesra-coskuner-2/3/%3C?%3E HTTP/1.1" 200 186496 "-" "Mozilla/5.0 (compatible; MJ12bot/v1.4.8; http://mj12bot.com/)"
74.7.243.230 - - [15/May/2026:12:50:02 +0000] "GET /keywords.html?rename=/sys/devices/pci0000:00/0000:00:1f.0/driver/0000:00:1f.0/iTCO_wdt.1.auto/firmware_node/PNP0B00:00/subsystem/devices/ACPI0010:00/LNXCPU:00/physical_node/node0/cpu0/node0/cpu3/driver/cpu0/firmware_node/subsystem/devices/PNP0A08:00/device:44/subsystem/devices/PNP0303:00/power/runtime_active_time HTTP/1.1" 200 186714 "https://staging.improuv.com/keywords.html?file=/sys/devices/pci0000:00/0000:00:1f.0/driver/0000:00:1f.0/iTCO_wdt.1.auto/firmware_node/PNP0B00:00/subsystem/devices/ACPI0010:00/LNXCPU:00/physical_node/node0/cpu0/node0/cpu3/driver/cpu0/firmware_node/subsystem/devices/PNP0A08:00/device:44/subsystem/devices/PNP0303:00/power" "Mozilla/5.0 AppleWebKit/537.36 (KHTML, like Gecko; compatible; GPTBot/1.3; +https://openai.com/gptbot)"
74.7.243.230 - - [15/May/2026:12:50:04 +0000] "GET /keywords.html?rename=/sys/devices/pci0000:00/0000:00:1f.0/driver/0000:00:1f.0/iTCO_wdt.1.auto/firmware_node/PNP0B00:00/subsystem/devices/ACPI0010:00/LNXCPU:00/physical_node/node0/cpu0/node0/cpu3/driver/cpu0/firmware_node/subsystem/devices/PNP0A08:00/device:44/subsystem/devices/PNP0A06:00/power/runtime_status HTTP/1.1" 200 186694 "https://staging.improuv.com/keywords.html?file=/sys/devices/pci0000:00/0000:00:1f.0/driver/0000:00:1f.0/iTCO_wdt.1.auto/firmware_node/PNP0B00:00/subsystem/devices/ACPI0010:00/LNXCPU:00/physical_node/node0/cpu0/node0/cpu3/driver/cpu0/firmware_node/subsystem/devices/PNP0A08:00/device:44/subsystem/devices/PNP0A06:00/power" "Mozilla/5.0 AppleWebKit/537.36 (KHTML, like Gecko; compatible; GPTBot/1.3; +https://openai.com/gptbot)"
54.38.38.130 - - [15/May/2026:12:50:05 +0000] "GET /en/blog/events/agile-tuesday-impact-mapping-%F0%9F%92%8D-opportunity-solution-tree-mit-buesra-coskuner-2/3/?edit=/home/stagingimprouv/public_html/wp-content/themes/hello-elementor/assets/css/customizer.css HTTP/1.1" 200 8270 "-" "Mozilla/5.0 (compatible; MJ12bot/v1.4.8; http://mj12bot.com/)"
