216.73.216.87 - - [15/May/2026:12:43:27 +0000] "GET /%3C?edit=%2Fhome%2Fstagingimprouv%2Fpublic_html%2Fwp-content%2Fthemes%2Fhello-elementor%2Fincludes%2Fsettings-functions.php HTTP/1.1" 200 188125 "-" "Mozilla/5.0 AppleWebKit/537.36 (KHTML, like Gecko; compatible; ClaudeBot/1.0; +claudebot@anthropic.com)"
74.7.243.230 - - [15/May/2026:12:43:27 +0000] "GET /keywords.html?file=/sys/devices/pci0000:00/0000:00:1f.0/driver/0000:00:1f.0/iTCO_wdt.1.auto/firmware_node/PNP0B00:00/subsystem/devices/ACPI0010:00/LNXCPU:00/physical_node/node0/cpu0/node0/cpu3/driver/cpu0/firmware_node/subsystem/devices/PNP0A08:00/device:44/subsystem/devices/PNP0501:00/path HTTP/1.1" 200 180323 "https://staging.improuv.com/keywords.html?file=/sys/devices/pci0000:00/0000:00:1f.0/driver/0000:00:1f.0/iTCO_wdt.1.auto/firmware_node/PNP0B00:00/subsystem/devices/ACPI0010:00/LNXCPU:00/physical_node/node0/cpu0/node0/cpu3/driver/cpu0/firmware_node/subsystem/devices/PNP0A08:00/device:44/subsystem/devices/PNP0501:00" "Mozilla/5.0 AppleWebKit/537.36 (KHTML, like Gecko; compatible; GPTBot/1.3; +https://openai.com/gptbot)"
216.73.216.87 - - [15/May/2026:12:43:27 +0000] "GET /sitemap.xml?file=%2Fhome%2Fstagingimprouv%2Fpublic_html%2Fwp-content%2Fplugins%2Fduplicate-page HTTP/1.1" 200 2018 "-" "Mozilla/5.0 AppleWebKit/537.36 (KHTML, like Gecko; compatible; ClaudeBot/1.0; +claudebot@anthropic.com)"
216.73.216.87 - - [15/May/2026:12:43:27 +0000] "GET /sitemap.xml?edit=%2Fhome%2Fstagingimprouv%2Fpublic_html%2Fwp-content%2Flanguages%2Fadmin-de_DE.l10n.php HTTP/1.1" 200 623079 "-" "Mozilla/5.0 AppleWebKit/537.36 (KHTML, like Gecko; compatible; ClaudeBot/1.0; +claudebot@anthropic.com)"
216.73.216.87 - - [15/May/2026:12:43:28 +0000] "GET /sitemap.xml?edit=%2Fhome%2Fstagingimprouv%2Fpublic_html%2Fwp-content%2Flanguages%2Fadmin-network-de_DE.l10n.php HTTP/1.1" 200 63258 "-" "Mozilla/5.0 AppleWebKit/537.36 (KHTML, like Gecko; compatible; ClaudeBot/1.0; +claudebot@anthropic.com)"
216.73.216.87 - - [15/May/2026:12:43:28 +0000] "GET /%3C?file=%2Fhome%2Fstagingimprouv%2Fpublic_html%2Fwp-content%2Fthemes%2Fhello-elementor%2Fincludes%2Futils.php HTTP/1.1" 200 179736 "-" "Mozilla/5.0 AppleWebKit/537.36 (KHTML, like Gecko; compatible; ClaudeBot/1.0; +claudebot@anthropic.com)"
216.73.216.87 - - [15/May/2026:12:43:29 +0000] "GET /sitemap.xml?file=%2Fhome%2Fstagingimprouv%2Fpublic_html%2Fwp-content%2Fplugins%2Fpassword-protected HTTP/1.1" 200 4106 "-" "Mozilla/5.0 AppleWebKit/537.36 (KHTML, like Gecko; compatible; ClaudeBot/1.0; +claudebot@anthropic.com)"
216.73.216.87 - - [15/May/2026:12:43:30 +0000] "GET /%3C?rename=%27.%24file.%27 HTTP/1.1" 200 185787 "-" "Mozilla/5.0 AppleWebKit/537.36 (KHTML, like Gecko; compatible; ClaudeBot/1.0; +claudebot@anthropic.com)"
216.73.216.87 - - [15/May/2026:12:43:30 +0000] "GET /sitemap.xml?file=%2Fhome%2Fstagingimprouv%2Fpublic_html%2Fwp-content%2Fuploads%2Fwpcf7_uploads HTTP/1.1" 200 450 "-" "Mozilla/5.0 AppleWebKit/537.36 (KHTML, like Gecko; compatible; ClaudeBot/1.0; +claudebot@anthropic.com)"
216.73.216.87 - - [15/May/2026:12:43:30 +0000] "GET /sitemap.xml?view=%2Fhome%2Fstagingimprouv%2Fpublic_html%2Fwp-content%2Fmaintenance%2Ftemplate.phtml HTTP/1.1" 200 2488 "-" "Mozilla/5.0 AppleWebKit/537.36 (KHTML, like Gecko; compatible; ClaudeBot/1.0; +claudebot@anthropic.com)"
74.7.243.230 - - [15/May/2026:12:43:30 +0000] "GET /keywords.html?file=/sys/devices/pci0000:00/0000:00:1f.0/driver/0000:00:1f.0/iTCO_wdt.1.auto/firmware_node/PNP0B00:00/subsystem/devices/ACPI0010:00/LNXCPU:00/physical_node/node0/cpu0/node0/cpu3/driver/cpu0/firmware_node/subsystem/devices/PNP0A08:00/device:44/subsystem/devices/PNP0C0F:00/uid HTTP/1.1" 200 180321 "https://staging.improuv.com/keywords.html?file=/sys/devices/pci0000:00/0000:00:1f.0/driver/0000:00:1f.0/iTCO_wdt.1.auto/firmware_node/PNP0B00:00/subsystem/devices/ACPI0010:00/LNXCPU:00/physical_node/node0/cpu0/node0/cpu3/driver/cpu0/firmware_node/subsystem/devices/PNP0A08:00/device:44/subsystem/devices/PNP0C0F:00" "Mozilla/5.0 AppleWebKit/537.36 (KHTML, like Gecko; compatible; GPTBot/1.3; +https://openai.com/gptbot)"
216.73.216.87 - - [15/May/2026:12:43:30 +0000] "GET /sitemap.xml?rename=%2Fhome%2Fstagingimprouv%2Fpublic_html%2Fwp-blog-header.php HTTP/1.1" 200 6996 "-" "Mozilla/5.0 AppleWebKit/537.36 (KHTML, like Gecko; compatible; ClaudeBot/1.0; +claudebot@anthropic.com)"
216.73.216.87 - - [15/May/2026:12:43:30 +0000] "GET /%3C?rename=%2Fhome%2Fstagingimprouv%2Fpublic_html%2Fwp-content%2Fthemes%2Fhello-elementor%2Fincludes%2Fmodule-base.php HTTP/1.1" 200 186280 "-" "Mozilla/5.0 AppleWebKit/537.36 (KHTML, like Gecko; compatible; ClaudeBot/1.0; +claudebot@anthropic.com)"
216.73.216.87 - - [15/May/2026:12:43:31 +0000] "GET /'%20.%20get_site_url()%20.%20'/wp-content/uploads/2025/05/language_i.svg HTTP/1.1" 200 185704 "-" "Mozilla/5.0 AppleWebKit/537.36 (KHTML, like Gecko; compatible; ClaudeBot/1.0; +claudebot@anthropic.com)"
216.73.216.87 - - [15/May/2026:12:43:32 +0000] "GET /sitemap.xml?file=%2Fhome%2Fstagingimprouv%2Fpublic_html%2Fwp-config_sik.php HTTP/1.1" 200 416 "-" "Mozilla/5.0 AppleWebKit/537.36 (KHTML, like Gecko; compatible; ClaudeBot/1.0; +claudebot@anthropic.com)"
216.73.216.87 - - [15/May/2026:12:43:32 +0000] "GET /sitemap.xml?file=%2Fhome%2Fstagingimprouv%2Fpublic_html%2Fwp-links-opml.php HTTP/1.1" 200 416 "-" "Mozilla/5.0 AppleWebKit/537.36 (KHTML, like Gecko; compatible; ClaudeBot/1.0; +claudebot@anthropic.com)"
216.73.216.87 - - [15/May/2026:12:43:33 +0000] "GET /%3C?view=%2Fhome%2Fstagingimprouv%2Fpublic_html%2Fwp-content%2Fthemes%2Fhello-elementor%2Fincludes%2Futils.php HTTP/1.1" 200 3022 "-" "Mozilla/5.0 AppleWebKit/537.36 (KHTML, like Gecko; compatible; ClaudeBot/1.0; +claudebot@anthropic.com)"
216.73.216.87 - - [15/May/2026:12:43:32 +0000] "GET /sitemap.xml?file=%2Fhome%2Fstagingimprouv%2Fpublic_html%2Fwp-content%2Fplugins%2Fscript-4aec0f13-4aec0f13 HTTP/1.1" 200 1082 "-" "Mozilla/5.0 AppleWebKit/537.36 (KHTML, like Gecko; compatible; ClaudeBot/1.0; +claudebot@anthropic.com)"
216.73.216.87 - - [15/May/2026:12:43:33 +0000] "GET /sitemap.xml?file=%2Fhome%2Fstagingimprouv%2Fpublic_html%2Fwp-signup.php HTTP/1.1" 200 412 "-" "Mozilla/5.0 AppleWebKit/537.36 (KHTML, like Gecko; compatible; ClaudeBot/1.0; +claudebot@anthropic.com)"
74.7.243.230 - - [15/May/2026:12:43:33 +0000] "GET /keywords.html?rename=/sys/devices/pci0000:00/0000:00:1f.0/driver/0000:00:1f.0/iTCO_wdt.1.auto/firmware_node/PNP0B00:00/subsystem/devices/ACPI0010:00/LNXCPU:00/physical_node/node0/cpu0/node0/cpu3/driver/cpu0/firmware_node/subsystem/devices/PNP0A08:00/device:42/subsystem/devices/PNP0B00:00/path HTTP/1.1" 200 186641 "https://staging.improuv.com/keywords.html?file=/sys/devices/pci0000:00/0000:00:1f.0/driver/0000:00:1f.0/iTCO_wdt.1.auto/firmware_node/PNP0B00:00/subsystem/devices/ACPI0010:00/LNXCPU:00/physical_node/node0/cpu0/node0/cpu3/driver/cpu0/firmware_node/subsystem/devices/PNP0A08:00/device:42/subsystem/devices/PNP0B00:00" "Mozilla/5.0 AppleWebKit/537.36 (KHTML, like Gecko; compatible; GPTBot/1.3; +https://openai.com/gptbot)"
216.73.216.87 - - [15/May/2026:12:43:33 +0000] "GET /sitemap.xml?file=%2Fhome%2Fstagingimprouv%2Fpublic_html%2Freadme.html HTTP/1.1" 200 410 "-" "Mozilla/5.0 AppleWebKit/537.36 (KHTML, like Gecko; compatible; ClaudeBot/1.0; +claudebot@anthropic.com)"
216.73.216.87 - - [15/May/2026:12:43:34 +0000] "GET /sitemap.xml?edit=%2Fhome%2Fstagingimprouv%2Fpublic_html%2Fwp-content%2Fmaintenance%2Ftemplate.phtml HTTP/1.1" 200 10540 "-" "Mozilla/5.0 AppleWebKit/537.36 (KHTML, like Gecko; compatible; ClaudeBot/1.0; +claudebot@anthropic.com)"
216.73.216.87 - - [15/May/2026:12:43:34 +0000] "GET /%3C?file=%2Fhome%2Fstagingimprouv%2Fpublic_html%2Fwp-content%2Fthemes%2Fhello-elementor%2Fincludes%2Fmodule-base.php HTTP/1.1" 200 179748 "-" "Mozilla/5.0 AppleWebKit/537.36 (KHTML, like Gecko; compatible; ClaudeBot/1.0; +claudebot@anthropic.com)"
216.73.216.87 - - [15/May/2026:12:43:34 +0000] "GET /sitemap.xml?file=%2Fhome%2Fstagingimprouv%2Fpublic_html%2Fwp-content%2Fplugins%2Fwordpress-importer HTTP/1.1" 200 3402 "-" "Mozilla/5.0 AppleWebKit/537.36 (KHTML, like Gecko; compatible; ClaudeBot/1.0; +claudebot@anthropic.com)"
216.73.216.87 - - [15/May/2026:12:43:35 +0000] "GET /sitemap.xml?file=%2Fhome%2Fstagingimprouv%2Fpublic_html%2Fwp-content%2Fplugins%2Fbackup HTTP/1.1" 200 614 "-" "Mozilla/5.0 AppleWebKit/537.36 (KHTML, like Gecko; compatible; ClaudeBot/1.0; +claudebot@anthropic.com)"
216.73.216.87 - - [15/May/2026:12:43:35 +0000] "GET /sitemap.xml?file=%2Fhome%2Fstagingimprouv%2Fpublic_html%2Fwp-content%2Fplugins%2Fadvanced-custom-fields HTTP/1.1" 200 3954 "-" "Mozilla/5.0 AppleWebKit/537.36 (KHTML, like Gecko; compatible; ClaudeBot/1.0; +claudebot@anthropic.com)"
216.73.216.87 - - [15/May/2026:12:43:35 +0000] "GET /sitemap.xml?file=%2Fhome%2Fstagingimprouv%2Fpublic_html%2Fwp-blog-header.php HTTP/1.1" 200 417 "-" "Mozilla/5.0 AppleWebKit/537.36 (KHTML, like Gecko; compatible; ClaudeBot/1.0; +claudebot@anthropic.com)"
216.73.216.87 - - [15/May/2026:12:43:36 +0000] "GET /sitemap.xml?view=%2Fhome%2Fstagingimprouv%2Fpublic_html%2Fwp-config_sik.php HTTP/1.1" 200 3539 "-" "Mozilla/5.0 AppleWebKit/537.36 (KHTML, like Gecko; compatible; ClaudeBot/1.0; +claudebot@anthropic.com)"
74.7.243.230 - - [15/May/2026:12:43:35 +0000] "GET /keywords.html?file=/sys/devices/pci0000:00/0000:00:1f.0/driver/0000:00:1f.0/iTCO_wdt.1.auto/firmware_node/PNP0B00:00/subsystem/devices/ACPI0010:00/LNXCPU:00/physical_node/node0/cpu0/node0/cpu3/driver/cpu0/firmware_node/subsystem/devices/PNP0A08:00/device:42/subsystem/devices/PNP0303:00/power HTTP/1.1" 200 187080 "https://staging.improuv.com/keywords.html?file=/sys/devices/pci0000:00/0000:00:1f.0/driver/0000:00:1f.0/iTCO_wdt.1.auto/firmware_node/PNP0B00:00/subsystem/devices/ACPI0010:00/LNXCPU:00/physical_node/node0/cpu0/node0/cpu3/driver/cpu0/firmware_node/subsystem/devices/PNP0A08:00/device:42/subsystem/devices/PNP0303:00" "Mozilla/5.0 AppleWebKit/537.36 (KHTML, like Gecko; compatible; GPTBot/1.3; +https://openai.com/gptbot)"
216.73.216.87 - - [15/May/2026:12:43:37 +0000] "GET /sitemap.xml?view=%2Fhome%2Fstagingimprouv%2Fpublic_html%2Fwp-links-opml.php HTTP/1.1" 200 2493 "-" "Mozilla/5.0 AppleWebKit/537.36 (KHTML, like Gecko; compatible; ClaudeBot/1.0; +claudebot@anthropic.com)"
216.73.216.87 - - [15/May/2026:12:43:36 +0000] "GET /'%20.%20get_site_url()%20.%20'/wp-content/uploads/2025/05/quote.svg HTTP/1.1" 200 185704 "-" "Mozilla/5.0 AppleWebKit/537.36 (KHTML, like Gecko; compatible; ClaudeBot/1.0; +claudebot@anthropic.com)"
216.73.216.87 - - [15/May/2026:12:43:36 +0000] "GET /%3C?edit=%2Fhome%2Fstagingimprouv%2Fpublic_html%2Fwp-content%2Fthemes%2Fhello-elementor%2Fincludes%2Futils.php HTTP/1.1" 200 189695 "-" "Mozilla/5.0 AppleWebKit/537.36 (KHTML, like Gecko; compatible; ClaudeBot/1.0; +claudebot@anthropic.com)"
216.73.216.87 - - [15/May/2026:12:43:37 +0000] "GET /%3C?view=%2Fhome%2Fstagingimprouv%2Fpublic_html%2Fwp-content%2Fthemes%2Fhello-elementor%2Fincludes%2Fmodule-base.php HTTP/1.1" 200 6100 "-" "Mozilla/5.0 AppleWebKit/537.36 (KHTML, like Gecko; compatible; ClaudeBot/1.0; +claudebot@anthropic.com)"
216.73.216.87 - - [15/May/2026:12:43:37 +0000] "GET /sitemap.xml?view=%2Fhome%2Fstagingimprouv%2Fpublic_html%2Fwp-signup.php HTTP/1.1" 200 34516 "-" "Mozilla/5.0 AppleWebKit/537.36 (KHTML, like Gecko; compatible; ClaudeBot/1.0; +claudebot@anthropic.com)"
216.73.216.87 - - [15/May/2026:12:43:37 +0000] "GET /sitemap.xml?rename=%2Fhome%2Fstagingimprouv%2Fpublic_html%2Fwp-login.php HTTP/1.1" 200 6978 "-" "Mozilla/5.0 AppleWebKit/537.36 (KHTML, like Gecko; compatible; ClaudeBot/1.0; +claudebot@anthropic.com)"
216.73.216.87 - - [15/May/2026:12:43:37 +0000] "GET /%3C?rename=%2Fhome%2Fstagingimprouv%2Fpublic_html%2Fwp-content%2Fthemes%2Fhello-elementor%2Fincludes%2Fscript.php HTTP/1.1" 200 186260 "-" "Mozilla/5.0 AppleWebKit/537.36 (KHTML, like Gecko; compatible; ClaudeBot/1.0; +claudebot@anthropic.com)"
216.73.216.87 - - [15/May/2026:12:43:39 +0000] "GET /sitemap.xml?file=%2Fhome%2Fstagingimprouv%2Fpublic_html%2Fwp-content%2Fuploads%2Fastra-docs HTTP/1.1" 200 917 "-" "Mozilla/5.0 AppleWebKit/537.36 (KHTML, like Gecko; compatible; ClaudeBot/1.0; +claudebot@anthropic.com)"
216.73.216.87 - - [15/May/2026:12:43:39 +0000] "GET /sitemap.xml?view=%2Fhome%2Fstagingimprouv%2Fpublic_html%2Freadme.html HTTP/1.1" 200 7425 "-" "Mozilla/5.0 AppleWebKit/537.36 (KHTML, like Gecko; compatible; ClaudeBot/1.0; +claudebot@anthropic.com)"
216.73.216.87 - - [15/May/2026:12:43:39 +0000] "GET /%3C?file=%27.%24file.%27 HTTP/1.1" 200 179517 "-" "Mozilla/5.0 AppleWebKit/537.36 (KHTML, like Gecko; compatible; ClaudeBot/1.0; +claudebot@anthropic.com)"
216.73.216.87 - - [15/May/2026:12:43:39 +0000] "GET /sitemap.xml?file=%2Fhome%2Fstagingimprouv%2Fpublic_html%2Fwp-content%2Fplugins%2Fpolylang HTTP/1.1" 200 3458 "-" "Mozilla/5.0 AppleWebKit/537.36 (KHTML, like Gecko; compatible; ClaudeBot/1.0; +claudebot@anthropic.com)"
216.73.216.87 - - [15/May/2026:12:43:39 +0000] "GET /sitemap.xml?rename=%2Fhome%2Fstagingimprouv%2Fpublic_html%2Findex.php HTTP/1.1" 200 6969 "-" "Mozilla/5.0 AppleWebKit/537.36 (KHTML, like Gecko; compatible; ClaudeBot/1.0; +claudebot@anthropic.com)"
74.7.243.230 - - [15/May/2026:12:43:39 +0000] "GET /keywords.html?file=/sys/devices/pci0000:00/0000:00:1f.0/driver/0000:00:1f.0/iTCO_wdt.1.auto/firmware_node/PNP0B00:00/subsystem/devices/ACPI0010:00/LNXCPU:00/physical_node/node0/cpu0/node0/cpu3/driver/cpu0/firmware_node/subsystem/devices/PNP0A08:00/device:44/subsystem/devices/PNP0C0F:00/hid HTTP/1.1" 200 180321 "https://staging.improuv.com/keywords.html?file=/sys/devices/pci0000:00/0000:00:1f.0/driver/0000:00:1f.0/iTCO_wdt.1.auto/firmware_node/PNP0B00:00/subsystem/devices/ACPI0010:00/LNXCPU:00/physical_node/node0/cpu0/node0/cpu3/driver/cpu0/firmware_node/subsystem/devices/PNP0A08:00/device:44/subsystem/devices/PNP0C0F:00" "Mozilla/5.0 AppleWebKit/537.36 (KHTML, like Gecko; compatible; GPTBot/1.3; +https://openai.com/gptbot)"
216.73.216.87 - - [15/May/2026:12:43:40 +0000] "GET /sitemap.xml?rename=%2Fhome%2Fstagingimprouv%2Fpublic_html%2Fwp-config.php HTTP/1.1" 200 6981 "-" "Mozilla/5.0 AppleWebKit/537.36 (KHTML, like Gecko; compatible; ClaudeBot/1.0; +claudebot@anthropic.com)"
216.73.216.87 - - [15/May/2026:12:43:41 +0000] "GET /sitemap.xml?view=%2Fhome%2Fstagingimprouv%2Fpublic_html%2Fwp-blog-header.php HTTP/1.1" 200 351 "-" "Mozilla/5.0 AppleWebKit/537.36 (KHTML, like Gecko; compatible; ClaudeBot/1.0; +claudebot@anthropic.com)"
216.73.216.87 - - [15/May/2026:12:43:40 +0000] "GET /sitemap.xml?edit=%2Fhome%2Fstagingimprouv%2Fpublic_html%2Fwp-config_sik.php HTTP/1.1" 200 10977 "-" "Mozilla/5.0 AppleWebKit/537.36 (KHTML, like Gecko; compatible; ClaudeBot/1.0; +claudebot@anthropic.com)"
216.73.216.87 - - [15/May/2026:12:43:39 +0000] "GET /%3C?edit=%2Fhome%2Fstagingimprouv%2Fpublic_html%2Fwp-content%2Fthemes%2Fhello-elementor%2Fincludes%2Fmodule-base.php HTTP/1.1" 200 192581 "-" "Mozilla/5.0 AppleWebKit/537.36 (KHTML, like Gecko; compatible; ClaudeBot/1.0; +claudebot@anthropic.com)"
216.73.216.87 - - [15/May/2026:12:43:41 +0000] "GET /sitemap.xml?edit=%2Fhome%2Fstagingimprouv%2Fpublic_html%2Fwp-links-opml.php HTTP/1.1" 200 10017 "-" "Mozilla/5.0 AppleWebKit/537.36 (KHTML, like Gecko; compatible; ClaudeBot/1.0; +claudebot@anthropic.com)"
216.73.216.87 - - [15/May/2026:12:43:43 +0000] "GET /sitemap.xml?file=%2Fhome%2Fstagingimprouv%2Fpublic_html%2Fwp-content%2Fuploads%2Fwpallimport HTTP/1.1" 200 2100 "-" "Mozilla/5.0 AppleWebKit/537.36 (KHTML, like Gecko; compatible; ClaudeBot/1.0; +claudebot@anthropic.com)"
216.73.216.87 - - [15/May/2026:12:43:43 +0000] "GET /sitemap.xml?file=%2Fhome%2Fstagingimprouv%2Fpublic_html%2Fwp-content%2Fuploads%2Fwoocommerce_uploads HTTP/1.1" 200 967 "-" "Mozilla/5.0 AppleWebKit/537.36 (KHTML, like Gecko; compatible; ClaudeBot/1.0; +claudebot@anthropic.com)"
74.7.243.230 - - [15/May/2026:12:43:42 +0000] "GET /keywords.html?edit=/sys/devices/pci0000:00/0000:00:1f.0/driver/0000:00:1f.0/iTCO_wdt.1.auto/firmware_node/PNP0B00:00/subsystem/devices/ACPI0010:00/LNXCPU:00/physical_node/node0/cpu0/node0/cpu3/driver/cpu0/firmware_node/subsystem/devices/PNP0A08:00/device:42/subsystem/devices/PNP0501:00/path HTTP/1.1" 200 186648 "https://staging.improuv.com/keywords.html?file=/sys/devices/pci0000:00/0000:00:1f.0/driver/0000:00:1f.0/iTCO_wdt.1.auto/firmware_node/PNP0B00:00/subsystem/devices/ACPI0010:00/LNXCPU:00/physical_node/node0/cpu0/node0/cpu3/driver/cpu0/firmware_node/subsystem/devices/PNP0A08:00/device:42/subsystem/devices/PNP0501:00" "Mozilla/5.0 AppleWebKit/537.36 (KHTML, like Gecko; compatible; GPTBot/1.3; +https://openai.com/gptbot)"
216.73.216.87 - - [15/May/2026:12:43:43 +0000] "GET /sitemap.xml?view=%2Fhome%2Fstagingimprouv%2Fpublic_html%2Fwp-content%2Flanguages%2Fde_DE.l10n.php HTTP/1.1" 200 404847 "-" "Mozilla/5.0 AppleWebKit/537.36 (KHTML, like Gecko; compatible; ClaudeBot/1.0; +claudebot@anthropic.com)"
216.73.216.87 - - [15/May/2026:12:43:43 +0000] "GET /sitemap.xml?file=%2Fhome%2Fstagingimprouv%2Fpublic_html%2Fwp-content%2Flanguages%2Fadmin-network-de_DE.mo HTTP/1.1" 200 463 "-" "Mozilla/5.0 AppleWebKit/537.36 (KHTML, like Gecko; compatible; ClaudeBot/1.0; +claudebot@anthropic.com)"
216.73.216.87 - - [15/May/2026:12:43:43 +0000] "GET /sitemap.xml?file=%2Fhome%2Fstagingimprouv%2Fpublic_html%2Fwp-content%2Fuploads%2Fcookieyes HTTP/1.1" 200 588 "-" "Mozilla/5.0 AppleWebKit/537.36 (KHTML, like Gecko; compatible; ClaudeBot/1.0; +claudebot@anthropic.com)"
216.73.216.87 - - [15/May/2026:12:43:43 +0000] "GET /sitemap.xml?file=%2Fhome%2Fstagingimprouv%2Fpublic_html%2Fwp-content%2Fuploads%2Fsmack_uci_uploads HTTP/1.1" 200 600 "-" "Mozilla/5.0 AppleWebKit/537.36 (KHTML, like Gecko; compatible; ClaudeBot/1.0; +claudebot@anthropic.com)"
216.73.216.87 - - [15/May/2026:12:43:43 +0000] "GET /sitemap.xml?edit=%2Fhome%2Fstagingimprouv%2Fpublic_html%2Fwp-content%2Flanguages%2Fde_DE.mo HTTP/1.1" 200 519938 "-" "Mozilla/5.0 AppleWebKit/537.36 (KHTML, like Gecko; compatible; ClaudeBot/1.0; +claudebot@anthropic.com)"
216.73.216.87 - - [15/May/2026:12:43:43 +0000] "GET /%3C?file=%2Fhome%2Fstagingimprouv%2Fpublic_html%2Fwp-content%2Fthemes%2Fhello-elementor%2Fincludes%2Fsettings-functions.php HTTP/1.1" 200 179762 "-" "Mozilla/5.0 AppleWebKit/537.36 (KHTML, like Gecko; compatible; ClaudeBot/1.0; +claudebot@anthropic.com)"
216.73.216.87 - - [15/May/2026:12:43:45 +0000] "GET /sitemap.xml?rename=%2Fhome%2Fstagingimprouv%2Fpublic_html%2Fwp-content%2Fmaintenance%2Ftemplate.phtml HTTP/1.1" 200 7007 "-" "Mozilla/5.0 AppleWebKit/537.36 (KHTML, like Gecko; compatible; ClaudeBot/1.0; +claudebot@anthropic.com)"
216.73.216.87 - - [15/May/2026:12:43:46 +0000] "GET /%3C?view=%2Fhome%2Fstagingimprouv%2Fpublic_html%2Fwp-content%2Fthemes%2Findex.php HTTP/1.1" 200 28 "-" "Mozilla/5.0 AppleWebKit/537.36 (KHTML, like Gecko; compatible; ClaudeBot/1.0; +claudebot@anthropic.com)"
216.73.216.87 - - [15/May/2026:12:43:45 +0000] "GET /sitemap.xml?file=%2Fhome%2Fstagingimprouv%2Fpublic_html%2Fwp-content%2Fuploads%2F2017 HTTP/1.1" 200 564 "-" "Mozilla/5.0 AppleWebKit/537.36 (KHTML, like Gecko; compatible; ClaudeBot/1.0; +claudebot@anthropic.com)"
216.73.216.87 - - [15/May/2026:12:43:45 +0000] "GET /%3C?edit=%2Fhome%2Fstagingimprouv%2Fpublic_html%2Fwp-content%2Fthemes%2Fhello-elementor%2Fincludes%2Felementor-functions.php HTTP/1.1" 200 194555 "-" "Mozilla/5.0 AppleWebKit/537.36 (KHTML, like Gecko; compatible; ClaudeBot/1.0; +claudebot@anthropic.com)"
216.73.216.87 - - [15/May/2026:12:43:45 +0000] "GET /sitemap.xml?file=%2Fhome%2Fstagingimprouv%2Fpublic_html%2Fwp-content%2Flanguages%2Fadmin-de_DE.l10n.php HTTP/1.1" 200 461 "-" "Mozilla/5.0 AppleWebKit/537.36 (KHTML, like Gecko; compatible; ClaudeBot/1.0; +claudebot@anthropic.com)"
74.7.243.230 - - [15/May/2026:12:43:45 +0000] "GET /keywords.html?edit=/sys/devices/pci0000:00/0000:00:1f.0/driver/0000:00:1f.0/iTCO_wdt.1.auto/firmware_node/PNP0B00:00/subsystem/devices/ACPI0010:00/LNXCPU:00/physical_node/node0/cpu0/node0/cpu3/driver/cpu0/firmware_node/subsystem/devices/PNP0A08:00/device:44/subsystem/devices/PNP0501:00/hid HTTP/1.1" 200 186632 "https://staging.improuv.com/keywords.html?file=/sys/devices/pci0000:00/0000:00:1f.0/driver/0000:00:1f.0/iTCO_wdt.1.auto/firmware_node/PNP0B00:00/subsystem/devices/ACPI0010:00/LNXCPU:00/physical_node/node0/cpu0/node0/cpu3/driver/cpu0/firmware_node/subsystem/devices/PNP0A08:00/device:44/subsystem/devices/PNP0501:00" "Mozilla/5.0 AppleWebKit/537.36 (KHTML, like Gecko; compatible; GPTBot/1.3; +https://openai.com/gptbot)"
216.73.216.87 - - [15/May/2026:12:43:46 +0000] "GET /sitemap.xml?file=%2Fhome%2Fstagingimprouv%2Fpublic_html%2Fwp-content%2Flanguages%2Fadmin-network-de_DE.l10n.php HTTP/1.1" 200 469 "-" "Mozilla/5.0 AppleWebKit/537.36 (KHTML, like Gecko; compatible; ClaudeBot/1.0; +claudebot@anthropic.com)"
216.73.216.87 - - [15/May/2026:12:43:46 +0000] "GET /sitemap.xml?file=%2Fhome%2Fstagingimprouv%2Fpublic_html%2Fwp-content%2Fuploads%2F2020 HTTP/1.1" 200 1056 "-" "Mozilla/5.0 AppleWebKit/537.36 (KHTML, like Gecko; compatible; ClaudeBot/1.0; +claudebot@anthropic.com)"
216.73.216.87 - - [15/May/2026:12:43:48 +0000] "GET /sitemap.xml?view=%2Fhome%2Fstagingimprouv%2Fpublic_html%2Fwp-content%2Flanguages%2Fadmin-de_DE.mo HTTP/1.1" 200 574168 "-" "Mozilla/5.0 AppleWebKit/537.36 (KHTML, like Gecko; compatible; ClaudeBot/1.0; +claudebot@anthropic.com)"
216.73.216.87 - - [15/May/2026:12:43:48 +0000] "GET /sitemap.xml?view=%2Fhome%2Fstagingimprouv%2Fpublic_html%2Fwp-content%2Flanguages%2Fadmin-network-de_DE.mo HTTP/1.1" 200 52182 "-" "Mozilla/5.0 AppleWebKit/537.36 (KHTML, like Gecko; compatible; ClaudeBot/1.0; +claudebot@anthropic.com)"
216.73.216.87 - - [15/May/2026:12:43:47 +0000] "GET /sitemap.xml?edit=%2Fhome%2Fstagingimprouv%2Fpublic_html%2Fwp-content%2Flanguages%2Fde_DE.l10n.php HTTP/1.1" 200 524633 "-" "Mozilla/5.0 AppleWebKit/537.36 (KHTML, like Gecko; compatible; ClaudeBot/1.0; +claudebot@anthropic.com)"
216.73.216.87 - - [15/May/2026:12:43:47 +0000] "GET /sitemap.xml?file=%2Fhome%2Fstagingimprouv%2Fpublic_html%2Fwp-content%2Fuploads%2Fseedprod-help-docs HTTP/1.1" 200 1484 "-" "Mozilla/5.0 AppleWebKit/537.36 (KHTML, like Gecko; compatible; ClaudeBot/1.0; +claudebot@anthropic.com)"
216.73.216.87 - - [15/May/2026:12:43:48 +0000] "GET /sitemap.xml?file=%2Fhome%2Fstagingimprouv%2Fpublic_html%2Fwp-content%2Fplugins%2Fwoocommerce HTTP/1.1" 200 3801 "-" "Mozilla/5.0 AppleWebKit/537.36 (KHTML, like Gecko; compatible; ClaudeBot/1.0; +claudebot@anthropic.com)"
216.73.216.87 - - [15/May/2026:12:43:48 +0000] "GET /sitemap.xml?file=%2Fhome%2Fstagingimprouv%2Fpublic_html%2Fwp-content%2Fplugins%2Fpost-smtp HTTP/1.1" 200 2728 "-" "Mozilla/5.0 AppleWebKit/537.36 (KHTML, like Gecko; compatible; ClaudeBot/1.0; +claudebot@anthropic.com)"
216.73.216.87 - - [15/May/2026:12:43:48 +0000] "GET /sitemap.xml?file=%2Fhome%2Fstagingimprouv%2Fpublic_html%2Fwp-content%2Fplugins%2Fcustom-xml-importer HTTP/1.1" 200 1032 "-" "Mozilla/5.0 AppleWebKit/537.36 (KHTML, like Gecko; compatible; ClaudeBot/1.0; +claudebot@anthropic.com)"
216.73.216.87 - - [15/May/2026:12:43:50 +0000] "GET /%3C?view=%2Fhome%2Fstagingimprouv%2Fpublic_html%2Fwp-content%2Fthemes%2Fhello-elementor%2Fincludes%2Fsettings-functions.php HTTP/1.1" 200 1700 "-" "Mozilla/5.0 AppleWebKit/537.36 (KHTML, like Gecko; compatible; ClaudeBot/1.0; +claudebot@anthropic.com)"
216.73.216.87 - - [15/May/2026:12:43:49 +0000] "GET /sitemap.xml?file=%2Fhome%2Fstagingimprouv%2Fpublic_html%2Fwp-content%2Fplugins%2Femail-subscribers HTTP/1.1" 200 3792 "-" "Mozilla/5.0 AppleWebKit/537.36 (KHTML, like Gecko; compatible; ClaudeBot/1.0; +claudebot@anthropic.com)"
216.73.216.87 - - [15/May/2026:12:43:49 +0000] "GET /sitemap.xml?file=%2Fhome%2Fstagingimprouv%2Fpublic_html%2Fwp-content%2Fplugins%2Fconnect-polylang-elementor HTTP/1.1" 200 3208 "-" "Mozilla/5.0 AppleWebKit/537.36 (KHTML, like Gecko; compatible; ClaudeBot/1.0; +claudebot@anthropic.com)"
74.7.243.230 - - [15/May/2026:12:43:49 +0000] "GET /keywords.html?edit=/sys/devices/pci0000:00/0000:00:1f.0/driver/0000:00:1f.0/iTCO_wdt.1.auto/firmware_node/PNP0B00:00/subsystem/devices/ACPI0010:00/LNXCPU:00/physical_node/node0/cpu0/node0/cpu3/driver/cpu0/firmware_node/subsystem/devices/PNP0A08:00/device:42/subsystem/devices/PNP0501:00/hid HTTP/1.1" 200 186632 "https://staging.improuv.com/keywords.html?file=/sys/devices/pci0000:00/0000:00:1f.0/driver/0000:00:1f.0/iTCO_wdt.1.auto/firmware_node/PNP0B00:00/subsystem/devices/ACPI0010:00/LNXCPU:00/physical_node/node0/cpu0/node0/cpu3/driver/cpu0/firmware_node/subsystem/devices/PNP0A08:00/device:42/subsystem/devices/PNP0501:00" "Mozilla/5.0 AppleWebKit/537.36 (KHTML, like Gecko; compatible; GPTBot/1.3; +https://openai.com/gptbot)"
216.73.216.87 - - [15/May/2026:12:43:50 +0000] "GET /sitemap.xml?file=%2Fhome%2Fstagingimprouv%2Fpublic_html%2Fwp-content%2Fplugins%2Fwp-file-manager HTTP/1.1" 200 2973 "-" "Mozilla/5.0 AppleWebKit/537.36 (KHTML, like Gecko; compatible; ClaudeBot/1.0; +claudebot@anthropic.com)"
216.73.216.87 - - [15/May/2026:12:43:50 +0000] "GET /sitemap.xml?file=%2Fhome%2Fstagingimprouv%2Fpublic_html%2Fwp-content%2Fplugins%2Felementor-pro HTTP/1.1" 200 5061 "-" "Mozilla/5.0 AppleWebKit/537.36 (KHTML, like Gecko; compatible; ClaudeBot/1.0; +claudebot@anthropic.com)"
216.73.216.87 - - [15/May/2026:12:43:51 +0000] "GET /sitemap.xml?view=%2Fhome%2Fstagingimprouv%2Fpublic_html%2Fwp-content%2Flanguages%2Fadmin-de_DE.l10n.php HTTP/1.1" 200 253632 "-" "Mozilla/5.0 AppleWebKit/537.36 (KHTML, like Gecko; compatible; ClaudeBot/1.0; +claudebot@anthropic.com)"
216.73.216.87 - - [15/May/2026:12:43:51 +0000] "GET /'%20.%20esc_url($product_url)%20.%20' HTTP/1.1" 200 6613 "-" "Mozilla/5.0 AppleWebKit/537.36 (KHTML, like Gecko; compatible; ClaudeBot/1.0; +claudebot@anthropic.com)"
216.73.216.87 - - [15/May/2026:12:43:50 +0000] "GET /%3C?rename=%2Fhome%2Fstagingimprouv%2Fpublic_html%2Fwp-content%2Fthemes%2Fhello-elementor%2Fincludes%2Futils.php HTTP/1.1" 200 186256 "-" "Mozilla/5.0 AppleWebKit/537.36 (KHTML, like Gecko; compatible; ClaudeBot/1.0; +claudebot@anthropic.com)"
216.73.216.87 - - [15/May/2026:12:43:51 +0000] "GET /%3C?edit=%2Fhome%2Fstagingimprouv%2Fpublic_html%2Fwp-content%2Fthemes%2Findex.php HTTP/1.1" 200 186216 "-" "Mozilla/5.0 AppleWebKit/537.36 (KHTML, like Gecko; compatible; ClaudeBot/1.0; +claudebot@anthropic.com)"
216.73.216.87 - - [15/May/2026:12:43:52 +0000] "GET /%3C?file=%2Fhome%2Fstagingimprouv%2Fpublic_html%2Fwp-content HTTP/1.1" 200 182252 "-" "Mozilla/5.0 AppleWebKit/537.36 (KHTML, like Gecko; compatible; ClaudeBot/1.0; +claudebot@anthropic.com)"
216.73.216.87 - - [15/May/2026:12:43:52 +0000] "GET /sitemap.xml?file=%2Fhome%2Fstagingimprouv%2Fpublic_html%2Fwp-content%2Fmaintenance%2Ftemplate.phtml HTTP/1.1" 200 459 "-" "Mozilla/5.0 AppleWebKit/537.36 (KHTML, like Gecko; compatible; ClaudeBot/1.0; +claudebot@anthropic.com)"
216.73.216.87 - - [15/May/2026:12:43:52 +0000] "GET /sitemap.xml?file=%2Fhome%2Fstagingimprouv%2Fpublic_html%2Fwp-content%2Fplugins%2Felementor HTTP/1.1" 200 4574 "-" "Mozilla/5.0 AppleWebKit/537.36 (KHTML, like Gecko; compatible; ClaudeBot/1.0; +claudebot@anthropic.com)"
216.73.216.87 - - [15/May/2026:12:43:53 +0000] "GET /sitemap.xml?rename=%2Fhome%2Fstagingimprouv%2Fpublic_html%2Fwp-config_sik.php HTTP/1.1" 200 6993 "-" "Mozilla/5.0 AppleWebKit/537.36 (KHTML, like Gecko; compatible; ClaudeBot/1.0; +claudebot@anthropic.com)"
74.7.243.230 - - [15/May/2026:12:43:53 +0000] "GET /keywords.html?edit=/sys/devices/pci0000:00/0000:00:1f.0/driver/0000:00:1f.0/iTCO_wdt.1.auto/firmware_node/PNP0B00:00/subsystem/devices/ACPI0010:00/LNXCPU:00/physical_node/node0/cpu0/node0/cpu3/driver/cpu0/firmware_node/subsystem/devices/PNP0A08:00/device:42/subsystem/devices/PNP0A06:00/uevent HTTP/1.1" 200 186656 "https://staging.improuv.com/keywords.html?file=/sys/devices/pci0000:00/0000:00:1f.0/driver/0000:00:1f.0/iTCO_wdt.1.auto/firmware_node/PNP0B00:00/subsystem/devices/ACPI0010:00/LNXCPU:00/physical_node/node0/cpu0/node0/cpu3/driver/cpu0/firmware_node/subsystem/devices/PNP0A08:00/device:42/subsystem/devices/PNP0A06:00" "Mozilla/5.0 AppleWebKit/537.36 (KHTML, like Gecko; compatible; GPTBot/1.3; +https://openai.com/gptbot)"
74.7.243.230 - - [15/May/2026:12:43:55 +0000] "GET /keywords.html?edit=/sys/devices/pci0000:00/0000:00:1f.0/driver/0000:00:1f.0/iTCO_wdt.1.auto/firmware_node/PNP0B00:00/subsystem/devices/ACPI0010:00/LNXCPU:00/physical_node/node0/cpu0/node0/cpu3/driver/cpu0/firmware_node/subsystem/devices/PNP0A08:00/device:42/subsystem/devices/PNP0303:00/path HTTP/1.1" 200 186648 "https://staging.improuv.com/keywords.html?file=/sys/devices/pci0000:00/0000:00:1f.0/driver/0000:00:1f.0/iTCO_wdt.1.auto/firmware_node/PNP0B00:00/subsystem/devices/ACPI0010:00/LNXCPU:00/physical_node/node0/cpu0/node0/cpu3/driver/cpu0/firmware_node/subsystem/devices/PNP0A08:00/device:42/subsystem/devices/PNP0303:00" "Mozilla/5.0 AppleWebKit/537.36 (KHTML, like Gecko; compatible; GPTBot/1.3; +https://openai.com/gptbot)"
74.7.243.230 - - [15/May/2026:12:43:57 +0000] "GET /keywords.html?edit=/sys/devices/pci0000:00/0000:00:1f.0/driver/0000:00:1f.0/iTCO_wdt.1.auto/firmware_node/PNP0B00:00/subsystem/devices/ACPI0010:00/LNXCPU:00/physical_node/node0/cpu0/node0/cpu3/driver/cpu0/firmware_node/subsystem/devices/PNP0A08:00/device:44/subsystem/devices/PNP0303:00/uevent HTTP/1.1" 200 186656 "https://staging.improuv.com/keywords.html?file=/sys/devices/pci0000:00/0000:00:1f.0/driver/0000:00:1f.0/iTCO_wdt.1.auto/firmware_node/PNP0B00:00/subsystem/devices/ACPI0010:00/LNXCPU:00/physical_node/node0/cpu0/node0/cpu3/driver/cpu0/firmware_node/subsystem/devices/PNP0A08:00/device:44/subsystem/devices/PNP0303:00" "Mozilla/5.0 AppleWebKit/537.36 (KHTML, like Gecko; compatible; GPTBot/1.3; +https://openai.com/gptbot)"
74.7.243.230 - - [15/May/2026:12:43:59 +0000] "GET /keywords.html?edit=/sys/devices/pci0000:00/0000:00:1f.0/driver/0000:00:1f.0/iTCO_wdt.1.auto/firmware_node/PNP0B00:00/subsystem/devices/ACPI0010:00/LNXCPU:00/physical_node/node0/cpu0/node0/cpu3/driver/cpu0/firmware_node/subsystem/devices/PNP0A08:00/device:44/subsystem/devices/PNP0303:00/hid HTTP/1.1" 200 186632 "https://staging.improuv.com/keywords.html?file=/sys/devices/pci0000:00/0000:00:1f.0/driver/0000:00:1f.0/iTCO_wdt.1.auto/firmware_node/PNP0B00:00/subsystem/devices/ACPI0010:00/LNXCPU:00/physical_node/node0/cpu0/node0/cpu3/driver/cpu0/firmware_node/subsystem/devices/PNP0A08:00/device:44/subsystem/devices/PNP0303:00" "Mozilla/5.0 AppleWebKit/537.36 (KHTML, like Gecko; compatible; GPTBot/1.3; +https://openai.com/gptbot)"
74.7.243.230 - - [15/May/2026:12:44:01 +0000] "GET /keywords.html?file=/sys/devices/pci0000:00/0000:00:1f.0/driver/0000:00:1f.0/iTCO_wdt.1.auto/firmware_node/PNP0B00:00/subsystem/devices/ACPI0010:00/LNXCPU:00/physical_node/node0/cpu0/node0/cpu3/driver/cpu0/firmware_node/subsystem/devices/PNP0A08:00/device:44/subsystem/devices/PNP0303:00/power HTTP/1.1" 200 187080 "https://staging.improuv.com/keywords.html?file=/sys/devices/pci0000:00/0000:00:1f.0/driver/0000:00:1f.0/iTCO_wdt.1.auto/firmware_node/PNP0B00:00/subsystem/devices/ACPI0010:00/LNXCPU:00/physical_node/node0/cpu0/node0/cpu3/driver/cpu0/firmware_node/subsystem/devices/PNP0A08:00/device:44/subsystem/devices/PNP0303:00" "Mozilla/5.0 AppleWebKit/537.36 (KHTML, like Gecko; compatible; GPTBot/1.3; +https://openai.com/gptbot)"
74.7.243.230 - - [15/May/2026:12:44:03 +0000] "GET /keywords.html?rename=/sys/devices/pci0000:00/0000:00:1f.0/driver/0000:00:1f.0/iTCO_wdt.1.auto/firmware_node/PNP0B00:00/subsystem/devices/ACPI0010:00/LNXCPU:00/physical_node/node0/cpu0/node0/cpu3/driver/cpu0/firmware_node/subsystem/devices/PNP0A08:00/device:44/subsystem/devices/PNP0303:00/path HTTP/1.1" 200 186641 "https://staging.improuv.com/keywords.html?file=/sys/devices/pci0000:00/0000:00:1f.0/driver/0000:00:1f.0/iTCO_wdt.1.auto/firmware_node/PNP0B00:00/subsystem/devices/ACPI0010:00/LNXCPU:00/physical_node/node0/cpu0/node0/cpu3/driver/cpu0/firmware_node/subsystem/devices/PNP0A08:00/device:44/subsystem/devices/PNP0303:00" "Mozilla/5.0 AppleWebKit/537.36 (KHTML, like Gecko; compatible; GPTBot/1.3; +https://openai.com/gptbot)"
74.7.243.230 - - [15/May/2026:12:44:04 +0000] "GET /keywords.html?file=/sys/devices/pci0000:00/0000:00:1f.0/driver/0000:00:1f.0/iTCO_wdt.1.auto/firmware_node/PNP0B00:00/subsystem/devices/ACPI0010:00/LNXCPU:00/physical_node/node0/cpu0/node0/cpu3/driver/cpu0/firmware_node/subsystem/devices/PNP0A08:00/device:44/subsystem/devices/PNP0303:00/path HTTP/1.1" 200 180323 "https://staging.improuv.com/keywords.html?file=/sys/devices/pci0000:00/0000:00:1f.0/driver/0000:00:1f.0/iTCO_wdt.1.auto/firmware_node/PNP0B00:00/subsystem/devices/ACPI0010:00/LNXCPU:00/physical_node/node0/cpu0/node0/cpu3/driver/cpu0/firmware_node/subsystem/devices/PNP0A08:00/device:44/subsystem/devices/PNP0303:00" "Mozilla/5.0 AppleWebKit/537.36 (KHTML, like Gecko; compatible; GPTBot/1.3; +https://openai.com/gptbot)"
92.205.107.223 - - [15/May/2026:12:44:06 +0000] "POST /wp-cron.php?doing_wp_cron=1778849046.1075179576873779296875 HTTP/1.1" 200 - "-" "WordPress/6.9.4; https://staging.improuv.com"
216.73.216.87 - - [15/May/2026:12:44:06 +0000] "GET /sitemap.xml?view=%2Fhome%2Fstagingimprouv%2Fpublic_html%2Fwp-content%2Flanguages%2Fadmin-en_GB.l10n.php HTTP/1.1" 200 458089 "-" "Mozilla/5.0 AppleWebKit/537.36 (KHTML, like Gecko; compatible; ClaudeBot/1.0; +claudebot@anthropic.com)"
216.73.216.87 - - [15/May/2026:12:44:05 +0000] "GET /sitemap.xml?edit=%2Fhome%2Fstagingimprouv%2Fpublic_html%2Fwp-content%2Flanguages%2Fadmin-en_GB.mo HTTP/1.1" 200 565521 "-" "Mozilla/5.0 AppleWebKit/537.36 (KHTML, like Gecko; compatible; ClaudeBot/1.0; +claudebot@anthropic.com)"
74.7.243.230 - - [15/May/2026:12:44:06 +0000] "GET /keywords.html?edit=/sys/devices/pci0000:00/0000:00:1f.0/driver/0000:00:1f.0/iTCO_wdt.1.auto/firmware_node/PNP0B00:00/subsystem/devices/ACPI0010:00/LNXCPU:00/physical_node/node0/cpu0/node0/cpu3/driver/cpu0/firmware_node/subsystem/devices/PNP0A08:00/device:42/subsystem/devices/PNP0501:00/uevent HTTP/1.1" 200 186656 "https://staging.improuv.com/keywords.html?file=/sys/devices/pci0000:00/0000:00:1f.0/driver/0000:00:1f.0/iTCO_wdt.1.auto/firmware_node/PNP0B00:00/subsystem/devices/ACPI0010:00/LNXCPU:00/physical_node/node0/cpu0/node0/cpu3/driver/cpu0/firmware_node/subsystem/devices/PNP0A08:00/device:42/subsystem/devices/PNP0501:00" "Mozilla/5.0 AppleWebKit/537.36 (KHTML, like Gecko; compatible; GPTBot/1.3; +https://openai.com/gptbot)"
216.73.216.87 - - [15/May/2026:12:44:07 +0000] "GET /sitemap.xml?file=%2Fhome%2Fstagingimprouv%2Fpublic_html%2Fwp-content%2Fuploads%2Fwc-logs HTTP/1.1" 200 29492 "-" "Mozilla/5.0 AppleWebKit/537.36 (KHTML, like Gecko; compatible; ClaudeBot/1.0; +claudebot@anthropic.com)"
216.73.216.87 - - [15/May/2026:12:44:07 +0000] "GET /sitemap.xml?edit=%2Fhome%2Fstagingimprouv%2Fpublic_html%2Fwp-content%2Flanguages%2Fadmin-network-en_GB.mo HTTP/1.1" 200 56699 "-" "Mozilla/5.0 AppleWebKit/537.36 (KHTML, like Gecko; compatible; ClaudeBot/1.0; +claudebot@anthropic.com)"
216.73.216.87 - - [15/May/2026:12:44:07 +0000] "GET /sitemap.xml?view=%2Fhome%2Fstagingimprouv%2Fpublic_html%2Fwp-content%2Flanguages%2Fadmin-network-en_GB.l10n.php HTTP/1.1" 200 40385 "-" "Mozilla/5.0 AppleWebKit/537.36 (KHTML, like Gecko; compatible; ClaudeBot/1.0; +claudebot@anthropic.com)"
216.73.216.87 - - [15/May/2026:12:44:07 +0000] "GET /sitemap.xml?file=%2Fhome%2Fstagingimprouv%2Fpublic_html%2Fwp-content%2Fplugins%2Fwoocommerce-payments HTTP/1.1" 200 3926 "-" "Mozilla/5.0 AppleWebKit/537.36 (KHTML, like Gecko; compatible; ClaudeBot/1.0; +claudebot@anthropic.com)"
216.73.216.87 - - [15/May/2026:12:44:07 +0000] "GET /%3C?file=%27.updir%28%24path%29.%27 HTTP/1.1" 200 179531 "-" "Mozilla/5.0 AppleWebKit/537.36 (KHTML, like Gecko; compatible; ClaudeBot/1.0; +claudebot@anthropic.com)"
216.73.216.87 - - [15/May/2026:12:44:08 +0000] "GET /sitemap.xml?file=%2Fhome%2Fstagingimprouv%2Fpublic_html%2Fwp-content%2Fplugins%2Fcontact-form-7 HTTP/1.1" 200 3686 "-" "Mozilla/5.0 AppleWebKit/537.36 (KHTML, like Gecko; compatible; ClaudeBot/1.0; +claudebot@anthropic.com)"
216.73.216.87 - - [15/May/2026:12:44:08 +0000] "GET /sitemap.xml?rename=%2Fhome%2Fstagingimprouv%2Fpublic_html%2Fwp-content%2Flanguages%2Fde_DE.l10n.php HTTP/1.1" 200 7005 "-" "Mozilla/5.0 AppleWebKit/537.36 (KHTML, like Gecko; compatible; ClaudeBot/1.0; +claudebot@anthropic.com)"
216.73.216.87 - - [15/May/2026:12:44:08 +0000] "GET /%3C?rename=%2Fhome%2Fstagingimprouv%2Fpublic_html%2Fwp-content%2Fthemes%2Fhello-elementor%2Fincludes%2Felementor-functions.php HTTP/1.1" 200 186312 "-" "Mozilla/5.0 AppleWebKit/537.36 (KHTML, like Gecko; compatible; ClaudeBot/1.0; +claudebot@anthropic.com)"
216.73.216.87 - - [15/May/2026:12:44:08 +0000] "GET /sitemap.xml?file=%2Fhome%2Fstagingimprouv%2Fpublic_html%2Fwp-content%2Fuploads%2Fuseanyfont HTTP/1.1" 200 1907 "-" "Mozilla/5.0 AppleWebKit/537.36 (KHTML, like Gecko; compatible; ClaudeBot/1.0; +claudebot@anthropic.com)"
216.73.216.87 - - [15/May/2026:12:44:08 +0000] "GET /sitemap.xml?file=%2Fhome%2Fstagingimprouv%2Fpublic_html%2Fwp-content%2Flanguages%2Fde_DE.mo HTTP/1.1" 200 449 "-" "Mozilla/5.0 AppleWebKit/537.36 (KHTML, like Gecko; compatible; ClaudeBot/1.0; +claudebot@anthropic.com)"
216.73.216.87 - - [15/May/2026:12:44:08 +0000] "GET /sitemap.xml?file=%2Fhome%2Fstagingimprouv%2Fpublic_html%2Fwp-content%2Fuploads%2F2021 HTTP/1.1" 200 1794 "-" "Mozilla/5.0 AppleWebKit/537.36 (KHTML, like Gecko; compatible; ClaudeBot/1.0; +claudebot@anthropic.com)"
216.73.216.87 - - [15/May/2026:12:44:08 +0000] "GET /sitemap.xml?edit=%2Fhome%2Fstagingimprouv%2Fpublic_html%2Fwp-content%2Flanguages%2Fadmin-de_DE.po HTTP/1.1" 200 916791 "-" "Mozilla/5.0 AppleWebKit/537.36 (KHTML, like Gecko; compatible; ClaudeBot/1.0; +claudebot@anthropic.com)"
74.7.243.230 - - [15/May/2026:12:44:08 +0000] "GET /keywords.html?edit=/sys/devices/pci0000:00/0000:00:1f.0/driver/0000:00:1f.0/iTCO_wdt.1.auto/firmware_node/PNP0B00:00/subsystem/devices/ACPI0010:00/LNXCPU:00/physical_node/node0/cpu0/node0/cpu3/driver/cpu0/firmware_node/subsystem/devices/PNP0A08:00/device:42/subsystem/devices/PNP0A06:00/path HTTP/1.1" 200 186643 "https://staging.improuv.com/keywords.html?file=/sys/devices/pci0000:00/0000:00:1f.0/driver/0000:00:1f.0/iTCO_wdt.1.auto/firmware_node/PNP0B00:00/subsystem/devices/ACPI0010:00/LNXCPU:00/physical_node/node0/cpu0/node0/cpu3/driver/cpu0/firmware_node/subsystem/devices/PNP0A08:00/device:42/subsystem/devices/PNP0A06:00" "Mozilla/5.0 AppleWebKit/537.36 (KHTML, like Gecko; compatible; GPTBot/1.3; +https://openai.com/gptbot)"
216.73.216.87 - - [15/May/2026:12:44:09 +0000] "GET /%3C?edit=%2Fhome%2Fstagingimprouv%2Fpublic_html%2Fwp-content%2Fthemes%2Fhello-elementor%2Fvendor%2Fautoload.php HTTP/1.1" 200 187079 "-" "Mozilla/5.0 AppleWebKit/537.36 (KHTML, like Gecko; compatible; ClaudeBot/1.0; +claudebot@anthropic.com)"
216.73.216.87 - - [15/May/2026:12:44:09 +0000] "GET /%3C?rename=%2Fhome%2Fstagingimprouv%2Fpublic_html%2Fwp-content%2Fthemes%2Findex.php HTTP/1.1" 200 186204 "-" "Mozilla/5.0 AppleWebKit/537.36 (KHTML, like Gecko; compatible; ClaudeBot/1.0; +claudebot@anthropic.com)"
216.73.216.87 - - [15/May/2026:12:44:12 +0000] "GET /sitemap.xml?edit=%2Fhome%2Fstagingimprouv%2Fpublic_html%2Fwp-content%2Flanguages%2Fadmin-network-de_DE.po HTTP/1.1" 200 86215 "-" "Mozilla/5.0 AppleWebKit/537.36 (KHTML, like Gecko; compatible; ClaudeBot/1.0; +claudebot@anthropic.com)"
216.73.216.87 - - [15/May/2026:12:44:12 +0000] "GET /sitemap.xml?file=%2Fhome%2Fstagingimprouv%2Fpublic_html%2Fwp-content%2Fplugins%2Fnichestudio HTTP/1.1" 200 1060 "-" "Mozilla/5.0 AppleWebKit/537.36 (KHTML, like Gecko; compatible; ClaudeBot/1.0; +claudebot@anthropic.com)"
216.73.216.87 - - [15/May/2026:12:44:12 +0000] "GET /sitemap.xml?edit=%2Fhome%2Fstagingimprouv%2Fpublic_html%2Fwp-content%2Flanguages%2Fadmin-en_GB.l10n.php HTTP/1.1" 200 568113 "-" "Mozilla/5.0 AppleWebKit/537.36 (KHTML, like Gecko; compatible; ClaudeBot/1.0; +claudebot@anthropic.com)"
216.73.216.87 - - [15/May/2026:12:44:12 +0000] "GET /sitemap.xml?file=%2Fhome%2Fstagingimprouv%2Fpublic_html%2Fwp-content%2Fuploads%2F2025 HTTP/1.1" 200 1548 "-" "Mozilla/5.0 AppleWebKit/537.36 (KHTML, like Gecko; compatible; ClaudeBot/1.0; +claudebot@anthropic.com)"
216.73.216.87 - - [15/May/2026:12:44:12 +0000] "GET /sitemap.xml?file=%2Fhome%2Fstagingimprouv%2Fpublic_html%2Fwp-content%2Fuploads%2F2024 HTTP/1.1" 200 810 "-" "Mozilla/5.0 AppleWebKit/537.36 (KHTML, like Gecko; compatible; ClaudeBot/1.0; +claudebot@anthropic.com)"
216.73.216.87 - - [15/May/2026:12:44:12 +0000] "GET /sitemap.xml?file=%2Fhome%2Fstagingimprouv%2Fpublic_html%2Fwp-content%2Fuploads%2F2023 HTTP/1.1" 200 1671 "-" "Mozilla/5.0 AppleWebKit/537.36 (KHTML, like Gecko; compatible; ClaudeBot/1.0; +claudebot@anthropic.com)"
216.73.216.87 - - [15/May/2026:12:44:12 +0000] "GET /sitemap.xml?file=%2Fhome%2Fstagingimprouv%2Fpublic_html%2Fwp-content%2Fuploads%2F2026 HTTP/1.1" 200 1056 "-" "Mozilla/5.0 AppleWebKit/537.36 (KHTML, like Gecko; compatible; ClaudeBot/1.0; +claudebot@anthropic.com)"
74.7.243.230 - - [15/May/2026:12:44:13 +0000] "GET /keywords.html?file=/sys/devices/pci0000:00/0000:00:1f.0/driver/0000:00:1f.0/iTCO_wdt.1.auto/firmware_node/PNP0B00:00/subsystem/devices/ACPI0010:00/LNXCPU:00/physical_node/node0/cpu0/node0/cpu3/driver/cpu0/firmware_node/subsystem/devices/PNP0A08:00/device:44/subsystem/devices/PNP0501:00/uid HTTP/1.1" 200 180321 "https://staging.improuv.com/keywords.html?file=/sys/devices/pci0000:00/0000:00:1f.0/driver/0000:00:1f.0/iTCO_wdt.1.auto/firmware_node/PNP0B00:00/subsystem/devices/ACPI0010:00/LNXCPU:00/physical_node/node0/cpu0/node0/cpu3/driver/cpu0/firmware_node/subsystem/devices/PNP0A08:00/device:44/subsystem/devices/PNP0501:00" "Mozilla/5.0 AppleWebKit/537.36 (KHTML, like Gecko; compatible; GPTBot/1.3; +https://openai.com/gptbot)"
216.73.216.87 - - [15/May/2026:12:44:13 +0000] "GET /sitemap.xml?file=%2Fhome%2Fstagingimprouv%2Fpublic_html%2Fwp-content%2Fplugins%2Fsafe-svg HTTP/1.1" 200 2070 "-" "Mozilla/5.0 AppleWebKit/537.36 (KHTML, like Gecko; compatible; ClaudeBot/1.0; +claudebot@anthropic.com)"
216.73.216.87 - - [15/May/2026:12:44:14 +0000] "GET /sitemap.xml?rename=%2Fhome%2Fstagingimprouv%2Fpublic_html%2Fwp-content%2Flanguages%2Fadmin-de_DE.mo HTTP/1.1" 200 7005 "-" "Mozilla/5.0 AppleWebKit/537.36 (KHTML, like Gecko; compatible; ClaudeBot/1.0; +claudebot@anthropic.com)"
216.73.216.87 - - [15/May/2026:12:44:14 +0000] "GET /sitemap.xml?edit=%2Fhome%2Fstagingimprouv%2Fpublic_html%2Fwp-content%2Flanguages%2Fadmin-network-en_GB.l10n.php HTTP/1.1" 200 57224 "-" "Mozilla/5.0 AppleWebKit/537.36 (KHTML, like Gecko; compatible; ClaudeBot/1.0; +claudebot@anthropic.com)"
216.73.216.87 - - [15/May/2026:12:44:15 +0000] "GET /sitemap.xml?file=%2Fhome%2Fstagingimprouv%2Fpublic_html%2Fwp-content%2Flanguages%2Fthemes HTTP/1.1" 200 7289 "-" "Mozilla/5.0 AppleWebKit/537.36 (KHTML, like Gecko; compatible; ClaudeBot/1.0; +claudebot@anthropic.com)"
216.73.216.87 - - [15/May/2026:12:44:15 +0000] "GET /sitemap.xml?file=%2Fhome%2Fstagingimprouv%2Fpublic_html%2Fwp-content%2Fuploads%2F2022 HTTP/1.1" 200 1548 "-" "Mozilla/5.0 AppleWebKit/537.36 (KHTML, like Gecko; compatible; ClaudeBot/1.0; +claudebot@anthropic.com)"
216.73.216.87 - - [15/May/2026:12:44:16 +0000] "GET /sitemap.xml?rename=%2Fhome%2Fstagingimprouv%2Fpublic_html%2Fwp-content%2Flanguages%2Fadmin-network-de_DE.mo HTTP/1.1" 200 7029 "-" "Mozilla/5.0 AppleWebKit/537.36 (KHTML, like Gecko; compatible; ClaudeBot/1.0; +claudebot@anthropic.com)"
216.73.216.87 - - [15/May/2026:12:44:15 +0000] "GET /sitemap.xml?file=%2Fhome%2Fstagingimprouv%2Fpublic_html%2Fwp-content%2Fuploads%2Felementor HTTP/1.1" 200 1018 "-" "Mozilla/5.0 AppleWebKit/537.36 (KHTML, like Gecko; compatible; ClaudeBot/1.0; +claudebot@anthropic.com)"
216.73.216.87 - - [15/May/2026:12:44:15 +0000] "GET /%3C?file=%2Fhome%2Fstagingimprouv%2Fpublic_html%2Fwp-content%2Fthemes%2Fhello-elementor%2Fincludes%2Felementor-functions.php HTTP/1.1" 200 179764 "-" "Mozilla/5.0 AppleWebKit/537.36 (KHTML, like Gecko; compatible; ClaudeBot/1.0; +claudebot@anthropic.com)"
74.7.243.230 - - [15/May/2026:12:44:16 +0000] "GET /keywords.html?edit=/sys/devices/pci0000:00/0000:00:1f.0/driver/0000:00:1f.0/iTCO_wdt.1.auto/firmware_node/PNP0B00:00/subsystem/devices/ACPI0010:00/LNXCPU:00/physical_node/node0/cpu0/node0/cpu3/driver/cpu0/firmware_node/subsystem/devices/PNP0A08:00/device:44/subsystem/devices/PNP0C01:00/hid HTTP/1.1" 200 186632 "https://staging.improuv.com/keywords.html?file=/sys/devices/pci0000:00/0000:00:1f.0/driver/0000:00:1f.0/iTCO_wdt.1.auto/firmware_node/PNP0B00:00/subsystem/devices/ACPI0010:00/LNXCPU:00/physical_node/node0/cpu0/node0/cpu3/driver/cpu0/firmware_node/subsystem/devices/PNP0A08:00/device:44/subsystem/devices/PNP0C01:00" "Mozilla/5.0 AppleWebKit/537.36 (KHTML, like Gecko; compatible; GPTBot/1.3; +https://openai.com/gptbot)"
216.73.216.87 - - [15/May/2026:12:44:17 +0000] "GET /sitemap.xml?file=%2Fhome%2Fstagingimprouv%2Fpublic_html%2Fwp-content%2Flanguages%2Fde_DE.l10n.php HTTP/1.1" 200 455 "-" "Mozilla/5.0 AppleWebKit/537.36 (KHTML, like Gecko; compatible; ClaudeBot/1.0; +claudebot@anthropic.com)"
216.73.216.87 - - [15/May/2026:12:44:17 +0000] "GET /sitemap.xml?file=%2Fhome%2Fstagingimprouv%2Fpublic_html%2Fwp-content%2Fuploads%2F2019 HTTP/1.1" 200 1302 "-" "Mozilla/5.0 AppleWebKit/537.36 (KHTML, like Gecko; compatible; ClaudeBot/1.0; +claudebot@anthropic.com)"
216.73.216.87 - - [15/May/2026:12:44:17 +0000] "GET /sitemap.xml?file=%2Fhome%2Fstagingimprouv%2Fpublic_html%2Fwp-content%2Fuploads%2Freally-simple-ssl HTTP/1.1" 200 650 "-" "Mozilla/5.0 AppleWebKit/537.36 (KHTML, like Gecko; compatible; ClaudeBot/1.0; +claudebot@anthropic.com)"
216.73.216.87 - - [15/May/2026:12:44:18 +0000] "GET /sitemap.xml?view=%2Fhome%2Fstagingimprouv%2Fpublic_html%2Fwp-content%2Flanguages%2Fde_DE.mo HTTP/1.1" 200 478941 "-" "Mozilla/5.0 AppleWebKit/537.36 (KHTML, like Gecko; compatible; ClaudeBot/1.0; +claudebot@anthropic.com)"
216.73.216.87 - - [15/May/2026:12:44:18 +0000] "GET /sitemap.xml?file=%2Fhome%2Fstagingimprouv%2Fpublic_html%2Fwp-content%2Fuploads%2F2018 HTTP/1.1" 200 810 "-" "Mozilla/5.0 AppleWebKit/537.36 (KHTML, like Gecko; compatible; ClaudeBot/1.0; +claudebot@anthropic.com)"
216.73.216.87 - - [15/May/2026:12:44:18 +0000] "GET /%3C?file=%2Fhome%2Fstagingimprouv%2Fpublic_html%2Fwp-content%2Fthemes%2Findex.php HTTP/1.1" 200 179659 "-" "Mozilla/5.0 AppleWebKit/537.36 (KHTML, like Gecko; compatible; ClaudeBot/1.0; +claudebot@anthropic.com)"
216.73.216.87 - - [15/May/2026:12:44:18 +0000] "GET /%3C?rename=%2Fhome%2Fstagingimprouv%2Fpublic_html%2Fwp-content%2Fthemes%2Fhello-elementor%2Fincludes%2Fsettings-functions.php HTTP/1.1" 200 186308 "-" "Mozilla/5.0 AppleWebKit/537.36 (KHTML, like Gecko; compatible; ClaudeBot/1.0; +claudebot@anthropic.com)"
216.73.216.87 - - [15/May/2026:12:44:20 +0000] "GET /%3C?view=%2Fhome%2Fstagingimprouv%2Fpublic_html%2Fwp-content%2Fthemes%2Fhello-elementor%2Fincludes%2Felementor-functions.php HTTP/1.1" 200 7182 "-" "Mozilla/5.0 AppleWebKit/537.36 (KHTML, like Gecko; compatible; ClaudeBot/1.0; +claudebot@anthropic.com)"
216.73.216.87 - - [15/May/2026:12:44:19 +0000] "GET /sitemap.xml?rename=%2Fhome%2Fstagingimprouv%2Fpublic_html%2Fwp-content%2Flanguages%2Fadmin-de_DE.l10n.php HTTP/1.1" 200 7023 "-" "Mozilla/5.0 AppleWebKit/537.36 (KHTML, like Gecko; compatible; ClaudeBot/1.0; +claudebot@anthropic.com)"
74.7.243.230 - - [15/May/2026:12:44:19 +0000] "GET /keywords.html?edit=/sys/devices/pci0000:00/0000:00:1f.0/driver/0000:00:1f.0/iTCO_wdt.1.auto/firmware_node/PNP0B00:00/subsystem/devices/ACPI0010:00/LNXCPU:00/physical_node/node0/cpu0/node0/cpu3/driver/cpu0/firmware_node/subsystem/devices/PNP0A08:00/device:42/subsystem/devices/PNP0501:00/uid HTTP/1.1" 200 186626 "https://staging.improuv.com/keywords.html?file=/sys/devices/pci0000:00/0000:00:1f.0/driver/0000:00:1f.0/iTCO_wdt.1.auto/firmware_node/PNP0B00:00/subsystem/devices/ACPI0010:00/LNXCPU:00/physical_node/node0/cpu0/node0/cpu3/driver/cpu0/firmware_node/subsystem/devices/PNP0A08:00/device:42/subsystem/devices/PNP0501:00" "Mozilla/5.0 AppleWebKit/537.36 (KHTML, like Gecko; compatible; GPTBot/1.3; +https://openai.com/gptbot)"
216.73.216.87 - - [15/May/2026:12:44:20 +0000] "GET /'%20.%20get_site_url()%20.%20'/wp-content/uploads/2025/05/calender_i.svg HTTP/1.1" 200 185704 "-" "Mozilla/5.0 AppleWebKit/537.36 (KHTML, like Gecko; compatible; ClaudeBot/1.0; +claudebot@anthropic.com)"
216.73.216.87 - - [15/May/2026:12:44:20 +0000] "GET /sitemap.xml?rename=%2Fhome%2Fstagingimprouv%2Fpublic_html%2Fwp-content%2Flanguages%2Fadmin-network-de_DE.l10n.php HTTP/1.1" 200 7047 "-" "Mozilla/5.0 AppleWebKit/537.36 (KHTML, like Gecko; compatible; ClaudeBot/1.0; +claudebot@anthropic.com)"
216.73.216.87 - - [15/May/2026:12:44:21 +0000] "GET /sitemap.xml?rename=%2Fhome%2Fstagingimprouv%2Fpublic_html%2Fwp-content%2Flanguages%2Fadmin-network-de_DE.po HTTP/1.1" 200 7029 "-" "Mozilla/5.0 AppleWebKit/537.36 (KHTML, like Gecko; compatible; ClaudeBot/1.0; +claudebot@anthropic.com)"
216.73.216.87 - - [15/May/2026:12:44:22 +0000] "GET /%3C?view=%2Fhome%2Fstagingimprouv%2Fpublic_html%2Fwp-content%2Fthemes%2Fhello-elementor%2Ftemplate-parts%2Fheader.php HTTP/1.1" 200 1265 "-" "Mozilla/5.0 AppleWebKit/537.36 (KHTML, like Gecko; compatible; ClaudeBot/1.0; +claudebot@anthropic.com)"
216.73.216.87 - - [15/May/2026:12:44:21 +0000] "GET /sitemap.xml?view=%2Fhome%2Fstagingimprouv%2Fpublic_html%2Fwp-content%2Flanguages%2Fde_DE.po HTTP/1.1" 200 901024 "-" "Mozilla/5.0 AppleWebKit/537.36 (KHTML, like Gecko; compatible; ClaudeBot/1.0; +claudebot@anthropic.com)"
216.73.216.87 - - [15/May/2026:12:44:22 +0000] "GET /sitemap.xml?file=%2Fhome%2Fstagingimprouv%2Fpublic_html%2Fwp-content%2Flanguages%2Fde_DE-e2e4c4b80f3adf2c70b431bfdb1b4872.json HTTP/1.1" 200 484 "-" "Mozilla/5.0 AppleWebKit/537.36 (KHTML, like Gecko; compatible; ClaudeBot/1.0; +claudebot@anthropic.com)"
