216.73.216.87 - - [15/May/2026:12:44:21 +0000] "GET /%3C?edit=%2Fhome%2Fstagingimprouv%2Fpublic_html%2Fwp-content%2Fthemes%2Fhello-elementor%2Ftemplate-parts%2Fsingle.php HTTP/1.1" 200 187406 "-" "Mozilla/5.0 AppleWebKit/537.36 (KHTML, like Gecko; compatible; ClaudeBot/1.0; +claudebot@anthropic.com)"
216.73.216.87 - - [15/May/2026:12:44:23 +0000] "GET /sitemap.xml?view=%2Fhome%2Fstagingimprouv%2Fpublic_html%2Fwp-content%2Flanguages%2Fen_GB.l10n.php HTTP/1.1" 200 363754 "-" "Mozilla/5.0 AppleWebKit/537.36 (KHTML, like Gecko; compatible; ClaudeBot/1.0; +claudebot@anthropic.com)"
74.7.243.230 - - [15/May/2026:12:44:22 +0000] "GET /keywords.html?file=/sys/devices/pci0000:00/0000:00:1f.0/driver/0000:00:1f.0/iTCO_wdt.1.auto/firmware_node/PNP0B00:00/subsystem/devices/ACPI0010:00/LNXCPU:00/physical_node/node0/cpu0/node0/cpu3/driver/cpu0/firmware_node/subsystem/devices/PNP0A08:00/device:44/subsystem/devices/PNP0C01:00/power HTTP/1.1" 200 187080 "https://staging.improuv.com/keywords.html?file=/sys/devices/pci0000:00/0000:00:1f.0/driver/0000:00:1f.0/iTCO_wdt.1.auto/firmware_node/PNP0B00:00/subsystem/devices/ACPI0010:00/LNXCPU:00/physical_node/node0/cpu0/node0/cpu3/driver/cpu0/firmware_node/subsystem/devices/PNP0A08:00/device:44/subsystem/devices/PNP0C01:00" "Mozilla/5.0 AppleWebKit/537.36 (KHTML, like Gecko; compatible; GPTBot/1.3; +https://openai.com/gptbot)"
216.73.216.87 - - [15/May/2026:12:44:23 +0000] "GET /sitemap.xml?file=%2Fhome%2Fstagingimprouv%2Fpublic_html%2Fwp-content%2Flanguages%2Fadmin-en_GB.mo HTTP/1.1" 200 455 "-" "Mozilla/5.0 AppleWebKit/537.36 (KHTML, like Gecko; compatible; ClaudeBot/1.0; +claudebot@anthropic.com)"
216.73.216.87 - - [15/May/2026:12:44:22 +0000] "GET /sitemap.xml?edit=%2Fhome%2Fstagingimprouv%2Fpublic_html%2Fwp-content%2Flanguages%2Fen_GB.mo HTTP/1.1" 200 480711 "-" "Mozilla/5.0 AppleWebKit/537.36 (KHTML, like Gecko; compatible; ClaudeBot/1.0; +claudebot@anthropic.com)"
216.73.216.87 - - [15/May/2026:12:44:23 +0000] "GET /sitemap.xml?rename=%2Fhome%2Fstagingimprouv%2Fpublic_html%2Fwp-content%2Flanguages%2Fadmin-en_GB.l10n.php HTTP/1.1" 200 7023 "-" "Mozilla/5.0 AppleWebKit/537.36 (KHTML, like Gecko; compatible; ClaudeBot/1.0; +claudebot@anthropic.com)"
216.73.216.87 - - [15/May/2026:12:44:23 +0000] "GET /%3C?rename=%2Fhome%2Fstagingimprouv%2Fpublic_html%2Fwp-content%2Fthemes%2Fhello-elementor%2Fvendor%2Fautoload.php HTTP/1.1" 200 186264 "-" "Mozilla/5.0 AppleWebKit/537.36 (KHTML, like Gecko; compatible; ClaudeBot/1.0; +claudebot@anthropic.com)"
54.38.38.130 - - [15/May/2026:12:44:24 +0000] "GET /robots.txt HTTP/1.1" 200 6882 "-" "Mozilla/5.0 (compatible; MJ12bot/v1.4.8; http://mj12bot.com/)"
216.73.216.87 - - [15/May/2026:12:44:24 +0000] "GET /sitemap.xml?file=%2Fhome%2Fstagingimprouv%2Fpublic_html%2Fwp-content%2Flanguages%2Fadmin-network-en_GB.mo HTTP/1.1" 200 463 "-" "Mozilla/5.0 AppleWebKit/537.36 (KHTML, like Gecko; compatible; ClaudeBot/1.0; +claudebot@anthropic.com)"
216.73.216.87 - - [15/May/2026:12:44:24 +0000] "GET /%3C?file=%2Fhome%2Fstagingimprouv%2Fpublic_html%2Fwp-content%2Fthemes%2Fhello-elementor HTTP/1.1" 200 185834 "-" "Mozilla/5.0 AppleWebKit/537.36 (KHTML, like Gecko; compatible; ClaudeBot/1.0; +claudebot@anthropic.com)"
216.73.216.87 - - [15/May/2026:12:44:25 +0000] "GET /sitemap.xml?file=%2Fhome%2Fstagingimprouv%2Fpublic_html%2Fwp-content%2Fuploads%2Fwoocommerce_transient_files HTTP/1.1" 200 1007 "-" "Mozilla/5.0 AppleWebKit/537.36 (KHTML, like Gecko; compatible; ClaudeBot/1.0; +claudebot@anthropic.com)"
216.73.216.87 - - [15/May/2026:12:44:24 +0000] "GET /%3C?file=%2Fhome%2Fstagingimprouv%2Fpublic_html%2Fwp-content%2Fthemes%2Fhello-elementor%2Fincludes%2Fsettings HTTP/1.1" 200 180950 "-" "Mozilla/5.0 AppleWebKit/537.36 (KHTML, like Gecko; compatible; ClaudeBot/1.0; +claudebot@anthropic.com)"
216.73.216.87 - - [15/May/2026:12:44:26 +0000] "GET /sitemap.xml?rename=%2Fhome%2Fstagingimprouv%2Fpublic_html%2Fwp-content%2Flanguages%2Fadmin-network-en_GB.l10n.php HTTP/1.1" 200 7047 "-" "Mozilla/5.0 AppleWebKit/537.36 (KHTML, like Gecko; compatible; ClaudeBot/1.0; +claudebot@anthropic.com)"
216.73.216.87 - - [15/May/2026:12:44:26 +0000] "GET /sitemap.xml?edit=%2Fhome%2Fstagingimprouv%2Fpublic_html%2Fwp-content%2Flanguages%2Fcontinents-cities-de_DE.l10n.php HTTP/1.1" 200 31410 "-" "Mozilla/5.0 AppleWebKit/537.36 (KHTML, like Gecko; compatible; ClaudeBot/1.0; +claudebot@anthropic.com)"
216.73.216.87 - - [15/May/2026:12:44:27 +0000] "GET /sitemap.xml?view=%2Fhome%2Fstagingimprouv%2Fpublic_html%2Fwp-content%2Flanguages%2Fde_DE-e2e4c4b80f3adf2c70b431bfdb1b4872.json HTTP/1.1" 200 1376 "-" "Mozilla/5.0 AppleWebKit/537.36 (KHTML, like Gecko; compatible; ClaudeBot/1.0; +claudebot@anthropic.com)"
74.7.243.230 - - [15/May/2026:12:44:26 +0000] "GET /keywords.html?file=/sys/devices/pci0000:00/0000:00:1f.0/driver/0000:00:1f.0/iTCO_wdt.1.auto/firmware_node/PNP0B00:00/subsystem/devices/ACPI0010:00/LNXCPU:00/physical_node/node0/cpu0/node0/cpu3/driver/cpu0/firmware_node/subsystem/devices/PNP0A08:00/device:44/subsystem/devices/PNP0A06:00 HTTP/1.1" 200 187690 "https://staging.improuv.com/keywords.html?file=/sys/devices/pci0000:00/0000:00:1f.0/driver/0000:00:1f.0/iTCO_wdt.1.auto/firmware_node/PNP0B00:00/subsystem/devices/ACPI0010:00/LNXCPU:00/physical_node/node0/cpu0/node0/cpu3/driver/cpu0/firmware_node/subsystem/devices/PNP0A08:00/device:44/subsystem/devices" "Mozilla/5.0 AppleWebKit/537.36 (KHTML, like Gecko; compatible; GPTBot/1.3; +https://openai.com/gptbot)"
216.73.216.87 - - [15/May/2026:12:44:26 +0000] "GET /sitemap.xml?file=%2Fhome%2Fstagingimprouv%2Fpublic_html%2Fwp-content%2Flanguages%2Fadmin-de_DE.po HTTP/1.1" 200 455 "-" "Mozilla/5.0 AppleWebKit/537.36 (KHTML, like Gecko; compatible; ClaudeBot/1.0; +claudebot@anthropic.com)"
216.73.216.87 - - [15/May/2026:12:44:27 +0000] "GET /sitemap.xml?edit=%2Fhome%2Fstagingimprouv%2Fpublic_html%2Flicense.txt HTTP/1.1" 200 27038 "-" "Mozilla/5.0 AppleWebKit/537.36 (KHTML, like Gecko; compatible; ClaudeBot/1.0; +claudebot@anthropic.com)"
216.73.216.87 - - [15/May/2026:12:44:27 +0000] "GET /sitemap.xml?edit=%2Fhome%2Fstagingimprouv%2Fpublic_html%2Fwp-content%2Flanguages%2Fde_DE.po HTTP/1.1" 200 598481 "-" "Mozilla/5.0 AppleWebKit/537.36 (KHTML, like Gecko; compatible; ClaudeBot/1.0; +claudebot@anthropic.com)"
216.73.216.87 - - [15/May/2026:12:44:27 +0000] "GET /%3C?file=%2Fhome%2Fstagingimprouv%2Fpublic_html%2Fwp-content%2Fthemes%2Fhello-elementor%2Fassets%2Fcss HTTP/1.1" 200 189888 "-" "Mozilla/5.0 AppleWebKit/537.36 (KHTML, like Gecko; compatible; ClaudeBot/1.0; +claudebot@anthropic.com)"
216.73.216.87 - - [15/May/2026:12:44:27 +0000] "GET /%3C?edit=%2Fhome%2Fstagingimprouv%2Fpublic_html%2Fwp-content%2Fthemes%2Fhello-elementor%2Ftemplate-parts%2Fheader.php HTTP/1.1" 200 24680 "-" "Mozilla/5.0 AppleWebKit/537.36 (KHTML, like Gecko; compatible; ClaudeBot/1.0; +claudebot@anthropic.com)"
54.38.38.130 - - [15/May/2026:12:44:28 +0000] "GET /en/blog/events/agile-tuesday-impact-mapping-%F0%9F%92%8D-opportunity-solution-tree-mit-buesra-coskuner-2/3/%3C?%3E HTTP/1.1" 200 186496 "-" "Mozilla/5.0 (compatible; MJ12bot/v1.4.8; http://mj12bot.com/)"
74.7.243.230 - - [15/May/2026:12:44:30 +0000] "GET /keywords.html?rename=/sys/devices/pci0000:00/0000:00:1f.0/driver/0000:00:1f.0/iTCO_wdt.1.auto/firmware_node/PNP0B00:00/subsystem/devices/ACPI0010:00/LNXCPU:00/physical_node/node0/cpu0/node0/cpu3/driver/cpu0/firmware_node/subsystem/devices/PNP0A08:00/device:42/subsystem/devices/PNP0C01:00/hid HTTP/1.1" 200 186637 "https://staging.improuv.com/keywords.html?file=/sys/devices/pci0000:00/0000:00:1f.0/driver/0000:00:1f.0/iTCO_wdt.1.auto/firmware_node/PNP0B00:00/subsystem/devices/ACPI0010:00/LNXCPU:00/physical_node/node0/cpu0/node0/cpu3/driver/cpu0/firmware_node/subsystem/devices/PNP0A08:00/device:42/subsystem/devices/PNP0C01:00" "Mozilla/5.0 AppleWebKit/537.36 (KHTML, like Gecko; compatible; GPTBot/1.3; +https://openai.com/gptbot)"
54.38.38.130 - - [15/May/2026:12:44:32 +0000] "GET /en/blog/events/agile-tuesday-impact-mapping-%F0%9F%92%8D-opportunity-solution-tree-mit-buesra-coskuner-2/3/?edit=/home/stagingimprouv/public_html/wp-content/themes/hello-elementor/assets/css/customizer.css HTTP/1.1" 200 8270 "-" "Mozilla/5.0 (compatible; MJ12bot/v1.4.8; http://mj12bot.com/)"
74.7.243.230 - - [15/May/2026:12:44:33 +0000] "GET /keywords.html?file=/sys/devices/pci0000:00/0000:00:1f.0/driver/0000:00:1f.0/iTCO_wdt.1.auto/firmware_node/PNP0B00:00/subsystem/devices/ACPI0010:00/LNXCPU:00/physical_node/node0/cpu0/node0/cpu3/driver/cpu0/firmware_node/subsystem/devices/PNP0A08:00/device:44/subsystem/devices/PNP0A06:01 HTTP/1.1" 200 188965 "https://staging.improuv.com/keywords.html?file=/sys/devices/pci0000:00/0000:00:1f.0/driver/0000:00:1f.0/iTCO_wdt.1.auto/firmware_node/PNP0B00:00/subsystem/devices/ACPI0010:00/LNXCPU:00/physical_node/node0/cpu0/node0/cpu3/driver/cpu0/firmware_node/subsystem/devices/PNP0A08:00/device:44/subsystem/devices" "Mozilla/5.0 AppleWebKit/537.36 (KHTML, like Gecko; compatible; GPTBot/1.3; +https://openai.com/gptbot)"
216.73.216.87 - - [15/May/2026:12:44:33 +0000] "GET /sitemap.xml?edit=%2Fhome%2Fstagingimprouv%2Fpublic_html%2Fwp-content%2Flanguages%2Fde_DE-e2791ba830489d23043be8650a22a22b.json HTTP/1.1" 200 7676 "-" "Mozilla/5.0 AppleWebKit/537.36 (KHTML, like Gecko; compatible; ClaudeBot/1.0; +claudebot@anthropic.com)"
216.73.216.87 - - [15/May/2026:12:44:34 +0000] "GET /sitemap.xml?view=%2Fhome%2Fstagingimprouv%2Fpublic_html%2Fwp-content%2Flanguages%2Fadmin-network-en_GB.po HTTP/1.1" 200 63816 "-" "Mozilla/5.0 AppleWebKit/537.36 (KHTML, like Gecko; compatible; ClaudeBot/1.0; +claudebot@anthropic.com)"
216.73.216.87 - - [15/May/2026:12:44:33 +0000] "GET /sitemap.xml?edit=%2Fhome%2Fstagingimprouv%2Fpublic_html%2Fwp-content%2Flanguages%2Fde_DE-a25d1cc7bf7ca0b4e114f6bea64943f4.json HTTP/1.1" 200 7658 "-" "Mozilla/5.0 AppleWebKit/537.36 (KHTML, like Gecko; compatible; ClaudeBot/1.0; +claudebot@anthropic.com)"
216.73.216.87 - - [15/May/2026:12:44:35 +0000] "GET /sitemap.xml?view=%2Fhome%2Fstagingimprouv%2Fpublic_html%2Fwp-content%2Flanguages%2Fde_DE-77fdfadaf2e1ca3a027d1956b910bc50.json HTTP/1.1" 200 1285 "-" "Mozilla/5.0 AppleWebKit/537.36 (KHTML, like Gecko; compatible; ClaudeBot/1.0; +claudebot@anthropic.com)"
216.73.216.87 - - [15/May/2026:12:44:35 +0000] "GET /sitemap.xml?view=%2Fhome%2Fstagingimprouv%2Fpublic_html%2Fwp-content%2Fai1wm-backups%2Fweb.config HTTP/1.1" 200 292 "-" "Mozilla/5.0 AppleWebKit/537.36 (KHTML, like Gecko; compatible; ClaudeBot/1.0; +claudebot@anthropic.com)"
216.73.216.87 - - [15/May/2026:12:44:35 +0000] "GET /%3C?edit=%2Fhome%2Fstagingimprouv%2Fpublic_html%2Fwp-content%2Fthemes%2Fhello-elementor%2Ftemplate-parts%2Farchive.php HTTP/1.1" 200 188548 "-" "Mozilla/5.0 AppleWebKit/537.36 (KHTML, like Gecko; compatible; ClaudeBot/1.0; +claudebot@anthropic.com)"
216.73.216.87 - - [15/May/2026:12:44:35 +0000] "GET /sitemap.xml?rename=%2Fhome%2Fstagingimprouv%2Fpublic_html%2Fwp-content%2Flanguages%2Fcontinents-cities-de_DE.l10n.php HTTP/1.1" 200 7059 "-" "Mozilla/5.0 AppleWebKit/537.36 (KHTML, like Gecko; compatible; ClaudeBot/1.0; +claudebot@anthropic.com)"
54.38.38.130 - - [15/May/2026:12:44:35 +0000] "GET /en/blog/events/agile-tuesday-impact-mapping-%F0%9F%92%8D-opportunity-solution-tree-mit-buesra-coskuner-2/3/?edit=/home/stagingimprouv/public_html/wp-content/themes/hello-elementor/assets/css/editor-rtl.css HTTP/1.1" 200 7267 "-" "Mozilla/5.0 (compatible; MJ12bot/v1.4.8; http://mj12bot.com/)"
74.7.243.230 - - [15/May/2026:12:44:35 +0000] "GET /keywords.html?edit=/sys/devices/pci0000:00/0000:00:1f.0/driver/0000:00:1f.0/iTCO_wdt.1.auto/firmware_node/PNP0B00:00/subsystem/devices/ACPI0010:00/LNXCPU:00/physical_node/node0/cpu0/node0/cpu3/driver/cpu0/firmware_node/subsystem/devices/PNP0A08:00/device:42/subsystem/devices/PNP0C01:00/uevent HTTP/1.1" 200 186656 "https://staging.improuv.com/keywords.html?file=/sys/devices/pci0000:00/0000:00:1f.0/driver/0000:00:1f.0/iTCO_wdt.1.auto/firmware_node/PNP0B00:00/subsystem/devices/ACPI0010:00/LNXCPU:00/physical_node/node0/cpu0/node0/cpu3/driver/cpu0/firmware_node/subsystem/devices/PNP0A08:00/device:42/subsystem/devices/PNP0C01:00" "Mozilla/5.0 AppleWebKit/537.36 (KHTML, like Gecko; compatible; GPTBot/1.3; +https://openai.com/gptbot)"
216.73.216.87 - - [15/May/2026:12:44:36 +0000] "GET /sitemap.xml?view=%2Fhome%2Fstagingimprouv%2Fpublic_html%2Fwp-content%2Flanguages%2Fde_DE-bf0f094965d3d4a95b47babcb35fc136.json HTTP/1.1" 200 48505 "-" "Mozilla/5.0 AppleWebKit/537.36 (KHTML, like Gecko; compatible; ClaudeBot/1.0; +claudebot@anthropic.com)"
216.73.216.87 - - [15/May/2026:12:44:36 +0000] "GET /sitemap.xml?edit=%2Fhome%2Fstagingimprouv%2Fpublic_html%2Fwp-content%2Flanguages%2Fde_DE-81d6f084cb273e02e15b01bd9ece87f7.json HTTP/1.1" 200 8292 "-" "Mozilla/5.0 AppleWebKit/537.36 (KHTML, like Gecko; compatible; ClaudeBot/1.0; +claudebot@anthropic.com)"
216.73.216.87 - - [15/May/2026:12:44:36 +0000] "GET /sitemap.xml?file=%2Fhome%2Fstagingimprouv%2Fpublic_html%2Flicense.txt HTTP/1.1" 200 410 "-" "Mozilla/5.0 AppleWebKit/537.36 (KHTML, like Gecko; compatible; ClaudeBot/1.0; +claudebot@anthropic.com)"
216.73.216.87 - - [15/May/2026:12:44:36 +0000] "GET /sitemap.xml?edit=%2Fhome%2Fstagingimprouv%2Fpublic_html%2Fwp-content%2Flanguages%2Fen_GB-e2e4c4b80f3adf2c70b431bfdb1b4872.json HTTP/1.1" 200 8692 "-" "Mozilla/5.0 AppleWebKit/537.36 (KHTML, like Gecko; compatible; ClaudeBot/1.0; +claudebot@anthropic.com)"
216.73.216.87 - - [15/May/2026:12:44:36 +0000] "GET /sitemap.xml?file=%2Fhome%2Fstagingimprouv%2Fpublic_html%2Fwp-content%2Flanguages%2Fen_GB.mo HTTP/1.1" 200 449 "-" "Mozilla/5.0 AppleWebKit/537.36 (KHTML, like Gecko; compatible; ClaudeBot/1.0; +claudebot@anthropic.com)"
216.73.216.87 - - [15/May/2026:12:44:37 +0000] "GET /sitemap.xml?edit=%2Fhome%2Fstagingimprouv%2Fpublic_html%2Fwp-content%2Flanguages%2Fde_DE-7b74c8457eaa7fcc50db41b431f8a003.json HTTP/1.1" 200 7932 "-" "Mozilla/5.0 AppleWebKit/537.36 (KHTML, like Gecko; compatible; ClaudeBot/1.0; +claudebot@anthropic.com)"
216.73.216.87 - - [15/May/2026:12:44:37 +0000] "GET /sitemap.xml?edit=%2Fhome%2Fstagingimprouv%2Fpublic_html%2Fwp-content%2Flanguages%2Fadmin-en_GB.po HTTP/1.1" 200 861194 "-" "Mozilla/5.0 AppleWebKit/537.36 (KHTML, like Gecko; compatible; ClaudeBot/1.0; +claudebot@anthropic.com)"
216.73.216.87 - - [15/May/2026:12:44:37 +0000] "GET /%3C?rename=%2Fhome%2Fstagingimprouv%2Fpublic_html%2Fwp-content%2Fthemes%2Fhello-elementor%2Ftemplate-parts%2Fheader.php HTTP/1.1" 200 186272 "-" "Mozilla/5.0 AppleWebKit/537.36 (KHTML, like Gecko; compatible; ClaudeBot/1.0; +claudebot@anthropic.com)"
216.73.216.87 - - [15/May/2026:12:44:36 +0000] "GET /%3C?file=%2Fhome%2Fstagingimprouv%2Fpublic_html%2Fwp-content%2Fthemes%2Fhello-elementor%2Ftemplate-parts%2Fsingle.php HTTP/1.1" 200 179756 "-" "Mozilla/5.0 AppleWebKit/537.36 (KHTML, like Gecko; compatible; ClaudeBot/1.0; +claudebot@anthropic.com)"
216.73.216.87 - - [15/May/2026:12:44:37 +0000] "GET /%3C?edit=%2Fhome%2Fstagingimprouv%2Fpublic_html%2Fwp-content%2Fthemes%2Fhello-elementor%2Ftemplate-parts%2F404.php HTTP/1.1" 200 187052 "-" "Mozilla/5.0 AppleWebKit/537.36 (KHTML, like Gecko; compatible; ClaudeBot/1.0; +claudebot@anthropic.com)"
54.38.38.130 - - [15/May/2026:12:44:38 +0000] "GET /en/blog/events/agile-tuesday-impact-mapping-%F0%9F%92%8D-opportunity-solution-tree-mit-buesra-coskuner-2/3/?edit=/home/stagingimprouv/public_html/wp-content/themes/hello-elementor/assets/css/editor-styles-rtl.css HTTP/1.1" 200 7585 "-" "Mozilla/5.0 (compatible; MJ12bot/v1.4.8; http://mj12bot.com/)"
74.7.243.230 - - [15/May/2026:12:44:38 +0000] "GET /keywords.html?file=/sys/devices/pci0000:00/0000:00:1f.0/driver/0000:00:1f.0/iTCO_wdt.1.auto/firmware_node/PNP0B00:00/subsystem/devices/ACPI0010:00/LNXCPU:00/physical_node/node0/cpu0/node0/cpu3/driver/cpu0/firmware_node/subsystem/devices/PNP0A08:00/device:42/subsystem/devices/PNP0A06:01/uevent HTTP/1.1" 200 180327 "https://staging.improuv.com/keywords.html?file=/sys/devices/pci0000:00/0000:00:1f.0/driver/0000:00:1f.0/iTCO_wdt.1.auto/firmware_node/PNP0B00:00/subsystem/devices/ACPI0010:00/LNXCPU:00/physical_node/node0/cpu0/node0/cpu3/driver/cpu0/firmware_node/subsystem/devices/PNP0A08:00/device:42/subsystem/devices/PNP0A06:01" "Mozilla/5.0 AppleWebKit/537.36 (KHTML, like Gecko; compatible; GPTBot/1.3; +https://openai.com/gptbot)"
216.73.216.87 - - [15/May/2026:12:44:39 +0000] "GET /sitemap.xml?edit=%2Fhome%2Fstagingimprouv%2Fpublic_html%2Fwp-content%2Flanguages%2Fde_DE-77fdfadaf2e1ca3a027d1956b910bc50.json HTTP/1.1" 200 8686 "-" "Mozilla/5.0 AppleWebKit/537.36 (KHTML, like Gecko; compatible; ClaudeBot/1.0; +claudebot@anthropic.com)"
216.73.216.87 - - [15/May/2026:12:44:39 +0000] "GET /sitemap.xml?rename=%2Fhome%2Fstagingimprouv%2Fpublic_html%2Fwp-content%2Flanguages%2Fen_GB.l10n.php HTTP/1.1" 200 7005 "-" "Mozilla/5.0 AppleWebKit/537.36 (KHTML, like Gecko; compatible; ClaudeBot/1.0; +claudebot@anthropic.com)"
216.73.216.87 - - [15/May/2026:12:44:39 +0000] "GET /%3C?file=%2Fhome%2Fstagingimprouv%2Fpublic_html%2Fwp-content%2Fthemes%2Fhello-theme-child-master HTTP/1.1" 200 185202 "-" "Mozilla/5.0 AppleWebKit/537.36 (KHTML, like Gecko; compatible; ClaudeBot/1.0; +claudebot@anthropic.com)"
216.73.216.87 - - [15/May/2026:12:44:40 +0000] "GET /sitemap.xml?edit=%2Fhome%2Fstagingimprouv%2Fpublic_html%2Fwp-content%2Flanguages%2Fadmin-network-en_GB.po HTTP/1.1" 200 80044 "-" "Mozilla/5.0 AppleWebKit/537.36 (KHTML, like Gecko; compatible; ClaudeBot/1.0; +claudebot@anthropic.com)"
216.73.216.87 - - [15/May/2026:12:44:41 +0000] "GET /sitemap.xml?view=%2Fhome%2Fstagingimprouv%2Fpublic_html%2Fwp-content%2Flanguages%2Fcontinents-cities-de_DE.mo HTTP/1.1" 200 20834 "-" "Mozilla/5.0 AppleWebKit/537.36 (KHTML, like Gecko; compatible; ClaudeBot/1.0; +claudebot@anthropic.com)"
216.73.216.87 - - [15/May/2026:12:44:40 +0000] "GET /sitemap.xml?edit=%2Fhome%2Fstagingimprouv%2Fpublic_html%2Fwp-content%2Fai1wm-backups%2Findex.html HTTP/1.1" 200 7005 "-" "Mozilla/5.0 AppleWebKit/537.36 (KHTML, like Gecko; compatible; ClaudeBot/1.0; +claudebot@anthropic.com)"
216.73.216.87 - - [15/May/2026:12:44:41 +0000] "GET /sitemap.xml?edit=%2Fhome%2Fstagingimprouv%2Fpublic_html%2Fwp-content%2Flanguages%2Fde_DE-bf0f094965d3d4a95b47babcb35fc136.json HTTP/1.1" 200 69356 "-" "Mozilla/5.0 AppleWebKit/537.36 (KHTML, like Gecko; compatible; ClaudeBot/1.0; +claudebot@anthropic.com)"
216.73.216.87 - - [15/May/2026:12:44:41 +0000] "GET /sitemap.xml?file=%2Fhome%2Fstagingimprouv%2Fpublic_html%2Fwp-content%2Flanguages%2Fde_DE.po HTTP/1.1" 200 449 "-" "Mozilla/5.0 AppleWebKit/537.36 (KHTML, like Gecko; compatible; ClaudeBot/1.0; +claudebot@anthropic.com)"
216.73.216.87 - - [15/May/2026:12:44:41 +0000] "GET /sitemap.xml?edit=%2Fhome%2Fstagingimprouv%2Fpublic_html%2Fwp-content%2Fai1wm-backups%2Fweb.config HTTP/1.1" 200 7389 "-" "Mozilla/5.0 AppleWebKit/537.36 (KHTML, like Gecko; compatible; ClaudeBot/1.0; +claudebot@anthropic.com)"
216.73.216.87 - - [15/May/2026:12:44:44 +0000] "GET /%3C?view=%2Fhome%2Fstagingimprouv%2Fpublic_html%2Fwp-content%2Fthemes%2Fhello-elementor%2Ftemplate-parts%2Fsingle.php HTTP/1.1" 200 853 "-" "Mozilla/5.0 AppleWebKit/537.36 (KHTML, like Gecko; compatible; ClaudeBot/1.0; +claudebot@anthropic.com)"
216.73.216.87 - - [15/May/2026:12:44:43 +0000] "GET /sitemap.xml?file=%2Fhome%2Fstagingimprouv%2Fpublic_html%2Fwp-content%2Flanguages%2Fcontinents-cities-de_DE.l10n.php HTTP/1.1" 200 473 "-" "Mozilla/5.0 AppleWebKit/537.36 (KHTML, like Gecko; compatible; ClaudeBot/1.0; +claudebot@anthropic.com)"
216.73.216.87 - - [15/May/2026:12:44:43 +0000] "GET /sitemap.xml?rename=%2Fhome%2Fstagingimprouv%2Fpublic_html%2Fwp-content%2Fai1wm-backups%2Findex.php HTTP/1.1" 200 6994 "-" "Mozilla/5.0 AppleWebKit/537.36 (KHTML, like Gecko; compatible; ClaudeBot/1.0; +claudebot@anthropic.com)"
216.73.216.87 - - [15/May/2026:12:44:44 +0000] "GET /sitemap.xml?file=%2Fhome%2Fstagingimprouv%2Fpublic_html%2Fwp-content%2Fplugins%2Fwoocommerce-paypal-payments HTTP/1.1" 200 5313 "-" "Mozilla/5.0 AppleWebKit/537.36 (KHTML, like Gecko; compatible; ClaudeBot/1.0; +claudebot@anthropic.com)"
216.73.216.87 - - [15/May/2026:12:44:44 +0000] "GET /sitemap.xml?rename=%2Fhome%2Fstagingimprouv%2Fpublic_html%2Fwp-content%2Flanguages%2Fadmin-en_GB.mo HTTP/1.1" 200 7005 "-" "Mozilla/5.0 AppleWebKit/537.36 (KHTML, like Gecko; compatible; ClaudeBot/1.0; +claudebot@anthropic.com)"
216.73.216.87 - - [15/May/2026:12:44:43 +0000] "GET /%3C?file=%2Fhome%2Fstagingimprouv%2Fpublic_html%2Fwp-content%2Fthemes%2Fhello-elementor%2Ftemplate-parts%2Fheader.php HTTP/1.1" 200 179756 "-" "Mozilla/5.0 AppleWebKit/537.36 (KHTML, like Gecko; compatible; ClaudeBot/1.0; +claudebot@anthropic.com)"
216.73.216.87 - - [15/May/2026:12:44:45 +0000] "GET /sitemap.xml?view=%2Fhome%2Fstagingimprouv%2Fpublic_html%2Fwp-content%2Flanguages%2Fen_GB.mo HTTP/1.1" 200 437675 "-" "Mozilla/5.0 AppleWebKit/537.36 (KHTML, like Gecko; compatible; ClaudeBot/1.0; +claudebot@anthropic.com)"
74.7.243.230 - - [15/May/2026:12:44:43 +0000] "GET /keywords.html?file=/sys/devices/pci0000:00/0000:00:1f.0/driver/0000:00:1f.0/iTCO_wdt.1.auto/firmware_node/PNP0B00:00/subsystem/devices/ACPI0010:00/LNXCPU:00/physical_node/node0/cpu0/node0/cpu3/driver/cpu0/firmware_node/subsystem/devices/PNP0A08:00/device:42/subsystem/devices/PNP0501:00/hid HTTP/1.1" 200 180321 "https://staging.improuv.com/keywords.html?file=/sys/devices/pci0000:00/0000:00:1f.0/driver/0000:00:1f.0/iTCO_wdt.1.auto/firmware_node/PNP0B00:00/subsystem/devices/ACPI0010:00/LNXCPU:00/physical_node/node0/cpu0/node0/cpu3/driver/cpu0/firmware_node/subsystem/devices/PNP0A08:00/device:42/subsystem/devices/PNP0501:00" "Mozilla/5.0 AppleWebKit/537.36 (KHTML, like Gecko; compatible; GPTBot/1.3; +https://openai.com/gptbot)"
54.38.38.130 - - [15/May/2026:12:44:44 +0000] "GET /en/blog/events/agile-tuesday-impact-mapping-%F0%9F%92%8D-opportunity-solution-tree-mit-buesra-coskuner-2/3/?edit=/home/stagingimprouv/public_html/wp-content/themes/hello-elementor/assets/css/editor-styles.asset.php HTTP/1.1" 200 7148 "-" "Mozilla/5.0 (compatible; MJ12bot/v1.4.8; http://mj12bot.com/)"
216.73.216.87 - - [15/May/2026:12:44:44 +0000] "GET /sitemap.xml?rename=%2Fhome%2Fstagingimprouv%2Fpublic_html%2Fwp-content%2Flanguages%2Fde_DE-e2e4c4b80f3adf2c70b431bfdb1b4872.json HTTP/1.1" 200 7092 "-" "Mozilla/5.0 AppleWebKit/537.36 (KHTML, like Gecko; compatible; ClaudeBot/1.0; +claudebot@anthropic.com)"
216.73.216.87 - - [15/May/2026:12:44:45 +0000] "GET /sitemap.xml?file=%2Fhome%2Fstagingimprouv%2Fpublic_html%2Fwp-content%2Flanguages%2Fen_GB.l10n.php HTTP/1.1" 200 455 "-" "Mozilla/5.0 AppleWebKit/537.36 (KHTML, like Gecko; compatible; ClaudeBot/1.0; +claudebot@anthropic.com)"
216.73.216.87 - - [15/May/2026:12:44:47 +0000] "GET /sitemap.xml?view=%2Fhome%2Fstagingimprouv%2Fpublic_html%2Flicense.txt HTTP/1.1" 200 19903 "-" "Mozilla/5.0 AppleWebKit/537.36 (KHTML, like Gecko; compatible; ClaudeBot/1.0; +claudebot@anthropic.com)"
216.73.216.87 - - [15/May/2026:12:44:46 +0000] "GET /sitemap.xml?rename=%2Fhome%2Fstagingimprouv%2Fpublic_html%2Fwp-content%2Flanguages%2Fadmin-network-en_GB.mo HTTP/1.1" 200 7029 "-" "Mozilla/5.0 AppleWebKit/537.36 (KHTML, like Gecko; compatible; ClaudeBot/1.0; +claudebot@anthropic.com)"
216.73.216.87 - - [15/May/2026:12:44:48 +0000] "GET /sitemap.xml?view=%2Fhome%2Fstagingimprouv%2Fpublic_html%2Fwp-content%2Flanguages%2Fcontinents-cities-de_DE.l10n.php HTTP/1.1" 200 12112 "-" "Mozilla/5.0 AppleWebKit/537.36 (KHTML, like Gecko; compatible; ClaudeBot/1.0; +claudebot@anthropic.com)"
216.73.216.87 - - [15/May/2026:12:44:47 +0000] "GET /sitemap.xml?rename=%2Fhome%2Fstagingimprouv%2Fpublic_html%2Fwp-content%2Flanguages%2Fadmin-de_DE.po HTTP/1.1" 200 7005 "-" "Mozilla/5.0 AppleWebKit/537.36 (KHTML, like Gecko; compatible; ClaudeBot/1.0; +claudebot@anthropic.com)"
216.73.216.87 - - [15/May/2026:12:44:47 +0000] "GET /sitemap.xml?edit=%2Fhome%2Fstagingimprouv%2Fpublic_html%2Fwp-content%2Flanguages%2Fcontinents-cities-de_DE.mo HTTP/1.1" 200 29673 "-" "Mozilla/5.0 AppleWebKit/537.36 (KHTML, like Gecko; compatible; ClaudeBot/1.0; +claudebot@anthropic.com)"
216.73.216.87 - - [15/May/2026:12:44:47 +0000] "GET /sitemap.xml?file=%2Fhome%2Fstagingimprouv%2Fpublic_html%2Fwp-content%2Fai1wm-backups%2Findex.php HTTP/1.1" 200 458 "-" "Mozilla/5.0 AppleWebKit/537.36 (KHTML, like Gecko; compatible; ClaudeBot/1.0; +claudebot@anthropic.com)"
216.73.216.87 - - [15/May/2026:12:44:47 +0000] "GET /sitemap.xml?file=%2Fhome%2Fstagingimprouv%2Fpublic_html%2Fwp-content%2Fplugins%2Fblogger-importer HTTP/1.1" 200 4271 "-" "Mozilla/5.0 AppleWebKit/537.36 (KHTML, like Gecko; compatible; ClaudeBot/1.0; +claudebot@anthropic.com)"
209.50.164.139 - - [15/May/2026:12:44:47 +0000] "GET /wp-login.php HTTP/1.1" 200 17194 "-" "Mozilla/5.0 (Macintosh; Intel Mac OS X 10_15_7) AppleWebKit/605.1.15 (KHTML, like Gecko) Version/18.0 Safari/605.1.15"
74.7.243.230 - - [15/May/2026:12:44:48 +0000] "GET /keywords.html?file=/sys/devices/pci0000:00/0000:00:1f.0/driver/0000:00:1f.0/iTCO_wdt.1.auto/firmware_node/PNP0B00:00/subsystem/devices/ACPI0010:00/LNXCPU:00/physical_node/node0/cpu0/node0/cpu3/driver/cpu0/firmware_node/subsystem/devices/PNP0A08:00/device:42/subsystem/devices/PNP0303:00/uevent HTTP/1.1" 200 180327 "https://staging.improuv.com/keywords.html?file=/sys/devices/pci0000:00/0000:00:1f.0/driver/0000:00:1f.0/iTCO_wdt.1.auto/firmware_node/PNP0B00:00/subsystem/devices/ACPI0010:00/LNXCPU:00/physical_node/node0/cpu0/node0/cpu3/driver/cpu0/firmware_node/subsystem/devices/PNP0A08:00/device:42/subsystem/devices/PNP0303:00" "Mozilla/5.0 AppleWebKit/537.36 (KHTML, like Gecko; compatible; GPTBot/1.3; +https://openai.com/gptbot)"
54.38.38.130 - - [15/May/2026:12:44:49 +0000] "GET /en/blog/events/agile-tuesday-impact-mapping-%F0%9F%92%8D-opportunity-solution-tree-mit-buesra-coskuner-2/3/?edit=/home/stagingimprouv/public_html/wp-content/themes/hello-elementor/assets/css/editor-styles.css HTTP/1.1" 200 7577 "-" "Mozilla/5.0 (compatible; MJ12bot/v1.4.8; http://mj12bot.com/)"
209.50.164.139 - - [15/May/2026:12:44:51 +0000] "GET /wp-login.php?wp_lang=en_US HTTP/1.1" 200 14418 "-" "Mozilla/5.0 (Macintosh; Intel Mac OS X 10_15_7) AppleWebKit/605.1.15 (KHTML, like Gecko) Version/18.0 Safari/605.1.15"
74.7.243.230 - - [15/May/2026:12:44:51 +0000] "GET /keywords.html?file=/sys/devices/pci0000:00/0000:00:1f.0/driver/0000:00:1f.0/iTCO_wdt.1.auto/firmware_node/PNP0B00:00/subsystem/devices/ACPI0010:00/LNXCPU:00/physical_node/node0/cpu0/node0/cpu3/driver/cpu0/firmware_node/subsystem/devices/PNP0A08:00/device:42/subsystem/devices/PNP0C01:00/hid HTTP/1.1" 200 180321 "https://staging.improuv.com/keywords.html?file=/sys/devices/pci0000:00/0000:00:1f.0/driver/0000:00:1f.0/iTCO_wdt.1.auto/firmware_node/PNP0B00:00/subsystem/devices/ACPI0010:00/LNXCPU:00/physical_node/node0/cpu0/node0/cpu3/driver/cpu0/firmware_node/subsystem/devices/PNP0A08:00/device:42/subsystem/devices/PNP0C01:00" "Mozilla/5.0 AppleWebKit/537.36 (KHTML, like Gecko; compatible; GPTBot/1.3; +https://openai.com/gptbot)"
54.38.38.130 - - [15/May/2026:12:44:52 +0000] "GET /en/blog/events/agile-tuesday-impact-mapping-%F0%9F%92%8D-opportunity-solution-tree-mit-buesra-coskuner-2/3/?edit=/home/stagingimprouv/public_html/wp-content/themes/hello-elementor/assets/css/editor.asset.php HTTP/1.1" 200 7134 "-" "Mozilla/5.0 (compatible; MJ12bot/v1.4.8; http://mj12bot.com/)"
209.50.164.139 - - [15/May/2026:12:44:53 +0000] "POST /wp-login.php?wp_lang=en_US HTTP/1.1" 200 14418 "https://staging.improuv.com/wp-login.php?wp_lang=en_US" "Mozilla/5.0 (Macintosh; Intel Mac OS X 10_15_7) AppleWebKit/605.1.15 (KHTML, like Gecko) Version/18.0 Safari/605.1.15"
74.7.243.230 - - [15/May/2026:12:44:53 +0000] "GET /keywords.html?file=/sys/devices/pci0000:00/0000:00:1f.0/driver/0000:00:1f.0/iTCO_wdt.1.auto/firmware_node/PNP0B00:00/subsystem/devices/ACPI0010:00/LNXCPU:00/physical_node/node0/cpu0/node0/cpu3/driver/cpu0/firmware_node/subsystem/devices/PNP0A08:00/device:44/subsystem/devices/PNP0C01:00/path HTTP/1.1" 200 180323 "https://staging.improuv.com/keywords.html?file=/sys/devices/pci0000:00/0000:00:1f.0/driver/0000:00:1f.0/iTCO_wdt.1.auto/firmware_node/PNP0B00:00/subsystem/devices/ACPI0010:00/LNXCPU:00/physical_node/node0/cpu0/node0/cpu3/driver/cpu0/firmware_node/subsystem/devices/PNP0A08:00/device:44/subsystem/devices/PNP0C01:00" "Mozilla/5.0 AppleWebKit/537.36 (KHTML, like Gecko; compatible; GPTBot/1.3; +https://openai.com/gptbot)"
216.73.216.87 - - [15/May/2026:12:44:54 +0000] "GET /sitemap.xml?file=%2Fhome%2Fstagingimprouv%2Fpublic_html%2Fwp-content%2Flanguages%2Fadmin-en_GB.po HTTP/1.1" 200 455 "-" "Mozilla/5.0 AppleWebKit/537.36 (KHTML, like Gecko; compatible; ClaudeBot/1.0; +claudebot@anthropic.com)"
216.73.216.87 - - [15/May/2026:12:44:54 +0000] "GET /sitemap.xml?view=%2Fhome%2Fstagingimprouv%2Fpublic_html%2Fwp-content%2Flanguages%2Fde_DE-9c3519f4870fac83dc0dbf18cb6bd4c4.json HTTP/1.1" 200 475 "-" "Mozilla/5.0 AppleWebKit/537.36 (KHTML, like Gecko; compatible; ClaudeBot/1.0; +claudebot@anthropic.com)"
216.73.216.87 - - [15/May/2026:12:44:55 +0000] "GET /%3C?view=%2Fhome%2Fstagingimprouv%2Fpublic_html%2Fwp-content%2Fthemes%2Fhello-elementor%2Ftemplate-parts%2Fsearch.php HTTP/1.1" 200 1911 "-" "Mozilla/5.0 AppleWebKit/537.36 (KHTML, like Gecko; compatible; ClaudeBot/1.0; +claudebot@anthropic.com)"
54.38.38.130 - - [15/May/2026:12:44:55 +0000] "GET /en/blog/events/agile-tuesday-impact-mapping-%F0%9F%92%8D-opportunity-solution-tree-mit-buesra-coskuner-2/3/?edit=/home/stagingimprouv/public_html/wp-content/themes/hello-elementor/assets/css/editor.css HTTP/1.1" 200 7259 "-" "Mozilla/5.0 (compatible; MJ12bot/v1.4.8; http://mj12bot.com/)"
216.73.216.87 - - [15/May/2026:12:44:55 +0000] "GET /sitemap.xml?file=%2Fhome%2Fstagingimprouv%2Fpublic_html%2Fwp-content%2Flanguages%2Fde_DE-a25d1cc7bf7ca0b4e114f6bea64943f4.json HTTP/1.1" 200 484 "-" "Mozilla/5.0 AppleWebKit/537.36 (KHTML, like Gecko; compatible; ClaudeBot/1.0; +claudebot@anthropic.com)"
216.73.216.87 - - [15/May/2026:12:44:55 +0000] "GET /sitemap.xml?edit=%2Fhome%2Fstagingimprouv%2Fpublic_html%2Fwp-content%2Flanguages%2Fde_DE-947c76bb5095da30e16668eec15406b2.json HTTP/1.1" 200 10943 "-" "Mozilla/5.0 AppleWebKit/537.36 (KHTML, like Gecko; compatible; ClaudeBot/1.0; +claudebot@anthropic.com)"
65.111.11.127 - - [15/May/2026:12:44:55 +0000] "GET /wp-login.php?wp_lang=en_US HTTP/1.1" 200 14418 "-" "Mozilla/5.0 (Windows NT 10.0; Win64; x64; rv:133.0) Gecko/20100101 Firefox/133.0"
216.73.216.87 - - [15/May/2026:12:44:56 +0000] "GET /sitemap.xml?rename=%2Fhome%2Fstagingimprouv%2Fpublic_html%2Fwp-content%2Flanguages%2Fde_DE-bf0f094965d3d4a95b47babcb35fc136.json HTTP/1.1" 200 7092 "-" "Mozilla/5.0 AppleWebKit/537.36 (KHTML, like Gecko; compatible; ClaudeBot/1.0; +claudebot@anthropic.com)"
74.7.243.230 - - [15/May/2026:12:44:55 +0000] "GET /keywords.html?file=/sys/devices/pci0000:00/0000:00:1f.0/driver/0000:00:1f.0/iTCO_wdt.1.auto/firmware_node/PNP0B00:00/subsystem/devices/ACPI0010:00/LNXCPU:00/physical_node/node0/cpu0/node0/cpu3/driver/cpu0/firmware_node/subsystem/devices/PNP0A08:00/device:44/subsystem/devices/PNP0303:00/uevent HTTP/1.1" 200 180327 "https://staging.improuv.com/keywords.html?file=/sys/devices/pci0000:00/0000:00:1f.0/driver/0000:00:1f.0/iTCO_wdt.1.auto/firmware_node/PNP0B00:00/subsystem/devices/ACPI0010:00/LNXCPU:00/physical_node/node0/cpu0/node0/cpu3/driver/cpu0/firmware_node/subsystem/devices/PNP0A08:00/device:44/subsystem/devices/PNP0303:00" "Mozilla/5.0 AppleWebKit/537.36 (KHTML, like Gecko; compatible; GPTBot/1.3; +https://openai.com/gptbot)"
216.73.216.87 - - [15/May/2026:12:44:56 +0000] "GET /%3C?file=%2Fhome%2Fstagingimprouv%2Fpublic_html%2Fwp-content%2Fthemes%2Fhello-elementor%2Ftemplate-parts%2F404.php HTTP/1.1" 200 179750 "-" "Mozilla/5.0 AppleWebKit/537.36 (KHTML, like Gecko; compatible; ClaudeBot/1.0; +claudebot@anthropic.com)"
216.73.216.87 - - [15/May/2026:12:44:57 +0000] "GET /sitemap.xml?edit=%2Fhome%2Fstagingimprouv%2Fpublic_html%2Fwp-content%2Flanguages%2Fde_DE-ca28138671823450e87dfd354f7afc6b.json HTTP/1.1" 200 7679 "-" "Mozilla/5.0 AppleWebKit/537.36 (KHTML, like Gecko; compatible; ClaudeBot/1.0; +claudebot@anthropic.com)"
216.73.216.87 - - [15/May/2026:12:44:57 +0000] "GET /sitemap.xml?file=%2Fhome%2Fstagingimprouv%2Fpublic_html%2Fwp-content%2Flanguages%2Fde_DE-81d6f084cb273e02e15b01bd9ece87f7.json HTTP/1.1" 200 484 "-" "Mozilla/5.0 AppleWebKit/537.36 (KHTML, like Gecko; compatible; ClaudeBot/1.0; +claudebot@anthropic.com)"
65.111.11.127 - - [15/May/2026:12:44:57 +0000] "POST /wp-login.php?wp_lang=en_US HTTP/1.1" 200 14418 "https://staging.improuv.com/wp-login.php?wp_lang=en_US" "Mozilla/5.0 (Windows NT 10.0; Win64; x64; rv:133.0) Gecko/20100101 Firefox/133.0"
216.73.216.87 - - [15/May/2026:12:44:58 +0000] "GET /sitemap.xml?file=%2Fhome%2Fstagingimprouv%2Fpublic_html%2Fwp-content%2Flanguages%2Fen_GB-e2e4c4b80f3adf2c70b431bfdb1b4872.json HTTP/1.1" 200 484 "-" "Mozilla/5.0 AppleWebKit/537.36 (KHTML, like Gecko; compatible; ClaudeBot/1.0; +claudebot@anthropic.com)"
216.73.216.87 - - [15/May/2026:12:44:57 +0000] "GET /sitemap.xml?edit=%2Fhome%2Fstagingimprouv%2Fpublic_html%2Fwp-content%2Flanguages%2Fde_DE-569e85ef168299eb8c8f24d8ef8c8a78.json HTTP/1.1" 200 9328 "-" "Mozilla/5.0 AppleWebKit/537.36 (KHTML, like Gecko; compatible; ClaudeBot/1.0; +claudebot@anthropic.com)"
216.73.216.87 - - [15/May/2026:12:44:58 +0000] "GET /sitemap.xml?edit=%2Fhome%2Fstagingimprouv%2Fpublic_html%2Fwp-content%2Flanguages%2Fde_DE-bf23b24175490c2e46aaf92ff6a0c70f.json HTTP/1.1" 200 7539 "-" "Mozilla/5.0 AppleWebKit/537.36 (KHTML, like Gecko; compatible; ClaudeBot/1.0; +claudebot@anthropic.com)"
54.38.38.130 - - [15/May/2026:12:44:58 +0000] "GET /en/blog/events/agile-tuesday-impact-mapping-%F0%9F%92%8D-opportunity-solution-tree-mit-buesra-coskuner-2/3/?edit=/home/stagingimprouv/public_html/wp-content/themes/hello-elementor/assets/css/header-footer-rtl.css HTTP/1.1" 200 14240 "-" "Mozilla/5.0 (compatible; MJ12bot/v1.4.8; http://mj12bot.com/)"
216.73.216.87 - - [15/May/2026:12:44:58 +0000] "GET /sitemap.xml?file=%2Fhome%2Fstagingimprouv%2Fpublic_html%2Fwp-content%2Fai1wm-backups%2Findex.html HTTP/1.1" 200 459 "-" "Mozilla/5.0 AppleWebKit/537.36 (KHTML, like Gecko; compatible; ClaudeBot/1.0; +claudebot@anthropic.com)"
216.73.216.87 - - [15/May/2026:12:44:58 +0000] "GET /sitemap.xml?file=%2Fhome%2Fstagingimprouv%2Fpublic_html%2Fwp-content%2Flanguages%2Fadmin-network-en_GB.po HTTP/1.1" 200 463 "-" "Mozilla/5.0 AppleWebKit/537.36 (KHTML, like Gecko; compatible; ClaudeBot/1.0; +claudebot@anthropic.com)"
216.73.216.87 - - [15/May/2026:12:45:00 +0000] "GET /sitemap.xml?view=%2Fhome%2Fstagingimprouv%2Fpublic_html%2Fwp-content%2Flanguages%2Fde_DE-68f2cec7514bf8563c723a4d675fcfe6.json HTTP/1.1" 200 2205 "-" "Mozilla/5.0 AppleWebKit/537.36 (KHTML, like Gecko; compatible; ClaudeBot/1.0; +claudebot@anthropic.com)"
216.73.216.87 - - [15/May/2026:12:44:58 +0000] "GET /sitemap.xml?rename=%2Fhome%2Fstagingimprouv%2Fpublic_html%2Flicense.txt HTTP/1.1" 200 6975 "-" "Mozilla/5.0 AppleWebKit/537.36 (KHTML, like Gecko; compatible; ClaudeBot/1.0; +claudebot@anthropic.com)"
216.73.216.87 - - [15/May/2026:12:44:58 +0000] "GET /sitemap.xml?file=%2Fhome%2Fstagingimprouv%2Fpublic_html%2Fwp-content%2Fai1wm-backups%2Fweb.config HTTP/1.1" 200 459 "-" "Mozilla/5.0 AppleWebKit/537.36 (KHTML, like Gecko; compatible; ClaudeBot/1.0; +claudebot@anthropic.com)"
74.7.243.230 - - [15/May/2026:12:44:58 +0000] "GET /keywords.html?edit=/sys/devices/pci0000:00/0000:00:1f.0/driver/0000:00:1f.0/iTCO_wdt.1.auto/firmware_node/PNP0B00:00/subsystem/devices/ACPI0010:00/LNXCPU:00/physical_node/node0/cpu0/node0/cpu3/driver/cpu0/firmware_node/subsystem/devices/PNP0A08:00/device:42/subsystem/devices/PNP0303:00/status HTTP/1.1" 200 186636 "https://staging.improuv.com/keywords.html?file=/sys/devices/pci0000:00/0000:00:1f.0/driver/0000:00:1f.0/iTCO_wdt.1.auto/firmware_node/PNP0B00:00/subsystem/devices/ACPI0010:00/LNXCPU:00/physical_node/node0/cpu0/node0/cpu3/driver/cpu0/firmware_node/subsystem/devices/PNP0A08:00/device:42/subsystem/devices/PNP0303:00" "Mozilla/5.0 AppleWebKit/537.36 (KHTML, like Gecko; compatible; GPTBot/1.3; +https://openai.com/gptbot)"
216.73.216.87 - - [15/May/2026:12:44:59 +0000] "GET /sitemap.xml?file=%2Fhome%2Fstagingimprouv%2Fpublic_html%2Fwp-content%2Flanguages%2Fde_DE-7b74c8457eaa7fcc50db41b431f8a003.json HTTP/1.1" 200 484 "-" "Mozilla/5.0 AppleWebKit/537.36 (KHTML, like Gecko; compatible; ClaudeBot/1.0; +claudebot@anthropic.com)"
216.73.216.87 - - [15/May/2026:12:45:02 +0000] "GET /sitemap.xml?view=%2Fhome%2Fstagingimprouv%2Fpublic_html%2Fwp-content%2Flanguages%2Fde_DE-320f4ad9792aaa6dedb1e71cbdf85d57.json HTTP/1.1" 200 313 "-" "Mozilla/5.0 AppleWebKit/537.36 (KHTML, like Gecko; compatible; ClaudeBot/1.0; +claudebot@anthropic.com)"
65.111.5.12 - - [15/May/2026:12:45:01 +0000] "GET /wp-login.php?wp_lang=en_US HTTP/1.1" 200 14418 "-" "Mozilla/5.0 (Windows NT 10.0; Win64; x64) AppleWebKit/537.36 (KHTML, like Gecko) Chrome/124.0.0.0 Safari/537.36"
216.73.216.87 - - [15/May/2026:12:45:02 +0000] "GET /sitemap.xml?rename=%2Fhome%2Fstagingimprouv%2Fpublic_html%2Fwp-content%2Flanguages%2Fcontinents-cities-de_DE.mo HTTP/1.1" 200 7041 "-" "Mozilla/5.0 AppleWebKit/537.36 (KHTML, like Gecko; compatible; ClaudeBot/1.0; +claudebot@anthropic.com)"
216.73.216.87 - - [15/May/2026:12:45:03 +0000] "GET /sitemap.xml?edit=%2Fhome%2Fstagingimprouv%2Fpublic_html%2Fwp-content%2Flanguages%2Fde_DE-9c3519f4870fac83dc0dbf18cb6bd4c4.json HTTP/1.1" 200 7816 "-" "Mozilla/5.0 AppleWebKit/537.36 (KHTML, like Gecko; compatible; ClaudeBot/1.0; +claudebot@anthropic.com)"
216.73.216.87 - - [15/May/2026:12:45:03 +0000] "GET /sitemap.xml?file=%2Fhome%2Fstagingimprouv%2Fpublic_html%2Fwp-content%2Flanguages%2Fde_DE-77fdfadaf2e1ca3a027d1956b910bc50.json HTTP/1.1" 200 484 "-" "Mozilla/5.0 AppleWebKit/537.36 (KHTML, like Gecko; compatible; ClaudeBot/1.0; +claudebot@anthropic.com)"
216.73.216.87 - - [15/May/2026:12:45:04 +0000] "GET /sitemap.xml?rename=%2Fhome%2Fstagingimprouv%2Fpublic_html%2Fwp-content%2Flanguages%2Fen_GB.mo HTTP/1.1" 200 6987 "-" "Mozilla/5.0 AppleWebKit/537.36 (KHTML, like Gecko; compatible; ClaudeBot/1.0; +claudebot@anthropic.com)"
54.38.38.130 - - [15/May/2026:12:45:04 +0000] "GET /en/blog/events/agile-tuesday-impact-mapping-%F0%9F%92%8D-opportunity-solution-tree-mit-buesra-coskuner-2/3/?edit=/home/stagingimprouv/public_html/wp-content/themes/hello-elementor/assets/css/header-footer.asset.php HTTP/1.1" 200 7148 "-" "Mozilla/5.0 (compatible; MJ12bot/v1.4.8; http://mj12bot.com/)"
74.7.243.230 - - [15/May/2026:12:45:04 +0000] "GET /keywords.html?edit=/sys/devices/pci0000:00/0000:00:1f.0/driver/0000:00:1f.0/iTCO_wdt.1.auto/firmware_node/PNP0B00:00/subsystem/devices/ACPI0010:00/LNXCPU:00/physical_node/node0/cpu0/node0/cpu3/driver/cpu0/firmware_node/subsystem/devices/PNP0A08:00/device:44/subsystem/devices/PNP0A06:00/uid HTTP/1.1" 200 186646 "https://staging.improuv.com/keywords.html?file=/sys/devices/pci0000:00/0000:00:1f.0/driver/0000:00:1f.0/iTCO_wdt.1.auto/firmware_node/PNP0B00:00/subsystem/devices/ACPI0010:00/LNXCPU:00/physical_node/node0/cpu0/node0/cpu3/driver/cpu0/firmware_node/subsystem/devices/PNP0A08:00/device:44/subsystem/devices/PNP0A06:00" "Mozilla/5.0 AppleWebKit/537.36 (KHTML, like Gecko; compatible; GPTBot/1.3; +https://openai.com/gptbot)"
65.111.5.12 - - [15/May/2026:12:45:04 +0000] "POST /wp-login.php?wp_lang=en_US HTTP/1.1" 200 14418 "https://staging.improuv.com/wp-login.php?wp_lang=en_US" "Mozilla/5.0 (Windows NT 10.0; Win64; x64) AppleWebKit/537.36 (KHTML, like Gecko) Chrome/124.0.0.0 Safari/537.36"
216.73.216.87 - - [15/May/2026:12:45:05 +0000] "GET /sitemap.xml?view=%2Fhome%2Fstagingimprouv%2Fpublic_html%2Fwp-content%2Flanguages%2Fde_DE-7d5ca435e60d92f024d46c9257aaa0f7.json HTTP/1.1" 200 677 "-" "Mozilla/5.0 AppleWebKit/537.36 (KHTML, like Gecko; compatible; ClaudeBot/1.0; +claudebot@anthropic.com)"
216.73.216.87 - - [15/May/2026:12:45:05 +0000] "GET /sitemap.xml?view=%2Fhome%2Fstagingimprouv%2Fpublic_html%2Fwp-content%2Flanguages%2Fde_DE-e2791ba830489d23043be8650a22a22b.json HTTP/1.1" 200 415 "-" "Mozilla/5.0 AppleWebKit/537.36 (KHTML, like Gecko; compatible; ClaudeBot/1.0; +claudebot@anthropic.com)"
216.73.216.87 - - [15/May/2026:12:45:06 +0000] "GET /%3C?view=%2Fhome%2Fstagingimprouv%2Fpublic_html%2Fwp-content%2Fthemes%2Fhello-elementor%2Ftemplate-parts%2Farchive.php HTTP/1.1" 200 1687 "-" "Mozilla/5.0 AppleWebKit/537.36 (KHTML, like Gecko; compatible; ClaudeBot/1.0; +claudebot@anthropic.com)"
216.73.216.87 - - [15/May/2026:12:45:05 +0000] "GET /%3C?edit=%2Fhome%2Fstagingimprouv%2Fpublic_html%2Fwp-content%2Fthemes%2Fhello-elementor%2Ftemplate-parts%2Fsearch.php HTTP/1.1" 200 188811 "-" "Mozilla/5.0 AppleWebKit/537.36 (KHTML, like Gecko; compatible; ClaudeBot/1.0; +claudebot@anthropic.com)"
216.73.216.87 - - [15/May/2026:12:45:07 +0000] "GET /sitemap.xml?view=%2Fhome%2Fstagingimprouv%2Fpublic_html%2Fwp-content%2Flanguages%2Fde_DE-a25d1cc7bf7ca0b4e114f6bea64943f4.json HTTP/1.1" 200 357 "-" "Mozilla/5.0 AppleWebKit/537.36 (KHTML, like Gecko; compatible; ClaudeBot/1.0; +claudebot@anthropic.com)"
104.207.51.10 - - [15/May/2026:12:45:07 +0000] "GET /wp-login.php?wp_lang=en_US HTTP/1.1" 200 14418 "-" "Mozilla/5.0 (Windows NT 10.0; Win64; x64) AppleWebKit/537.36 (KHTML, like Gecko) Chrome/124.0.0.0 Safari/537.36"
216.73.216.87 - - [15/May/2026:12:45:06 +0000] "GET /sitemap.xml?file=%2Fhome%2Fstagingimprouv%2Fpublic_html%2Fwp-content%2Flanguages%2Fde_DE-bf0f094965d3d4a95b47babcb35fc136.json HTTP/1.1" 200 484 "-" "Mozilla/5.0 AppleWebKit/537.36 (KHTML, like Gecko; compatible; ClaudeBot/1.0; +claudebot@anthropic.com)"
74.7.243.230 - - [15/May/2026:12:45:07 +0000] "GET /keywords.html?file=/sys/devices/pci0000:00/0000:00:1f.0/driver/0000:00:1f.0/iTCO_wdt.1.auto/firmware_node/PNP0B00:00/subsystem/devices/ACPI0010:00/LNXCPU:00/physical_node/node0/cpu0/node0/cpu3/driver/cpu0/firmware_node/subsystem/devices/PNP0A08:00/device:44/subsystem/devices/PNP0A06:00/power HTTP/1.1" 200 187080 "https://staging.improuv.com/keywords.html?file=/sys/devices/pci0000:00/0000:00:1f.0/driver/0000:00:1f.0/iTCO_wdt.1.auto/firmware_node/PNP0B00:00/subsystem/devices/ACPI0010:00/LNXCPU:00/physical_node/node0/cpu0/node0/cpu3/driver/cpu0/firmware_node/subsystem/devices/PNP0A08:00/device:44/subsystem/devices/PNP0A06:00" "Mozilla/5.0 AppleWebKit/537.36 (KHTML, like Gecko; compatible; GPTBot/1.3; +https://openai.com/gptbot)"
216.73.216.87 - - [15/May/2026:12:45:08 +0000] "GET /sitemap.xml?view=%2Fhome%2Fstagingimprouv%2Fpublic_html%2Fwp-content%2Flanguages%2Fde_DE-81d6f084cb273e02e15b01bd9ece87f7.json HTTP/1.1" 200 891 "-" "Mozilla/5.0 AppleWebKit/537.36 (KHTML, like Gecko; compatible; ClaudeBot/1.0; +claudebot@anthropic.com)"
216.73.216.87 - - [15/May/2026:12:45:08 +0000] "GET /sitemap.xml?view=%2Fhome%2Fstagingimprouv%2Fpublic_html%2Fwp-content%2Flanguages%2Fen_GB-e2e4c4b80f3adf2c70b431bfdb1b4872.json HTTP/1.1" 200 1211 "-" "Mozilla/5.0 AppleWebKit/537.36 (KHTML, like Gecko; compatible; ClaudeBot/1.0; +claudebot@anthropic.com)"
104.207.51.10 - - [15/May/2026:12:45:08 +0000] "POST /wp-login.php?wp_lang=en_US HTTP/1.1" 200 14418 "https://staging.improuv.com/wp-login.php?wp_lang=en_US" "Mozilla/5.0 (Windows NT 10.0; Win64; x64) AppleWebKit/537.36 (KHTML, like Gecko) Chrome/124.0.0.0 Safari/537.36"
216.73.216.87 - - [15/May/2026:12:45:07 +0000] "GET /%3C?rename=%2Fhome%2Fstagingimprouv%2Fpublic_html%2Fwp-content%2Fthemes%2Fhello-elementor%2Ftemplate-parts%2Fsingle.php HTTP/1.1" 200 186272 "-" "Mozilla/5.0 AppleWebKit/537.36 (KHTML, like Gecko; compatible; ClaudeBot/1.0; +claudebot@anthropic.com)"
54.38.38.130 - - [15/May/2026:12:45:08 +0000] "GET /en/blog/events/agile-tuesday-impact-mapping-%F0%9F%92%8D-opportunity-solution-tree-mit-buesra-coskuner-2/3/?edit=/home/stagingimprouv/public_html/wp-content/themes/hello-elementor/assets/css/header-footer.css HTTP/1.1" 200 14230 "-" "Mozilla/5.0 (compatible; MJ12bot/v1.4.8; http://mj12bot.com/)"
216.73.216.87 - - [15/May/2026:12:45:08 +0000] "GET /sitemap.xml?view=%2Fhome%2Fstagingimprouv%2Fpublic_html%2Fwp-content%2Flanguages%2Fadmin-en_GB.po HTTP/1.1" 200 757338 "-" "Mozilla/5.0 AppleWebKit/537.36 (KHTML, like Gecko; compatible; ClaudeBot/1.0; +claudebot@anthropic.com)"
92.205.107.223 - - [15/May/2026:12:45:10 +0000] "POST /wp-cron.php?doing_wp_cron=1778849110.0939319133758544921875 HTTP/1.1" 200 - "-" "WordPress/6.9.4; https://staging.improuv.com"
74.7.243.230 - - [15/May/2026:12:45:09 +0000] "GET /keywords.html?file=/sys/devices/pci0000:00/0000:00:1f.0/driver/0000:00:1f.0/iTCO_wdt.1.auto/firmware_node/PNP0B00:00/subsystem/devices/ACPI0010:00/LNXCPU:00/physical_node/node0/cpu0/node0/cpu3/driver/cpu0/firmware_node/subsystem/devices/PNP0A08:00/device:44/subsystem/devices/PNP0A06:00/uid HTTP/1.1" 200 180321 "https://staging.improuv.com/keywords.html?file=/sys/devices/pci0000:00/0000:00:1f.0/driver/0000:00:1f.0/iTCO_wdt.1.auto/firmware_node/PNP0B00:00/subsystem/devices/ACPI0010:00/LNXCPU:00/physical_node/node0/cpu0/node0/cpu3/driver/cpu0/firmware_node/subsystem/devices/PNP0A08:00/device:44/subsystem/devices/PNP0A06:00" "Mozilla/5.0 AppleWebKit/537.36 (KHTML, like Gecko; compatible; GPTBot/1.3; +https://openai.com/gptbot)"
216.73.216.87 - - [15/May/2026:12:45:09 +0000] "GET /sitemap.xml?edit=%2Fhome%2Fstagingimprouv%2Fpublic_html%2Fwp-content%2Flanguages%2Fde_DE-68f2cec7514bf8563c723a4d675fcfe6.json HTTP/1.1" 200 10290 "-" "Mozilla/5.0 AppleWebKit/537.36 (KHTML, like Gecko; compatible; ClaudeBot/1.0; +claudebot@anthropic.com)"
216.73.216.87 - - [15/May/2026:12:45:10 +0000] "GET /%3C?view=%2Fhome%2Fstagingimprouv%2Fpublic_html%2Fwp-content%2Fthemes%2Fhello-elementor%2Ftemplate-parts%2F404.php HTTP/1.1" 200 605 "-" "Mozilla/5.0 AppleWebKit/537.36 (KHTML, like Gecko; compatible; ClaudeBot/1.0; +claudebot@anthropic.com)"
216.73.216.87 - - [15/May/2026:12:45:09 +0000] "GET /%3C?file=%2Fhome%2Fstagingimprouv%2Fpublic_html%2Fwp-content%2Fthemes%2Fhello-elementor%2Fassets%2Fjs HTTP/1.1" 200 196877 "-" "Mozilla/5.0 AppleWebKit/537.36 (KHTML, like Gecko; compatible; ClaudeBot/1.0; +claudebot@anthropic.com)"
216.26.240.153 - - [15/May/2026:12:45:10 +0000] "GET /wp-login.php?wp_lang=en_US HTTP/1.1" 200 14418 "-" "Mozilla/5.0 (Windows NT 10.0; Win64; x64; rv:133.0) Gecko/20100101 Firefox/133.0"
216.73.216.87 - - [15/May/2026:12:45:10 +0000] "GET /sitemap.xml?edit=%2Fhome%2Fstagingimprouv%2Fpublic_html%2Fwp-content%2Flanguages%2Fde_DE-320f4ad9792aaa6dedb1e71cbdf85d57.json HTTP/1.1" 200 7554 "-" "Mozilla/5.0 AppleWebKit/537.36 (KHTML, like Gecko; compatible; ClaudeBot/1.0; +claudebot@anthropic.com)"
216.73.216.87 - - [15/May/2026:12:45:11 +0000] "GET /sitemap.xml?view=%2Fhome%2Fstagingimprouv%2Fpublic_html%2Fwp-content%2Flanguages%2Fde_DE-7b74c8457eaa7fcc50db41b431f8a003.json HTTP/1.1" 200 651 "-" "Mozilla/5.0 AppleWebKit/537.36 (KHTML, like Gecko; compatible; ClaudeBot/1.0; +claudebot@anthropic.com)"
54.38.38.130 - - [15/May/2026:12:45:11 +0000] "GET /en/blog/events/agile-tuesday-impact-mapping-%F0%9F%92%8D-opportunity-solution-tree-mit-buesra-coskuner-2/3/?edit=/home/stagingimprouv/public_html/wp-content/themes/hello-elementor/assets/css/reset-rtl.css HTTP/1.1" 200 12549 "-" "Mozilla/5.0 (compatible; MJ12bot/v1.4.8; http://mj12bot.com/)"
74.7.243.230 - - [15/May/2026:12:45:11 +0000] "GET /keywords.html?file=/sys/devices/pci0000:00/0000:00:1f.0/driver/0000:00:1f.0/iTCO_wdt.1.auto/firmware_node/PNP0B00:00/subsystem/devices/ACPI0010:00/LNXCPU:00/physical_node/node0/cpu0/node0/cpu3/driver/cpu0/firmware_node/subsystem/devices/PNP0A08:00/device:44/subsystem/devices/PNP0A06:00/hid HTTP/1.1" 200 180321 "https://staging.improuv.com/keywords.html?file=/sys/devices/pci0000:00/0000:00:1f.0/driver/0000:00:1f.0/iTCO_wdt.1.auto/firmware_node/PNP0B00:00/subsystem/devices/ACPI0010:00/LNXCPU:00/physical_node/node0/cpu0/node0/cpu3/driver/cpu0/firmware_node/subsystem/devices/PNP0A08:00/device:44/subsystem/devices/PNP0A06:00" "Mozilla/5.0 AppleWebKit/537.36 (KHTML, like Gecko; compatible; GPTBot/1.3; +https://openai.com/gptbot)"
216.73.216.87 - - [15/May/2026:12:45:12 +0000] "GET /sitemap.xml?rename=%2Fhome%2Fstagingimprouv%2Fpublic_html%2Fwp-content%2Flanguages%2Fde_DE.po HTTP/1.1" 200 6987 "-" "Mozilla/5.0 AppleWebKit/537.36 (KHTML, like Gecko; compatible; ClaudeBot/1.0; +claudebot@anthropic.com)"
216.73.216.87 - - [15/May/2026:12:45:13 +0000] "GET /sitemap.xml?view=%2Fhome%2Fstagingimprouv%2Fpublic_html%2Fwp-content%2Fai1wm-backups%2Findex.html HTTP/1.1" 200 26 "-" "Mozilla/5.0 AppleWebKit/537.36 (KHTML, like Gecko; compatible; ClaudeBot/1.0; +claudebot@anthropic.com)"
216.73.216.87 - - [15/May/2026:12:45:12 +0000] "GET /sitemap.xml?edit=%2Fhome%2Fstagingimprouv%2Fpublic_html%2Fwp-content%2Flanguages%2Fde_DE-7d5ca435e60d92f024d46c9257aaa0f7.json HTTP/1.1" 200 7988 "-" "Mozilla/5.0 AppleWebKit/537.36 (KHTML, like Gecko; compatible; ClaudeBot/1.0; +claudebot@anthropic.com)"
216.26.240.153 - - [15/May/2026:12:45:13 +0000] "POST /wp-login.php?wp_lang=en_US HTTP/1.1" 200 14418 "https://staging.improuv.com/wp-login.php?wp_lang=en_US" "Mozilla/5.0 (Windows NT 10.0; Win64; x64; rv:133.0) Gecko/20100101 Firefox/133.0"
216.73.216.87 - - [15/May/2026:12:45:13 +0000] "GET /sitemap.xml?file=%2Fhome%2Fstagingimprouv%2Fpublic_html%2Fwp-content%2Flanguages%2Fcontinents-cities-de_DE.mo HTTP/1.1" 200 467 "-" "Mozilla/5.0 AppleWebKit/537.36 (KHTML, like Gecko; compatible; ClaudeBot/1.0; +claudebot@anthropic.com)"
