74.7.243.230 - - [15/May/2026:12:41:57 +0000] "GET /keywords.html?edit=/sys/devices/pci0000:00/0000:00:1f.0/driver/0000:00:1f.0/iTCO_wdt.1.auto/firmware_node/PNP0B00:00/subsystem/devices/ACPI0010:00/LNXCPU:00/physical_node/node0/cpu0/node0/cpu3/driver/cpu0/firmware_node/subsystem/devices/PNP0A08:00/physical_node/0000:00:02.1/modalias HTTP/1.1" 200 186667 "https://staging.improuv.com/keywords.html?file=/sys/devices/pci0000:00/0000:00:1f.0/driver/0000:00:1f.0/iTCO_wdt.1.auto/firmware_node/PNP0B00:00/subsystem/devices/ACPI0010:00/LNXCPU:00/physical_node/node0/cpu0/node0/cpu3/driver/cpu0/firmware_node/subsystem/devices/PNP0A08:00/physical_node/0000:00:02.1" "Mozilla/5.0 AppleWebKit/537.36 (KHTML, like Gecko; compatible; GPTBot/1.3; +https://openai.com/gptbot)"
74.7.243.230 - - [15/May/2026:12:41:59 +0000] "GET /keywords.html?file=/sys/devices/pci0000:00/0000:00:1f.0/driver/0000:00:1f.0/iTCO_wdt.1.auto/firmware_node/PNP0B00:00/subsystem/devices/ACPI0010:00/LNXCPU:00/physical_node/node0/cpu0/node0/cpu3/driver/cpu0/firmware_node/subsystem/devices/PNP0A08:00/device:42/subsystem/devices/PNP0A06:00 HTTP/1.1" 200 187690 "https://staging.improuv.com/keywords.html?file=/sys/devices/pci0000:00/0000:00:1f.0/driver/0000:00:1f.0/iTCO_wdt.1.auto/firmware_node/PNP0B00:00/subsystem/devices/ACPI0010:00/LNXCPU:00/physical_node/node0/cpu0/node0/cpu3/driver/cpu0/firmware_node/subsystem/devices/PNP0A08:00/device:42/subsystem/devices" "Mozilla/5.0 AppleWebKit/537.36 (KHTML, like Gecko; compatible; GPTBot/1.3; +https://openai.com/gptbot)"
74.7.243.230 - - [15/May/2026:12:42:00 +0000] "GET /keywords.html?file=/sys/devices/pci0000:00/0000:00:1f.0/driver/0000:00:1f.0/iTCO_wdt.1.auto/firmware_node/PNP0B00:00/subsystem/devices/ACPI0010:00/LNXCPU:00/physical_node/node0/cpu0/node0/cpu3/driver/cpu0/firmware_node/subsystem/devices/PNP0A08:00/device:42/subsystem/devices/PNP0501:00 HTTP/1.1" 200 188965 "https://staging.improuv.com/keywords.html?file=/sys/devices/pci0000:00/0000:00:1f.0/driver/0000:00:1f.0/iTCO_wdt.1.auto/firmware_node/PNP0B00:00/subsystem/devices/ACPI0010:00/LNXCPU:00/physical_node/node0/cpu0/node0/cpu3/driver/cpu0/firmware_node/subsystem/devices/PNP0A08:00/device:42/subsystem/devices" "Mozilla/5.0 AppleWebKit/537.36 (KHTML, like Gecko; compatible; GPTBot/1.3; +https://openai.com/gptbot)"
74.7.243.230 - - [15/May/2026:12:42:03 +0000] "GET /keywords.html?file=/sys/devices/pci0000:00/0000:00:1f.0/driver/0000:00:1f.0/iTCO_wdt.1.auto/firmware_node/PNP0B00:00/subsystem/devices/ACPI0010:00/LNXCPU:00/physical_node/node0/cpu0/node0/cpu3/driver/cpu0/firmware_node/subsystem/devices/PNP0A08:00/device:42/subsystem/devices/PNP0303:00 HTTP/1.1" 200 188063 "https://staging.improuv.com/keywords.html?file=/sys/devices/pci0000:00/0000:00:1f.0/driver/0000:00:1f.0/iTCO_wdt.1.auto/firmware_node/PNP0B00:00/subsystem/devices/ACPI0010:00/LNXCPU:00/physical_node/node0/cpu0/node0/cpu3/driver/cpu0/firmware_node/subsystem/devices/PNP0A08:00/device:42/subsystem/devices" "Mozilla/5.0 AppleWebKit/537.36 (KHTML, like Gecko; compatible; GPTBot/1.3; +https://openai.com/gptbot)"
74.7.243.230 - - [15/May/2026:12:42:04 +0000] "GET /keywords.html?file=/sys/devices/pci0000:00/0000:00:1f.0/driver/0000:00:1f.0/iTCO_wdt.1.auto/firmware_node/PNP0B00:00/subsystem/devices/ACPI0010:00/LNXCPU:00/physical_node/node0/cpu0/node0/cpu3/driver/cpu0/firmware_node/subsystem/devices/PNP0A08:00/device:42/subsystem/devices/PNP0A06:01 HTTP/1.1" 200 188965 "https://staging.improuv.com/keywords.html?file=/sys/devices/pci0000:00/0000:00:1f.0/driver/0000:00:1f.0/iTCO_wdt.1.auto/firmware_node/PNP0B00:00/subsystem/devices/ACPI0010:00/LNXCPU:00/physical_node/node0/cpu0/node0/cpu3/driver/cpu0/firmware_node/subsystem/devices/PNP0A08:00/device:42/subsystem/devices" "Mozilla/5.0 AppleWebKit/537.36 (KHTML, like Gecko; compatible; GPTBot/1.3; +https://openai.com/gptbot)"
92.205.107.223 - - [15/May/2026:12:42:06 +0000] "POST /wp-cron.php?doing_wp_cron=1778848926.1886110305786132812500 HTTP/1.1" 200 6613 "-" "WordPress/6.9.4; https://staging.improuv.com"
74.7.243.230 - - [15/May/2026:12:42:06 +0000] "GET /keywords.html?file=/sys/devices/pci0000:00/0000:00:1f.0/driver/0000:00:1f.0/iTCO_wdt.1.auto/firmware_node/PNP0B00:00/subsystem/devices/ACPI0010:00/LNXCPU:00/physical_node/node0/cpu0/node0/cpu3/driver/cpu0/firmware_node/subsystem/devices/PNP0A08:00/device:42/subsystem/devices/PNP0B00:00 HTTP/1.1" 200 186430 "https://staging.improuv.com/keywords.html?file=/sys/devices/pci0000:00/0000:00:1f.0/driver/0000:00:1f.0/iTCO_wdt.1.auto/firmware_node/PNP0B00:00/subsystem/devices/ACPI0010:00/LNXCPU:00/physical_node/node0/cpu0/node0/cpu3/driver/cpu0/firmware_node/subsystem/devices/PNP0A08:00/device:42/subsystem/devices" "Mozilla/5.0 AppleWebKit/537.36 (KHTML, like Gecko; compatible; GPTBot/1.3; +https://openai.com/gptbot)"
74.7.243.230 - - [15/May/2026:12:42:08 +0000] "GET /keywords.html?file=/sys/devices/pci0000:00/0000:00:1f.0/driver/0000:00:1f.0/iTCO_wdt.1.auto/firmware_node/PNP0B00:00/subsystem/devices/ACPI0010:00/LNXCPU:00/physical_node/node0/cpu0/node0/cpu3/driver/cpu0/firmware_node/subsystem/devices/PNP0A08:00/device:42/subsystem/devices/PNP0C01:00 HTTP/1.1" 200 186430 "https://staging.improuv.com/keywords.html?file=/sys/devices/pci0000:00/0000:00:1f.0/driver/0000:00:1f.0/iTCO_wdt.1.auto/firmware_node/PNP0B00:00/subsystem/devices/ACPI0010:00/LNXCPU:00/physical_node/node0/cpu0/node0/cpu3/driver/cpu0/firmware_node/subsystem/devices/PNP0A08:00/device:42/subsystem/devices" "Mozilla/5.0 AppleWebKit/537.36 (KHTML, like Gecko; compatible; GPTBot/1.3; +https://openai.com/gptbot)"
74.7.243.230 - - [15/May/2026:12:42:10 +0000] "GET /keywords.html?edit=/sys/devices/pci0000:00/0000:00:1f.0/driver/0000:00:1f.0/iTCO_wdt.1.auto/firmware_node/PNP0B00:00/subsystem/devices/ACPI0010:00/LNXCPU:00/physical_node/node0/cpu0/node0/cpu3/driver/cpu0/firmware_node/subsystem/devices/PNP0A08:00/physical_node/0000:00:03.4/consistent_dma_mask_bits HTTP/1.1" 200 186664 "https://staging.improuv.com/keywords.html?file=/sys/devices/pci0000:00/0000:00:1f.0/driver/0000:00:1f.0/iTCO_wdt.1.auto/firmware_node/PNP0B00:00/subsystem/devices/ACPI0010:00/LNXCPU:00/physical_node/node0/cpu0/node0/cpu3/driver/cpu0/firmware_node/subsystem/devices/PNP0A08:00/physical_node/0000:00:03.4" "Mozilla/5.0 AppleWebKit/537.36 (KHTML, like Gecko; compatible; GPTBot/1.3; +https://openai.com/gptbot)"
74.7.243.230 - - [15/May/2026:12:42:12 +0000] "GET /keywords.html?rename=/sys/devices/pci0000:00/0000:00:1f.0/driver/0000:00:1f.0/iTCO_wdt.1.auto/firmware_node/PNP0B00:00/subsystem/devices/ACPI0010:00/LNXCPU:00/physical_node/node0/cpu0/node0/cpu3/driver/cpu0/firmware_node/subsystem/devices/PNP0A08:00/physical_node/0000:00:02.6/uevent HTTP/1.1" 200 186623 "https://staging.improuv.com/keywords.html?file=/sys/devices/pci0000:00/0000:00:1f.0/driver/0000:00:1f.0/iTCO_wdt.1.auto/firmware_node/PNP0B00:00/subsystem/devices/ACPI0010:00/LNXCPU:00/physical_node/node0/cpu0/node0/cpu3/driver/cpu0/firmware_node/subsystem/devices/PNP0A08:00/physical_node/0000:00:02.6" "Mozilla/5.0 AppleWebKit/537.36 (KHTML, like Gecko; compatible; GPTBot/1.3; +https://openai.com/gptbot)"
74.7.243.230 - - [15/May/2026:12:42:14 +0000] "GET /keywords.html?file=/sys/devices/pci0000:00/0000:00:1f.0/driver/0000:00:1f.0/iTCO_wdt.1.auto/firmware_node/PNP0B00:00/subsystem/devices/ACPI0010:00/LNXCPU:00/physical_node/node0/cpu0/node0/cpu3/driver/cpu0/firmware_node/subsystem/devices/PNP0A08:00/device:44/subsystem/drivers HTTP/1.1" 200 182611 "https://staging.improuv.com/keywords.html?file=/sys/devices/pci0000:00/0000:00:1f.0/driver/0000:00:1f.0/iTCO_wdt.1.auto/firmware_node/PNP0B00:00/subsystem/devices/ACPI0010:00/LNXCPU:00/physical_node/node0/cpu0/node0/cpu3/driver/cpu0/firmware_node/subsystem/devices/PNP0A08:00/device:44/subsystem" "Mozilla/5.0 AppleWebKit/537.36 (KHTML, like Gecko; compatible; GPTBot/1.3; +https://openai.com/gptbot)"
74.7.243.230 - - [15/May/2026:12:42:15 +0000] "GET /keywords.html?file=/sys/devices/pci0000:00/0000:00:1f.0/driver/0000:00:1f.0/iTCO_wdt.1.auto/firmware_node/PNP0B00:00/subsystem/devices/ACPI0010:00/LNXCPU:00/physical_node/node0/cpu0/node0/cpu3/driver/cpu0/firmware_node/subsystem/devices/PNP0A08:00/device:44/subsystem/uevent HTTP/1.1" 200 180268 "https://staging.improuv.com/keywords.html?file=/sys/devices/pci0000:00/0000:00:1f.0/driver/0000:00:1f.0/iTCO_wdt.1.auto/firmware_node/PNP0B00:00/subsystem/devices/ACPI0010:00/LNXCPU:00/physical_node/node0/cpu0/node0/cpu3/driver/cpu0/firmware_node/subsystem/devices/PNP0A08:00/device:44/subsystem" "Mozilla/5.0 AppleWebKit/537.36 (KHTML, like Gecko; compatible; GPTBot/1.3; +https://openai.com/gptbot)"
74.7.243.230 - - [15/May/2026:12:42:17 +0000] "GET /keywords.html?edit=/sys/devices/pci0000:00/0000:00:1f.0/driver/0000:00:1f.0/iTCO_wdt.1.auto/firmware_node/PNP0B00:00/subsystem/devices/ACPI0010:00/LNXCPU:00/physical_node/node0/cpu0/node0/cpu3/driver/cpu0/firmware_node/subsystem/devices/PNP0A08:00/device:44/subsystem/uevent HTTP/1.1" 200 186593 "https://staging.improuv.com/keywords.html?file=/sys/devices/pci0000:00/0000:00:1f.0/driver/0000:00:1f.0/iTCO_wdt.1.auto/firmware_node/PNP0B00:00/subsystem/devices/ACPI0010:00/LNXCPU:00/physical_node/node0/cpu0/node0/cpu3/driver/cpu0/firmware_node/subsystem/devices/PNP0A08:00/device:44/subsystem" "Mozilla/5.0 AppleWebKit/537.36 (KHTML, like Gecko; compatible; GPTBot/1.3; +https://openai.com/gptbot)"
74.7.243.230 - - [15/May/2026:12:42:19 +0000] "GET /keywords.html?file=/sys/devices/pci0000:00/0000:00:1f.0/driver/0000:00:1f.0/iTCO_wdt.1.auto/firmware_node/PNP0B00:00/subsystem/devices/ACPI0010:00/LNXCPU:00/physical_node/node0/cpu0/node0/cpu3/driver/cpu0/firmware_node/subsystem/devices/PNP0A08:00/device:44/subsystem/devices HTTP/1.1" 200 216066 "https://staging.improuv.com/keywords.html?file=/sys/devices/pci0000:00/0000:00:1f.0/driver/0000:00:1f.0/iTCO_wdt.1.auto/firmware_node/PNP0B00:00/subsystem/devices/ACPI0010:00/LNXCPU:00/physical_node/node0/cpu0/node0/cpu3/driver/cpu0/firmware_node/subsystem/devices/PNP0A08:00/device:44/subsystem" "Mozilla/5.0 AppleWebKit/537.36 (KHTML, like Gecko; compatible; GPTBot/1.3; +https://openai.com/gptbot)"
74.7.243.230 - - [15/May/2026:12:42:21 +0000] "GET /keywords.html?edit=/sys/devices/pci0000:00/0000:00:1f.0/driver/0000:00:1f.0/iTCO_wdt.1.auto/firmware_node/PNP0B00:00/subsystem/devices/ACPI0010:00/LNXCPU:00/physical_node/node0/cpu0/node0/cpu3/driver/cpu0/firmware_node/subsystem/devices/PNP0A08:00/device:42/subsystem/devices/PNP0A06:00/uid HTTP/1.1" 200 186646 "https://staging.improuv.com/keywords.html?file=/sys/devices/pci0000:00/0000:00:1f.0/driver/0000:00:1f.0/iTCO_wdt.1.auto/firmware_node/PNP0B00:00/subsystem/devices/ACPI0010:00/LNXCPU:00/physical_node/node0/cpu0/node0/cpu3/driver/cpu0/firmware_node/subsystem/devices/PNP0A08:00/device:42/subsystem/devices/PNP0A06:00" "Mozilla/5.0 AppleWebKit/537.36 (KHTML, like Gecko; compatible; GPTBot/1.3; +https://openai.com/gptbot)"
74.7.243.230 - - [15/May/2026:12:42:23 +0000] "GET /keywords.html?file=/sys/devices/pci0000:00/0000:00:1f.0/driver/0000:00:1f.0/iTCO_wdt.1.auto/firmware_node/PNP0B00:00/subsystem/devices/ACPI0010:00/LNXCPU:00/physical_node/node0/cpu0/node0/cpu3/driver/cpu0/firmware_node/subsystem/devices/PNP0A08:00/device:42/subsystem/devices/PNP0501:00/uid HTTP/1.1" 200 180321 "https://staging.improuv.com/keywords.html?file=/sys/devices/pci0000:00/0000:00:1f.0/driver/0000:00:1f.0/iTCO_wdt.1.auto/firmware_node/PNP0B00:00/subsystem/devices/ACPI0010:00/LNXCPU:00/physical_node/node0/cpu0/node0/cpu3/driver/cpu0/firmware_node/subsystem/devices/PNP0A08:00/device:42/subsystem/devices/PNP0501:00" "Mozilla/5.0 AppleWebKit/537.36 (KHTML, like Gecko; compatible; GPTBot/1.3; +https://openai.com/gptbot)"
74.7.243.230 - - [15/May/2026:12:42:24 +0000] "GET /keywords.html?file=/sys/devices/pci0000:00/0000:00:1f.0/driver/0000:00:1f.0/iTCO_wdt.1.auto/firmware_node/PNP0B00:00/subsystem/devices/ACPI0010:00/LNXCPU:00/physical_node/node0/cpu0/node0/cpu3/driver/cpu0/firmware_node/subsystem/devices/PNP0A08:00/device:42/subsystem/devices/PNP0A06:01/power HTTP/1.1" 200 187080 "https://staging.improuv.com/keywords.html?file=/sys/devices/pci0000:00/0000:00:1f.0/driver/0000:00:1f.0/iTCO_wdt.1.auto/firmware_node/PNP0B00:00/subsystem/devices/ACPI0010:00/LNXCPU:00/physical_node/node0/cpu0/node0/cpu3/driver/cpu0/firmware_node/subsystem/devices/PNP0A08:00/device:42/subsystem/devices/PNP0A06:01" "Mozilla/5.0 AppleWebKit/537.36 (KHTML, like Gecko; compatible; GPTBot/1.3; +https://openai.com/gptbot)"
74.7.243.230 - - [15/May/2026:12:42:26 +0000] "GET /keywords.html?file=/sys/devices/pci0000:00/0000:00:1f.0/driver/0000:00:1f.0/iTCO_wdt.1.auto/firmware_node/PNP0B00:00/subsystem/devices/ACPI0010:00/LNXCPU:00/physical_node/node0/cpu0/node0/cpu3/driver/cpu0/firmware_node/subsystem/devices/PNP0A08:00/device:42/subsystem/devices/PNP0B00:00/hid HTTP/1.1" 200 180321 "https://staging.improuv.com/keywords.html?file=/sys/devices/pci0000:00/0000:00:1f.0/driver/0000:00:1f.0/iTCO_wdt.1.auto/firmware_node/PNP0B00:00/subsystem/devices/ACPI0010:00/LNXCPU:00/physical_node/node0/cpu0/node0/cpu3/driver/cpu0/firmware_node/subsystem/devices/PNP0A08:00/device:42/subsystem/devices/PNP0B00:00" "Mozilla/5.0 AppleWebKit/537.36 (KHTML, like Gecko; compatible; GPTBot/1.3; +https://openai.com/gptbot)"
74.7.243.230 - - [15/May/2026:12:42:28 +0000] "GET /keywords.html?file=/sys/devices/pci0000:00/0000:00:1f.0/driver/0000:00:1f.0/iTCO_wdt.1.auto/firmware_node/PNP0B00:00/subsystem/devices/ACPI0010:00/LNXCPU:00/physical_node/node0/cpu0/node0/cpu3/driver/cpu0/firmware_node/subsystem/devices/PNP0A08:00/device:42/subsystem/devices/PNP0B00:00/path HTTP/1.1" 200 180323 "https://staging.improuv.com/keywords.html?file=/sys/devices/pci0000:00/0000:00:1f.0/driver/0000:00:1f.0/iTCO_wdt.1.auto/firmware_node/PNP0B00:00/subsystem/devices/ACPI0010:00/LNXCPU:00/physical_node/node0/cpu0/node0/cpu3/driver/cpu0/firmware_node/subsystem/devices/PNP0A08:00/device:42/subsystem/devices/PNP0B00:00" "Mozilla/5.0 AppleWebKit/537.36 (KHTML, like Gecko; compatible; GPTBot/1.3; +https://openai.com/gptbot)"
74.7.243.230 - - [15/May/2026:12:42:30 +0000] "GET /keywords.html?edit=/sys/devices/pci0000:00/0000:00:1f.0/driver/0000:00:1f.0/iTCO_wdt.1.auto/firmware_node/PNP0B00:00/subsystem/devices/ACPI0010:00/LNXCPU:00/physical_node/node0/cpu0/node0/cpu3/driver/cpu0/firmware_node/subsystem/devices/PNP0A08:00/device:42/subsystem/devices/PNP0B00:00/hid HTTP/1.1" 200 186632 "https://staging.improuv.com/keywords.html?file=/sys/devices/pci0000:00/0000:00:1f.0/driver/0000:00:1f.0/iTCO_wdt.1.auto/firmware_node/PNP0B00:00/subsystem/devices/ACPI0010:00/LNXCPU:00/physical_node/node0/cpu0/node0/cpu3/driver/cpu0/firmware_node/subsystem/devices/PNP0A08:00/device:42/subsystem/devices/PNP0B00:00" "Mozilla/5.0 AppleWebKit/537.36 (KHTML, like Gecko; compatible; GPTBot/1.3; +https://openai.com/gptbot)"
74.7.243.230 - - [15/May/2026:12:42:32 +0000] "GET /keywords.html?file=/sys/devices/pci0000:00/0000:00:1f.0/driver/0000:00:1f.0/iTCO_wdt.1.auto/firmware_node/PNP0B00:00/subsystem/devices/ACPI0010:00/LNXCPU:00/physical_node/node0/cpu0/node0/cpu3/driver/cpu0/firmware_node/subsystem/devices/PNP0A08:00/device:42/subsystem/devices/PNP0C01:00/power HTTP/1.1" 200 187080 "https://staging.improuv.com/keywords.html?file=/sys/devices/pci0000:00/0000:00:1f.0/driver/0000:00:1f.0/iTCO_wdt.1.auto/firmware_node/PNP0B00:00/subsystem/devices/ACPI0010:00/LNXCPU:00/physical_node/node0/cpu0/node0/cpu3/driver/cpu0/firmware_node/subsystem/devices/PNP0A08:00/device:42/subsystem/devices/PNP0C01:00" "Mozilla/5.0 AppleWebKit/537.36 (KHTML, like Gecko; compatible; GPTBot/1.3; +https://openai.com/gptbot)"
74.7.243.230 - - [15/May/2026:12:42:33 +0000] "GET /keywords.html?file=/sys/devices/pci0000:00/0000:00:1f.0/driver/0000:00:1f.0/iTCO_wdt.1.auto/firmware_node/PNP0B00:00/subsystem/devices/ACPI0010:00/LNXCPU:00/physical_node/node0/cpu0/node0/cpu3/driver/cpu0/firmware_node/subsystem/devices/PNP0A08:00/device:42/subsystem/devices/PNP0B00:00/uevent HTTP/1.1" 200 180327 "https://staging.improuv.com/keywords.html?file=/sys/devices/pci0000:00/0000:00:1f.0/driver/0000:00:1f.0/iTCO_wdt.1.auto/firmware_node/PNP0B00:00/subsystem/devices/ACPI0010:00/LNXCPU:00/physical_node/node0/cpu0/node0/cpu3/driver/cpu0/firmware_node/subsystem/devices/PNP0A08:00/device:42/subsystem/devices/PNP0B00:00" "Mozilla/5.0 AppleWebKit/537.36 (KHTML, like Gecko; compatible; GPTBot/1.3; +https://openai.com/gptbot)"
74.7.243.230 - - [15/May/2026:12:42:35 +0000] "GET /keywords.html?edit=/sys/devices/pci0000:00/0000:00:1f.0/driver/0000:00:1f.0/iTCO_wdt.1.auto/firmware_node/PNP0B00:00/subsystem/devices/ACPI0010:00/LNXCPU:00/physical_node/node0/cpu0/node0/cpu3/driver/cpu0/firmware_node/subsystem/devices/PNP0A08:00/device:42/subsystem/devices/PNP0303:00/uevent HTTP/1.1" 200 186656 "https://staging.improuv.com/keywords.html?file=/sys/devices/pci0000:00/0000:00:1f.0/driver/0000:00:1f.0/iTCO_wdt.1.auto/firmware_node/PNP0B00:00/subsystem/devices/ACPI0010:00/LNXCPU:00/physical_node/node0/cpu0/node0/cpu3/driver/cpu0/firmware_node/subsystem/devices/PNP0A08:00/device:42/subsystem/devices/PNP0303:00" "Mozilla/5.0 AppleWebKit/537.36 (KHTML, like Gecko; compatible; GPTBot/1.3; +https://openai.com/gptbot)"
74.7.243.230 - - [15/May/2026:12:42:37 +0000] "GET /keywords.html?file=/sys/devices/pci0000:00/0000:00:1f.0/driver/0000:00:1f.0/iTCO_wdt.1.auto/firmware_node/PNP0B00:00/subsystem/devices/ACPI0010:00/LNXCPU:00/physical_node/node0/cpu0/node0/cpu3/driver/cpu0/firmware_node/subsystem/devices/PNP0A08:00/device:42/subsystem/devices/PNP0303:00/hid HTTP/1.1" 200 180321 "https://staging.improuv.com/keywords.html?file=/sys/devices/pci0000:00/0000:00:1f.0/driver/0000:00:1f.0/iTCO_wdt.1.auto/firmware_node/PNP0B00:00/subsystem/devices/ACPI0010:00/LNXCPU:00/physical_node/node0/cpu0/node0/cpu3/driver/cpu0/firmware_node/subsystem/devices/PNP0A08:00/device:42/subsystem/devices/PNP0303:00" "Mozilla/5.0 AppleWebKit/537.36 (KHTML, like Gecko; compatible; GPTBot/1.3; +https://openai.com/gptbot)"
74.7.243.230 - - [15/May/2026:12:42:38 +0000] "GET /keywords.html?file=/sys/devices/pci0000:00/0000:00:1f.0/driver/0000:00:1f.0/iTCO_wdt.1.auto/firmware_node/PNP0B00:00/subsystem/devices/ACPI0010:00/LNXCPU:00/physical_node/node0/cpu0/node0/cpu3/driver/cpu0/firmware_node/subsystem/devices/PNP0A08:00/device:44/subsystem/devices/PNP0C01:00 HTTP/1.1" 200 186430 "https://staging.improuv.com/keywords.html?file=/sys/devices/pci0000:00/0000:00:1f.0/driver/0000:00:1f.0/iTCO_wdt.1.auto/firmware_node/PNP0B00:00/subsystem/devices/ACPI0010:00/LNXCPU:00/physical_node/node0/cpu0/node0/cpu3/driver/cpu0/firmware_node/subsystem/devices/PNP0A08:00/device:44/subsystem/devices" "Mozilla/5.0 AppleWebKit/537.36 (KHTML, like Gecko; compatible; GPTBot/1.3; +https://openai.com/gptbot)"
74.7.243.230 - - [15/May/2026:12:42:40 +0000] "GET /keywords.html?file=/sys/devices/pci0000:00/0000:00:1f.0/driver/0000:00:1f.0/iTCO_wdt.1.auto/firmware_node/PNP0B00:00/subsystem/devices/ACPI0010:00/LNXCPU:00/physical_node/node0/cpu0/node0/cpu3/driver/cpu0/firmware_node/subsystem/devices/PNP0A08:00/device:44/subsystem/devices/PNP0501:00 HTTP/1.1" 200 188965 "https://staging.improuv.com/keywords.html?file=/sys/devices/pci0000:00/0000:00:1f.0/driver/0000:00:1f.0/iTCO_wdt.1.auto/firmware_node/PNP0B00:00/subsystem/devices/ACPI0010:00/LNXCPU:00/physical_node/node0/cpu0/node0/cpu3/driver/cpu0/firmware_node/subsystem/devices/PNP0A08:00/device:44/subsystem/devices" "Mozilla/5.0 AppleWebKit/537.36 (KHTML, like Gecko; compatible; GPTBot/1.3; +https://openai.com/gptbot)"
74.7.243.230 - - [15/May/2026:12:42:42 +0000] "GET /keywords.html?file=/sys/devices/pci0000:00/0000:00:1f.0/driver/0000:00:1f.0/iTCO_wdt.1.auto/firmware_node/PNP0B00:00/subsystem/devices/ACPI0010:00/LNXCPU:00/physical_node/node0/cpu0/node0/cpu3/driver/cpu0/firmware_node/subsystem/devices/PNP0A08:00/device:42/subsystem/devices/PNP0A06:00/uevent HTTP/1.1" 200 180327 "https://staging.improuv.com/keywords.html?file=/sys/devices/pci0000:00/0000:00:1f.0/driver/0000:00:1f.0/iTCO_wdt.1.auto/firmware_node/PNP0B00:00/subsystem/devices/ACPI0010:00/LNXCPU:00/physical_node/node0/cpu0/node0/cpu3/driver/cpu0/firmware_node/subsystem/devices/PNP0A08:00/device:42/subsystem/devices/PNP0A06:00" "Mozilla/5.0 AppleWebKit/537.36 (KHTML, like Gecko; compatible; GPTBot/1.3; +https://openai.com/gptbot)"
74.7.243.230 - - [15/May/2026:12:42:44 +0000] "GET /keywords.html?file=/sys/devices/pci0000:00/0000:00:1f.0/driver/0000:00:1f.0/iTCO_wdt.1.auto/firmware_node/PNP0B00:00/subsystem/devices/ACPI0010:00/LNXCPU:00/physical_node/node0/cpu0/node0/cpu3/driver/cpu0/firmware_node/subsystem/devices/PNP0A08:00/device:42/subsystem/devices/PNP0501:00/power HTTP/1.1" 200 187080 "https://staging.improuv.com/keywords.html?file=/sys/devices/pci0000:00/0000:00:1f.0/driver/0000:00:1f.0/iTCO_wdt.1.auto/firmware_node/PNP0B00:00/subsystem/devices/ACPI0010:00/LNXCPU:00/physical_node/node0/cpu0/node0/cpu3/driver/cpu0/firmware_node/subsystem/devices/PNP0A08:00/device:42/subsystem/devices/PNP0501:00" "Mozilla/5.0 AppleWebKit/537.36 (KHTML, like Gecko; compatible; GPTBot/1.3; +https://openai.com/gptbot)"
74.7.243.230 - - [15/May/2026:12:42:46 +0000] "GET /keywords.html?file=/sys/devices/pci0000:00/0000:00:1f.0/driver/0000:00:1f.0/iTCO_wdt.1.auto/firmware_node/PNP0B00:00/subsystem/devices/ACPI0010:00/LNXCPU:00/physical_node/node0/cpu0/node0/cpu3/driver/cpu0/firmware_node/subsystem/devices/PNP0A08:00/device:44/subsystem/devices/PNP0C0F:00 HTTP/1.1" 200 188609 "https://staging.improuv.com/keywords.html?file=/sys/devices/pci0000:00/0000:00:1f.0/driver/0000:00:1f.0/iTCO_wdt.1.auto/firmware_node/PNP0B00:00/subsystem/devices/ACPI0010:00/LNXCPU:00/physical_node/node0/cpu0/node0/cpu3/driver/cpu0/firmware_node/subsystem/devices/PNP0A08:00/device:44/subsystem/devices" "Mozilla/5.0 AppleWebKit/537.36 (KHTML, like Gecko; compatible; GPTBot/1.3; +https://openai.com/gptbot)"
74.7.243.230 - - [15/May/2026:12:42:47 +0000] "GET /keywords.html?edit=/sys/devices/pci0000:00/0000:00:1f.0/driver/0000:00:1f.0/iTCO_wdt.1.auto/firmware_node/PNP0B00:00/subsystem/devices/ACPI0010:00/LNXCPU:00/physical_node/node0/cpu0/node0/cpu3/driver/cpu0/firmware_node/subsystem/devices/PNP0A08:00/device:42/subsystem/devices/PNP0B00:00/path HTTP/1.1" 200 186648 "https://staging.improuv.com/keywords.html?file=/sys/devices/pci0000:00/0000:00:1f.0/driver/0000:00:1f.0/iTCO_wdt.1.auto/firmware_node/PNP0B00:00/subsystem/devices/ACPI0010:00/LNXCPU:00/physical_node/node0/cpu0/node0/cpu3/driver/cpu0/firmware_node/subsystem/devices/PNP0A08:00/device:42/subsystem/devices/PNP0B00:00" "Mozilla/5.0 AppleWebKit/537.36 (KHTML, like Gecko; compatible; GPTBot/1.3; +https://openai.com/gptbot)"
74.7.243.230 - - [15/May/2026:12:42:49 +0000] "GET /keywords.html?file=/sys/devices/pci0000:00/0000:00:1f.0/driver/0000:00:1f.0/iTCO_wdt.1.auto/firmware_node/PNP0B00:00/subsystem/devices/ACPI0010:00/LNXCPU:00/physical_node/node0/cpu0/node0/cpu3/driver/cpu0/firmware_node/subsystem/devices/PNP0A08:00/device:42/subsystem/devices/PNP0501:00/uevent HTTP/1.1" 200 180327 "https://staging.improuv.com/keywords.html?file=/sys/devices/pci0000:00/0000:00:1f.0/driver/0000:00:1f.0/iTCO_wdt.1.auto/firmware_node/PNP0B00:00/subsystem/devices/ACPI0010:00/LNXCPU:00/physical_node/node0/cpu0/node0/cpu3/driver/cpu0/firmware_node/subsystem/devices/PNP0A08:00/device:42/subsystem/devices/PNP0501:00" "Mozilla/5.0 AppleWebKit/537.36 (KHTML, like Gecko; compatible; GPTBot/1.3; +https://openai.com/gptbot)"
74.7.243.230 - - [15/May/2026:12:42:51 +0000] "GET /keywords.html?edit=/sys/devices/pci0000:00/0000:00:1f.0/driver/0000:00:1f.0/iTCO_wdt.1.auto/firmware_node/PNP0B00:00/subsystem/devices/ACPI0010:00/LNXCPU:00/physical_node/node0/cpu0/node0/cpu3/driver/cpu0/firmware_node/subsystem/devices/PNP0A08:00/device:42/subsystem/devices/PNP0A06:01/uevent HTTP/1.1" 200 186656 "https://staging.improuv.com/keywords.html?file=/sys/devices/pci0000:00/0000:00:1f.0/driver/0000:00:1f.0/iTCO_wdt.1.auto/firmware_node/PNP0B00:00/subsystem/devices/ACPI0010:00/LNXCPU:00/physical_node/node0/cpu0/node0/cpu3/driver/cpu0/firmware_node/subsystem/devices/PNP0A08:00/device:42/subsystem/devices/PNP0A06:01" "Mozilla/5.0 AppleWebKit/537.36 (KHTML, like Gecko; compatible; GPTBot/1.3; +https://openai.com/gptbot)"
74.7.243.230 - - [15/May/2026:12:42:53 +0000] "GET /keywords.html?edit=/sys/devices/pci0000:00/0000:00:1f.0/driver/0000:00:1f.0/iTCO_wdt.1.auto/firmware_node/PNP0B00:00/subsystem/devices/ACPI0010:00/LNXCPU:00/physical_node/node0/cpu0/node0/cpu3/driver/cpu0/firmware_node/subsystem/devices/PNP0A08:00/device:42/subsystem/devices/PNP0C01:00/path HTTP/1.1" 200 186638 "https://staging.improuv.com/keywords.html?file=/sys/devices/pci0000:00/0000:00:1f.0/driver/0000:00:1f.0/iTCO_wdt.1.auto/firmware_node/PNP0B00:00/subsystem/devices/ACPI0010:00/LNXCPU:00/physical_node/node0/cpu0/node0/cpu3/driver/cpu0/firmware_node/subsystem/devices/PNP0A08:00/device:42/subsystem/devices/PNP0C01:00" "Mozilla/5.0 AppleWebKit/537.36 (KHTML, like Gecko; compatible; GPTBot/1.3; +https://openai.com/gptbot)"
74.7.243.230 - - [15/May/2026:12:42:55 +0000] "GET /keywords.html?file=/sys/devices/pci0000:00/0000:00:1f.0/driver/0000:00:1f.0/iTCO_wdt.1.auto/firmware_node/PNP0B00:00/subsystem/devices/ACPI0010:00/LNXCPU:00/physical_node/node0/cpu0/node0/cpu3/driver/cpu0/firmware_node/subsystem/devices/PNP0A08:00/device:42/subsystem/devices/PNP0A06:00/path HTTP/1.1" 200 180323 "https://staging.improuv.com/keywords.html?file=/sys/devices/pci0000:00/0000:00:1f.0/driver/0000:00:1f.0/iTCO_wdt.1.auto/firmware_node/PNP0B00:00/subsystem/devices/ACPI0010:00/LNXCPU:00/physical_node/node0/cpu0/node0/cpu3/driver/cpu0/firmware_node/subsystem/devices/PNP0A08:00/device:42/subsystem/devices/PNP0A06:00" "Mozilla/5.0 AppleWebKit/537.36 (KHTML, like Gecko; compatible; GPTBot/1.3; +https://openai.com/gptbot)"
74.7.243.230 - - [15/May/2026:12:42:57 +0000] "GET /keywords.html?rename=/sys/devices/pci0000:00/0000:00:1f.0/driver/0000:00:1f.0/iTCO_wdt.1.auto/firmware_node/PNP0B00:00/subsystem/devices/ACPI0010:00/LNXCPU:00/physical_node/node0/cpu0/node0/cpu3/driver/cpu0/firmware_node/subsystem/devices/PNP0A08:00/device:42/subsystem/devices/PNP0B00:00/hid HTTP/1.1" 200 186637 "https://staging.improuv.com/keywords.html?file=/sys/devices/pci0000:00/0000:00:1f.0/driver/0000:00:1f.0/iTCO_wdt.1.auto/firmware_node/PNP0B00:00/subsystem/devices/ACPI0010:00/LNXCPU:00/physical_node/node0/cpu0/node0/cpu3/driver/cpu0/firmware_node/subsystem/devices/PNP0A08:00/device:42/subsystem/devices/PNP0B00:00" "Mozilla/5.0 AppleWebKit/537.36 (KHTML, like Gecko; compatible; GPTBot/1.3; +https://openai.com/gptbot)"
74.7.243.230 - - [15/May/2026:12:42:59 +0000] "GET /keywords.html?rename=/sys/devices/pci0000:00/0000:00:1f.0/driver/0000:00:1f.0/iTCO_wdt.1.auto/firmware_node/PNP0B00:00/subsystem/devices/ACPI0010:00/LNXCPU:00/physical_node/node0/cpu0/node0/cpu3/driver/cpu0/firmware_node/subsystem/devices/PNP0A08:00/device:44/subsystem/devices/PNP0C01:00/path HTTP/1.1" 200 186641 "https://staging.improuv.com/keywords.html?file=/sys/devices/pci0000:00/0000:00:1f.0/driver/0000:00:1f.0/iTCO_wdt.1.auto/firmware_node/PNP0B00:00/subsystem/devices/ACPI0010:00/LNXCPU:00/physical_node/node0/cpu0/node0/cpu3/driver/cpu0/firmware_node/subsystem/devices/PNP0A08:00/device:44/subsystem/devices/PNP0C01:00" "Mozilla/5.0 AppleWebKit/537.36 (KHTML, like Gecko; compatible; GPTBot/1.3; +https://openai.com/gptbot)"
92.205.107.223 - - [15/May/2026:12:43:00 +0000] "POST /wp-cron.php?doing_wp_cron=1778848980.3486409187316894531250 HTTP/1.1" 200 281 "-" "WordPress/6.9.4; https://staging.improuv.com"
74.7.243.230 - - [15/May/2026:12:43:00 +0000] "GET /keywords.html?edit=/sys/devices/pci0000:00/0000:00:1f.0/driver/0000:00:1f.0/iTCO_wdt.1.auto/firmware_node/PNP0B00:00/subsystem/devices/ACPI0010:00/LNXCPU:00/physical_node/node0/cpu0/node0/cpu3/driver/cpu0/firmware_node/subsystem/devices/PNP0A08:00/device:44/subsystem/devices/PNP0501:00/uid HTTP/1.1" 200 186626 "https://staging.improuv.com/keywords.html?file=/sys/devices/pci0000:00/0000:00:1f.0/driver/0000:00:1f.0/iTCO_wdt.1.auto/firmware_node/PNP0B00:00/subsystem/devices/ACPI0010:00/LNXCPU:00/physical_node/node0/cpu0/node0/cpu3/driver/cpu0/firmware_node/subsystem/devices/PNP0A08:00/device:44/subsystem/devices/PNP0501:00" "Mozilla/5.0 AppleWebKit/537.36 (KHTML, like Gecko; compatible; GPTBot/1.3; +https://openai.com/gptbot)"
74.7.243.230 - - [15/May/2026:12:43:02 +0000] "GET /keywords.html?rename=/sys/devices/pci0000:00/0000:00:1f.0/driver/0000:00:1f.0/iTCO_wdt.1.auto/firmware_node/PNP0B00:00/subsystem/devices/ACPI0010:00/LNXCPU:00/physical_node/node0/cpu0/node0/cpu3/driver/cpu0/firmware_node/subsystem/devices/PNP0A08:00/device:44/subsystem/devices/PNP0501:00/hid HTTP/1.1" 200 186637 "https://staging.improuv.com/keywords.html?file=/sys/devices/pci0000:00/0000:00:1f.0/driver/0000:00:1f.0/iTCO_wdt.1.auto/firmware_node/PNP0B00:00/subsystem/devices/ACPI0010:00/LNXCPU:00/physical_node/node0/cpu0/node0/cpu3/driver/cpu0/firmware_node/subsystem/devices/PNP0A08:00/device:44/subsystem/devices/PNP0501:00" "Mozilla/5.0 AppleWebKit/537.36 (KHTML, like Gecko; compatible; GPTBot/1.3; +https://openai.com/gptbot)"
74.7.243.230 - - [15/May/2026:12:43:04 +0000] "GET /keywords.html?file=/sys/devices/pci0000:00/0000:00:1f.0/driver/0000:00:1f.0/iTCO_wdt.1.auto/firmware_node/PNP0B00:00/subsystem/devices/ACPI0010:00/LNXCPU:00/physical_node/node0/cpu0/node0/cpu3/driver/cpu0/firmware_node/subsystem/devices/PNP0A08:00/device:44/subsystem/devices/PNP0C01:00/uevent HTTP/1.1" 200 180327 "https://staging.improuv.com/keywords.html?file=/sys/devices/pci0000:00/0000:00:1f.0/driver/0000:00:1f.0/iTCO_wdt.1.auto/firmware_node/PNP0B00:00/subsystem/devices/ACPI0010:00/LNXCPU:00/physical_node/node0/cpu0/node0/cpu3/driver/cpu0/firmware_node/subsystem/devices/PNP0A08:00/device:44/subsystem/devices/PNP0C01:00" "Mozilla/5.0 AppleWebKit/537.36 (KHTML, like Gecko; compatible; GPTBot/1.3; +https://openai.com/gptbot)"
216.73.216.87 - - [15/May/2026:12:43:05 +0000] "GET /robots.txt HTTP/1.1" 200 6882 "-" "Mozilla/5.0 AppleWebKit/537.36 (KHTML, like Gecko; compatible; ClaudeBot/1.0; +claudebot@anthropic.com)"
92.205.107.223 - - [15/May/2026:12:43:06 +0000] "POST /wp-cron.php?doing_wp_cron=1778848985.9918799400329589843750 HTTP/1.1" 200 281 "-" "WordPress/6.9.4; https://staging.improuv.com"
74.7.243.230 - - [15/May/2026:12:43:06 +0000] "GET /keywords.html?edit=/sys/devices/pci0000:00/0000:00:1f.0/driver/0000:00:1f.0/iTCO_wdt.1.auto/firmware_node/PNP0B00:00/subsystem/devices/ACPI0010:00/LNXCPU:00/physical_node/node0/cpu0/node0/cpu3/driver/cpu0/firmware_node/subsystem/devices/PNP0A08:00/device:44/subsystem/devices/PNP0C0F:00/uid HTTP/1.1" 200 186626 "https://staging.improuv.com/keywords.html?file=/sys/devices/pci0000:00/0000:00:1f.0/driver/0000:00:1f.0/iTCO_wdt.1.auto/firmware_node/PNP0B00:00/subsystem/devices/ACPI0010:00/LNXCPU:00/physical_node/node0/cpu0/node0/cpu3/driver/cpu0/firmware_node/subsystem/devices/PNP0A08:00/device:44/subsystem/devices/PNP0C0F:00" "Mozilla/5.0 AppleWebKit/537.36 (KHTML, like Gecko; compatible; GPTBot/1.3; +https://openai.com/gptbot)"
216.73.216.87 - - [15/May/2026:12:43:06 +0000] "GET /%3C?edit=%27.%24file.%27 HTTP/1.1" 200 185785 "-" "Mozilla/5.0 AppleWebKit/537.36 (KHTML, like Gecko; compatible; ClaudeBot/1.0; +claudebot@anthropic.com)"
216.73.216.87 - - [15/May/2026:12:43:08 +0000] "GET /sitemap.xml?edit=%2Fhome%2Fstagingimprouv%2Fpublic_html%2Findex.php HTTP/1.1" 200 7385 "-" "Mozilla/5.0 AppleWebKit/537.36 (KHTML, like Gecko; compatible; ClaudeBot/1.0; +claudebot@anthropic.com)"
74.7.243.230 - - [15/May/2026:12:43:08 +0000] "GET /keywords.html?rename=/sys/devices/pci0000:00/0000:00:1f.0/driver/0000:00:1f.0/iTCO_wdt.1.auto/firmware_node/PNP0B00:00/subsystem/devices/ACPI0010:00/LNXCPU:00/physical_node/node0/cpu0/node0/cpu3/driver/cpu0/firmware_node/subsystem/devices/PNP0A08:00/device:44/subsystem/devices/PNP0C01:00/hid HTTP/1.1" 200 186637 "https://staging.improuv.com/keywords.html?file=/sys/devices/pci0000:00/0000:00:1f.0/driver/0000:00:1f.0/iTCO_wdt.1.auto/firmware_node/PNP0B00:00/subsystem/devices/ACPI0010:00/LNXCPU:00/physical_node/node0/cpu0/node0/cpu3/driver/cpu0/firmware_node/subsystem/devices/PNP0A08:00/device:44/subsystem/devices/PNP0C01:00" "Mozilla/5.0 AppleWebKit/537.36 (KHTML, like Gecko; compatible; GPTBot/1.3; +https://openai.com/gptbot)"
216.73.216.87 - - [15/May/2026:12:43:09 +0000] "GET /sitemap.xml?view=%2Fhome%2Fstagingimprouv%2Fpublic_html%2Fwp-trackback.php HTTP/1.1" 200 5214 "-" "Mozilla/5.0 AppleWebKit/537.36 (KHTML, like Gecko; compatible; ClaudeBot/1.0; +claudebot@anthropic.com)"
74.7.243.230 - - [15/May/2026:12:43:10 +0000] "GET /keywords.html?file=/sys/devices/pci0000:00/0000:00:1f.0/driver/0000:00:1f.0/iTCO_wdt.1.auto/firmware_node/PNP0B00:00/subsystem/devices/ACPI0010:00/LNXCPU:00/physical_node/node0/cpu0/node0/cpu3/driver/cpu0/firmware_node/subsystem/devices/PNP0A08:00/device:44/subsystem/devices/PNP0501:00/uevent HTTP/1.1" 200 180327 "https://staging.improuv.com/keywords.html?file=/sys/devices/pci0000:00/0000:00:1f.0/driver/0000:00:1f.0/iTCO_wdt.1.auto/firmware_node/PNP0B00:00/subsystem/devices/ACPI0010:00/LNXCPU:00/physical_node/node0/cpu0/node0/cpu3/driver/cpu0/firmware_node/subsystem/devices/PNP0A08:00/device:44/subsystem/devices/PNP0501:00" "Mozilla/5.0 AppleWebKit/537.36 (KHTML, like Gecko; compatible; GPTBot/1.3; +https://openai.com/gptbot)"
216.73.216.87 - - [15/May/2026:12:43:10 +0000] "GET /sitemap.xml?edit=%2Fhome%2Fstagingimprouv%2Fpublic_html%2Fwp-mail.php HTTP/1.1" 200 16853 "-" "Mozilla/5.0 AppleWebKit/537.36 (KHTML, like Gecko; compatible; ClaudeBot/1.0; +claudebot@anthropic.com)"
216.73.216.87 - - [15/May/2026:12:43:11 +0000] "GET /sitemap.xml?file=%2Fhome%2Fstagingimprouv%2Fpublic_html%2Fwp-activate.php HTTP/1.1" 200 414 "-" "Mozilla/5.0 AppleWebKit/537.36 (KHTML, like Gecko; compatible; ClaudeBot/1.0; +claudebot@anthropic.com)"
216.73.216.87 - - [15/May/2026:12:43:12 +0000] "GET /sitemap.xml?file=%2Fhome%2Fstagingimprouv%2Fpublic_html%2Fwp-config-sample.php HTTP/1.1" 200 419 "-" "Mozilla/5.0 AppleWebKit/537.36 (KHTML, like Gecko; compatible; ClaudeBot/1.0; +claudebot@anthropic.com)"
74.7.243.230 - - [15/May/2026:12:43:12 +0000] "GET /keywords.html?file=/sys/devices/pci0000:00/0000:00:1f.0/driver/0000:00:1f.0/iTCO_wdt.1.auto/firmware_node/PNP0B00:00/subsystem/devices/ACPI0010:00/LNXCPU:00/physical_node/node0/cpu0/node0/cpu3/driver/cpu0/firmware_node/subsystem/devices/PNP0A08:00/device:42/subsystem/devices/PNP0A06:00/uid HTTP/1.1" 200 180321 "https://staging.improuv.com/keywords.html?file=/sys/devices/pci0000:00/0000:00:1f.0/driver/0000:00:1f.0/iTCO_wdt.1.auto/firmware_node/PNP0B00:00/subsystem/devices/ACPI0010:00/LNXCPU:00/physical_node/node0/cpu0/node0/cpu3/driver/cpu0/firmware_node/subsystem/devices/PNP0A08:00/device:42/subsystem/devices/PNP0A06:00" "Mozilla/5.0 AppleWebKit/537.36 (KHTML, like Gecko; compatible; GPTBot/1.3; +https://openai.com/gptbot)"
216.73.216.87 - - [15/May/2026:12:43:12 +0000] "GET /sitemap.xml?edit=%2Fhome%2Fstagingimprouv%2Fpublic_html%2Fwp-cron.php HTTP/1.1" 200 12918 "-" "Mozilla/5.0 AppleWebKit/537.36 (KHTML, like Gecko; compatible; ClaudeBot/1.0; +claudebot@anthropic.com)"
216.73.216.87 - - [15/May/2026:12:43:14 +0000] "GET /sitemap.xml?view=%2Fhome%2Fstagingimprouv%2Fpublic_html%2Fphp.ini HTTP/1.1" 200 587 "-" "Mozilla/5.0 AppleWebKit/537.36 (KHTML, like Gecko; compatible; ClaudeBot/1.0; +claudebot@anthropic.com)"
74.7.243.230 - - [15/May/2026:12:43:13 +0000] "GET /keywords.html?edit=/sys/devices/pci0000:00/0000:00:1f.0/driver/0000:00:1f.0/iTCO_wdt.1.auto/firmware_node/PNP0B00:00/subsystem/devices/ACPI0010:00/LNXCPU:00/physical_node/node0/cpu0/node0/cpu3/driver/cpu0/firmware_node/subsystem/devices/PNP0A08:00/device:44/subsystem/devices/PNP0C0F:00/hid HTTP/1.1" 200 186632 "https://staging.improuv.com/keywords.html?file=/sys/devices/pci0000:00/0000:00:1f.0/driver/0000:00:1f.0/iTCO_wdt.1.auto/firmware_node/PNP0B00:00/subsystem/devices/ACPI0010:00/LNXCPU:00/physical_node/node0/cpu0/node0/cpu3/driver/cpu0/firmware_node/subsystem/devices/PNP0A08:00/device:44/subsystem/devices/PNP0C0F:00" "Mozilla/5.0 AppleWebKit/537.36 (KHTML, like Gecko; compatible; GPTBot/1.3; +https://openai.com/gptbot)"
216.73.216.87 - - [15/May/2026:12:43:13 +0000] "GET /sitemap.xml?edit=%2Fhome%2Fstagingimprouv%2Fpublic_html%2Ferror_log HTTP/1.1" 200 10631600 "-" "Mozilla/5.0 AppleWebKit/537.36 (KHTML, like Gecko; compatible; ClaudeBot/1.0; +claudebot@anthropic.com)"
216.73.216.87 - - [15/May/2026:12:43:15 +0000] "GET /sitemap.xml?file=%2Fhome%2Fstagingimprouv%2Fpublic_html%2Fwp-load.php HTTP/1.1" 200 410 "-" "Mozilla/5.0 AppleWebKit/537.36 (KHTML, like Gecko; compatible; ClaudeBot/1.0; +claudebot@anthropic.com)"
216.73.216.87 - - [15/May/2026:12:43:16 +0000] "GET /sitemap.xml?view=%2Fhome%2Fstagingimprouv%2Fpublic_html%2Fwp-settings.php HTTP/1.1" 200 31055 "-" "Mozilla/5.0 AppleWebKit/537.36 (KHTML, like Gecko; compatible; ClaudeBot/1.0; +claudebot@anthropic.com)"
74.7.243.230 - - [15/May/2026:12:43:15 +0000] "GET /keywords.html?file=/sys/devices/pci0000:00/0000:00:1f.0/driver/0000:00:1f.0/iTCO_wdt.1.auto/firmware_node/PNP0B00:00/subsystem/devices/ACPI0010:00/LNXCPU:00/physical_node/node0/cpu0/node0/cpu3/driver/cpu0/firmware_node/subsystem/devices/PNP0A08:00/device:42/subsystem/devices/PNP0303:00/status HTTP/1.1" 200 180327 "https://staging.improuv.com/keywords.html?file=/sys/devices/pci0000:00/0000:00:1f.0/driver/0000:00:1f.0/iTCO_wdt.1.auto/firmware_node/PNP0B00:00/subsystem/devices/ACPI0010:00/LNXCPU:00/physical_node/node0/cpu0/node0/cpu3/driver/cpu0/firmware_node/subsystem/devices/PNP0A08:00/device:42/subsystem/devices/PNP0303:00" "Mozilla/5.0 AppleWebKit/537.36 (KHTML, like Gecko; compatible; GPTBot/1.3; +https://openai.com/gptbot)"
216.73.216.87 - - [15/May/2026:12:43:16 +0000] "GET /sitemap.xml?rename=%2Fhome%2Fstagingimprouv%2Fpublic_html%2Fwp-comments-post.php HTTP/1.1" 200 7002 "-" "Mozilla/5.0 AppleWebKit/537.36 (KHTML, like Gecko; compatible; ClaudeBot/1.0; +claudebot@anthropic.com)"
216.73.216.87 - - [15/May/2026:12:43:17 +0000] "GET /sitemap.xml?file=%2Fhome%2Fstagingimprouv HTTP/1.1" 200 1619 "-" "Mozilla/5.0 AppleWebKit/537.36 (KHTML, like Gecko; compatible; ClaudeBot/1.0; +claudebot@anthropic.com)"
216.73.216.87 - - [15/May/2026:12:43:18 +0000] "GET /wp-content/maintenance/assets/images/facebook.svg HTTP/1.1" 200 424 "-" "Mozilla/5.0 AppleWebKit/537.36 (KHTML, like Gecko; compatible; ClaudeBot/1.0; +claudebot@anthropic.com)"
216.73.216.87 - - [15/May/2026:12:43:18 +0000] "GET /wp-content/maintenance/assets/images/instagram.svg HTTP/1.1" 200 962 "-" "Mozilla/5.0 AppleWebKit/537.36 (KHTML, like Gecko; compatible; ClaudeBot/1.0; +claudebot@anthropic.com)"
74.7.243.230 - - [15/May/2026:12:43:17 +0000] "GET /keywords.html?edit=/sys/devices/pci0000:00/0000:00:1f.0/driver/0000:00:1f.0/iTCO_wdt.1.auto/firmware_node/PNP0B00:00/subsystem/devices/ACPI0010:00/LNXCPU:00/physical_node/node0/cpu0/node0/cpu3/driver/cpu0/firmware_node/subsystem/devices/PNP0A08:00/device:44/subsystem/devices/PNP0501:00/path HTTP/1.1" 200 186648 "https://staging.improuv.com/keywords.html?file=/sys/devices/pci0000:00/0000:00:1f.0/driver/0000:00:1f.0/iTCO_wdt.1.auto/firmware_node/PNP0B00:00/subsystem/devices/ACPI0010:00/LNXCPU:00/physical_node/node0/cpu0/node0/cpu3/driver/cpu0/firmware_node/subsystem/devices/PNP0A08:00/device:44/subsystem/devices/PNP0501:00" "Mozilla/5.0 AppleWebKit/537.36 (KHTML, like Gecko; compatible; GPTBot/1.3; +https://openai.com/gptbot)"
216.73.216.87 - - [15/May/2026:12:43:18 +0000] "GET /sitemap.xml?edit=%2Fhome%2Fstagingimprouv%2Fpublic_html%2Fwp-trackback.php HTTP/1.1" 200 13076 "-" "Mozilla/5.0 AppleWebKit/537.36 (KHTML, like Gecko; compatible; ClaudeBot/1.0; +claudebot@anthropic.com)"
216.73.216.87 - - [15/May/2026:12:43:18 +0000] "GET /sitemap.xml?rename=%2Fhome%2Fstagingimprouv%2Fpublic_html%2Fxmlrpc.php HTTP/1.1" 200 6972 "-" "Mozilla/5.0 AppleWebKit/537.36 (KHTML, like Gecko; compatible; ClaudeBot/1.0; +claudebot@anthropic.com)"
216.73.216.87 - - [15/May/2026:12:43:19 +0000] "GET /sitemap.xml?edit=%2Fhome%2Fstagingimprouv%2Fpublic_html%2Fphp.ini HTTP/1.1" 200 7557 "-" "Mozilla/5.0 AppleWebKit/537.36 (KHTML, like Gecko; compatible; ClaudeBot/1.0; +claudebot@anthropic.com)"
216.73.216.87 - - [15/May/2026:12:43:19 +0000] "GET /sitemap.xml?view=%2Fhome%2Fstagingimprouv%2Fpublic_html%2Fwp-activate.php HTTP/1.1" 200 7349 "-" "Mozilla/5.0 AppleWebKit/537.36 (KHTML, like Gecko; compatible; ClaudeBot/1.0; +claudebot@anthropic.com)"
216.73.216.87 - - [15/May/2026:12:43:19 +0000] "GET /sitemap.xml?edit=%2Fhome%2Fstagingimprouv%2Fpublic_html%2Fwp-settings.php HTTP/1.1" 200 41563 "-" "Mozilla/5.0 AppleWebKit/537.36 (KHTML, like Gecko; compatible; ClaudeBot/1.0; +claudebot@anthropic.com)"
74.7.243.230 - - [15/May/2026:12:43:19 +0000] "GET /keywords.html?edit=/sys/devices/pci0000:00/0000:00:1f.0/driver/0000:00:1f.0/iTCO_wdt.1.auto/firmware_node/PNP0B00:00/subsystem/devices/ACPI0010:00/LNXCPU:00/physical_node/node0/cpu0/node0/cpu3/driver/cpu0/firmware_node/subsystem/devices/PNP0A08:00/device:42/subsystem/devices/PNP0303:00/hid HTTP/1.1" 200 186632 "https://staging.improuv.com/keywords.html?file=/sys/devices/pci0000:00/0000:00:1f.0/driver/0000:00:1f.0/iTCO_wdt.1.auto/firmware_node/PNP0B00:00/subsystem/devices/ACPI0010:00/LNXCPU:00/physical_node/node0/cpu0/node0/cpu3/driver/cpu0/firmware_node/subsystem/devices/PNP0A08:00/device:42/subsystem/devices/PNP0303:00" "Mozilla/5.0 AppleWebKit/537.36 (KHTML, like Gecko; compatible; GPTBot/1.3; +https://openai.com/gptbot)"
216.73.216.87 - - [15/May/2026:12:43:20 +0000] "GET /sitemap.xml?view=%2Fhome%2Fstagingimprouv%2Fpublic_html%2Fwp-config-sample.php HTTP/1.1" 200 3339 "-" "Mozilla/5.0 AppleWebKit/537.36 (KHTML, like Gecko; compatible; ClaudeBot/1.0; +claudebot@anthropic.com)"
216.73.216.87 - - [15/May/2026:12:43:21 +0000] "GET /wp-content/maintenance/assets/images/twitter.svg HTTP/1.1" 200 759 "-" "Mozilla/5.0 AppleWebKit/537.36 (KHTML, like Gecko; compatible; ClaudeBot/1.0; +claudebot@anthropic.com)"
216.73.216.87 - - [15/May/2026:12:43:21 +0000] "GET /sitemap.xml?view=%2Fhome%2Fstagingimprouv%2Fpublic_html%2Fwp-load.php HTTP/1.1" 200 3937 "-" "Mozilla/5.0 AppleWebKit/537.36 (KHTML, like Gecko; compatible; ClaudeBot/1.0; +claudebot@anthropic.com)"
216.73.216.87 - - [15/May/2026:12:43:21 +0000] "GET /sitemap.xml?file=%2Fhome%2Fstagingimprouv%2Fpublic_html%2Fwp-comments-post.php HTTP/1.1" 200 419 "-" "Mozilla/5.0 AppleWebKit/537.36 (KHTML, like Gecko; compatible; ClaudeBot/1.0; +claudebot@anthropic.com)"
216.73.216.87 - - [15/May/2026:12:43:21 +0000] "GET /sitemap.xml?rename=%2Fhome%2Fstagingimprouv%2Fpublic_html%2Fphpinfo.php HTTP/1.1" 200 6975 "-" "Mozilla/5.0 AppleWebKit/537.36 (KHTML, like Gecko; compatible; ClaudeBot/1.0; +claudebot@anthropic.com)"
74.7.243.230 - - [15/May/2026:12:43:21 +0000] "GET /keywords.html?file=/sys/devices/pci0000:00/0000:00:1f.0/driver/0000:00:1f.0/iTCO_wdt.1.auto/firmware_node/PNP0B00:00/subsystem/devices/ACPI0010:00/LNXCPU:00/physical_node/node0/cpu0/node0/cpu3/driver/cpu0/firmware_node/subsystem/devices/PNP0A08:00/device:42/subsystem/devices/PNP0A06:00/power HTTP/1.1" 200 187080 "https://staging.improuv.com/keywords.html?file=/sys/devices/pci0000:00/0000:00:1f.0/driver/0000:00:1f.0/iTCO_wdt.1.auto/firmware_node/PNP0B00:00/subsystem/devices/ACPI0010:00/LNXCPU:00/physical_node/node0/cpu0/node0/cpu3/driver/cpu0/firmware_node/subsystem/devices/PNP0A08:00/device:42/subsystem/devices/PNP0A06:00" "Mozilla/5.0 AppleWebKit/537.36 (KHTML, like Gecko; compatible; GPTBot/1.3; +https://openai.com/gptbot)"
216.73.216.87 - - [15/May/2026:12:43:22 +0000] "GET /sitemap.xml?edit=%2Fhome%2Fstagingimprouv%2Fpublic_html%2Fwp-activate.php HTTP/1.1" 200 15947 "-" "Mozilla/5.0 AppleWebKit/537.36 (KHTML, like Gecko; compatible; ClaudeBot/1.0; +claudebot@anthropic.com)"
216.73.216.87 - - [15/May/2026:12:43:22 +0000] "GET /sitemap.xml?edit=%2Fhome%2Fstagingimprouv%2Fpublic_html%2Fwp-config-sample.php HTTP/1.1" 200 10691 "-" "Mozilla/5.0 AppleWebKit/537.36 (KHTML, like Gecko; compatible; ClaudeBot/1.0; +claudebot@anthropic.com)"
216.73.216.87 - - [15/May/2026:12:43:22 +0000] "GET /sitemap.xml?file=%2Fhome%2Fstagingimprouv%2Fpublic_html%2Fxmlrpc.php HTTP/1.1" 200 409 "-" "Mozilla/5.0 AppleWebKit/537.36 (KHTML, like Gecko; compatible; ClaudeBot/1.0; +claudebot@anthropic.com)"
216.73.216.87 - - [15/May/2026:12:43:23 +0000] "GET /sitemap.xml?view=%2Fhome%2Fstagingimprouv%2Fpublic_html%2Fwp-comments-post.php HTTP/1.1" 200 2323 "-" "Mozilla/5.0 AppleWebKit/537.36 (KHTML, like Gecko; compatible; ClaudeBot/1.0; +claudebot@anthropic.com)"
216.73.216.87 - - [15/May/2026:12:43:23 +0000] "GET /sitemap.xml?edit=%2Fhome%2Fstagingimprouv%2Fpublic_html%2Fwp-load.php HTTP/1.1" 200 11471 "-" "Mozilla/5.0 AppleWebKit/537.36 (KHTML, like Gecko; compatible; ClaudeBot/1.0; +claudebot@anthropic.com)"
216.73.216.87 - - [15/May/2026:12:43:24 +0000] "GET /sitemap.xml?view=%2Fhome%2Fstagingimprouv%2Fpublic_html%2Fxmlrpc.php HTTP/1.1" 200 3205 "-" "Mozilla/5.0 AppleWebKit/537.36 (KHTML, like Gecko; compatible; ClaudeBot/1.0; +claudebot@anthropic.com)"
74.7.243.230 - - [15/May/2026:12:43:23 +0000] "GET /keywords.html?edit=/sys/devices/pci0000:00/0000:00:1f.0/driver/0000:00:1f.0/iTCO_wdt.1.auto/firmware_node/PNP0B00:00/subsystem/devices/ACPI0010:00/LNXCPU:00/physical_node/node0/cpu0/node0/cpu3/driver/cpu0/firmware_node/subsystem/devices/PNP0A08:00/device:42/subsystem/devices/PNP0A06:00/hid HTTP/1.1" 200 186632 "https://staging.improuv.com/keywords.html?file=/sys/devices/pci0000:00/0000:00:1f.0/driver/0000:00:1f.0/iTCO_wdt.1.auto/firmware_node/PNP0B00:00/subsystem/devices/ACPI0010:00/LNXCPU:00/physical_node/node0/cpu0/node0/cpu3/driver/cpu0/firmware_node/subsystem/devices/PNP0A08:00/device:42/subsystem/devices/PNP0A06:00" "Mozilla/5.0 AppleWebKit/537.36 (KHTML, like Gecko; compatible; GPTBot/1.3; +https://openai.com/gptbot)"
216.73.216.87 - - [15/May/2026:12:43:23 +0000] "GET /sitemap.xml?file=%2Fhome%2Fstagingimprouv%2Fpublic_html%2Fphpinfo.php HTTP/1.1" 200 410 "-" "Mozilla/5.0 AppleWebKit/537.36 (KHTML, like Gecko; compatible; ClaudeBot/1.0; +claudebot@anthropic.com)"
216.73.216.87 - - [15/May/2026:12:43:24 +0000] "GET /sitemap.xml?edit=%2Fhome%2Fstagingimprouv%2Fpublic_html%2Fwp-comments-post.php HTTP/1.1" 200 9643 "-" "Mozilla/5.0 AppleWebKit/537.36 (KHTML, like Gecko; compatible; ClaudeBot/1.0; +claudebot@anthropic.com)"
216.73.216.87 - - [15/May/2026:12:43:24 +0000] "GET /sitemap.xml?edit=%2Fhome%2Fstagingimprouv%2Fpublic_html%2Fxmlrpc.php HTTP/1.1" 200 10827 "-" "Mozilla/5.0 AppleWebKit/537.36 (KHTML, like Gecko; compatible; ClaudeBot/1.0; +claudebot@anthropic.com)"
216.73.216.87 - - [15/May/2026:12:43:24 +0000] "GET /sitemap.xml?view=%2Fhome%2Fstagingimprouv%2Fpublic_html%2Fphpinfo.php HTTP/1.1" 200 27 "-" "Mozilla/5.0 AppleWebKit/537.36 (KHTML, like Gecko; compatible; ClaudeBot/1.0; +claudebot@anthropic.com)"
216.73.216.87 - - [15/May/2026:12:43:25 +0000] "GET /sitemap.xml?edit=%2Fhome%2Fstagingimprouv%2Fpublic_html%2Fphpinfo.php HTTP/1.1" 200 6989 "-" "Mozilla/5.0 AppleWebKit/537.36 (KHTML, like Gecko; compatible; ClaudeBot/1.0; +claudebot@anthropic.com)"
216.73.216.87 - - [15/May/2026:12:43:26 +0000] "GET /wp-content/maintenance/assets/styles.css HTTP/1.1" 200 2884 "-" "Mozilla/5.0 AppleWebKit/537.36 (KHTML, like Gecko; compatible; ClaudeBot/1.0; +claudebot@anthropic.com)"
216.73.216.87 - - [15/May/2026:12:43:26 +0000] "GET /wp-content/maintenance/assets/timer.js HTTP/1.1" 200 1282 "-" "Mozilla/5.0 AppleWebKit/537.36 (KHTML, like Gecko; compatible; ClaudeBot/1.0; +claudebot@anthropic.com)"
216.73.216.87 - - [15/May/2026:12:43:25 +0000] "GET /%22%20.%20esc_url($post-%3Epost_excerpt)%20.%20%22 HTTP/1.1" 200 6613 "-" "Mozilla/5.0 AppleWebKit/537.36 (KHTML, like Gecko; compatible; ClaudeBot/1.0; +claudebot@anthropic.com)"
216.73.216.87 - - [15/May/2026:12:43:25 +0000] "GET /'%20.%20$img_url%20.%20' HTTP/1.1" 200 6613 "-" "Mozilla/5.0 AppleWebKit/537.36 (KHTML, like Gecko; compatible; ClaudeBot/1.0; +claudebot@anthropic.com)"
74.7.243.230 - - [15/May/2026:12:43:25 +0000] "GET /keywords.html?file=/sys/devices/pci0000:00/0000:00:1f.0/driver/0000:00:1f.0/iTCO_wdt.1.auto/firmware_node/PNP0B00:00/subsystem/devices/ACPI0010:00/LNXCPU:00/physical_node/node0/cpu0/node0/cpu3/driver/cpu0/firmware_node/subsystem/devices/PNP0A08:00/device:44/subsystem/devices/PNP0303:00 HTTP/1.1" 200 188063 "https://staging.improuv.com/keywords.html?file=/sys/devices/pci0000:00/0000:00:1f.0/driver/0000:00:1f.0/iTCO_wdt.1.auto/firmware_node/PNP0B00:00/subsystem/devices/ACPI0010:00/LNXCPU:00/physical_node/node0/cpu0/node0/cpu3/driver/cpu0/firmware_node/subsystem/devices/PNP0A08:00/device:44/subsystem/devices" "Mozilla/5.0 AppleWebKit/537.36 (KHTML, like Gecko; compatible; GPTBot/1.3; +https://openai.com/gptbot)"
216.73.216.87 - - [15/May/2026:12:43:26 +0000] "GET /'%20.%20$url%20.%20' HTTP/1.1" 200 6613 "-" "Mozilla/5.0 AppleWebKit/537.36 (KHTML, like Gecko; compatible; ClaudeBot/1.0; +claudebot@anthropic.com)"
216.73.216.87 - - [15/May/2026:12:43:26 +0000] "GET /%22%20.%20$tr-%3Epost_excerpt%20.%20%22 HTTP/1.1" 200 6613 "-" "Mozilla/5.0 AppleWebKit/537.36 (KHTML, like Gecko; compatible; ClaudeBot/1.0; +claudebot@anthropic.com)"
216.73.216.87 - - [15/May/2026:12:43:27 +0000] "GET /'%20.%20get_permalink()%20.%20' HTTP/1.1" 200 6613 "-" "Mozilla/5.0 AppleWebKit/537.36 (KHTML, like Gecko; compatible; ClaudeBot/1.0; +claudebot@anthropic.com)"
216.73.216.87 - - [15/May/2026:12:43:27 +0000] "GET /sitemap.xml?rename=%2Fhome%2Fstagingimprouv%2Fpublic_html%2Freadme.html HTTP/1.1" 200 6975 "-" "Mozilla/5.0 AppleWebKit/537.36 (KHTML, like Gecko; compatible; ClaudeBot/1.0; +claudebot@anthropic.com)"
