74.7.243.230 - - [15/May/2026:12:45:14 +0000] "GET /keywords.html?edit=/sys/devices/pci0000:00/0000:00:1f.0/driver/0000:00:1f.0/iTCO_wdt.1.auto/firmware_node/PNP0B00:00/subsystem/devices/ACPI0010:00/LNXCPU:00/physical_node/node0/cpu0/node0/cpu3/driver/cpu0/firmware_node/subsystem/devices/PNP0A08:00/device:44/subsystem/devices/PNP0A06:01/path HTTP/1.1" 200 186643 "https://staging.improuv.com/keywords.html?file=/sys/devices/pci0000:00/0000:00:1f.0/driver/0000:00:1f.0/iTCO_wdt.1.auto/firmware_node/PNP0B00:00/subsystem/devices/ACPI0010:00/LNXCPU:00/physical_node/node0/cpu0/node0/cpu3/driver/cpu0/firmware_node/subsystem/devices/PNP0A08:00/device:44/subsystem/devices/PNP0A06:01" "Mozilla/5.0 AppleWebKit/537.36 (KHTML, like Gecko; compatible; GPTBot/1.3; +https://openai.com/gptbot)"
54.38.38.130 - - [15/May/2026:12:45:14 +0000] "GET /en/blog/events/agile-tuesday-impact-mapping-%F0%9F%92%8D-opportunity-solution-tree-mit-buesra-coskuner-2/3/?edit=/home/stagingimprouv/public_html/wp-content/themes/hello-elementor/assets/css/reset.asset.php HTTP/1.1" 200 7132 "-" "Mozilla/5.0 (compatible; MJ12bot/v1.4.8; http://mj12bot.com/)"
209.50.160.38 - - [15/May/2026:12:45:15 +0000] "GET /wp-login.php?wp_lang=en_US HTTP/1.1" 200 14418 "-" "Mozilla/5.0 (Windows NT 10.0; Win64; x64) AppleWebKit/537.36 (KHTML, like Gecko) Chrome/124.0.0.0 Safari/537.36"
216.73.216.87 - - [15/May/2026:12:45:16 +0000] "GET /sitemap.xml?view=%2Fhome%2Fstagingimprouv%2Fpublic_html%2Fwp-content%2Flanguages%2Fde_DE-5251f7623766a714c8207c7edb938628.json HTTP/1.1" 200 576 "-" "Mozilla/5.0 AppleWebKit/537.36 (KHTML, like Gecko; compatible; ClaudeBot/1.0; +claudebot@anthropic.com)"
216.73.216.87 - - [15/May/2026:12:45:16 +0000] "GET /sitemap.xml?view=%2Fhome%2Fstagingimprouv%2Fpublic_html%2Fwp-content%2Flanguages%2Fde_DE-7c90cd4398ee2d9d3628c387a87a70e5.json HTTP/1.1" 200 396 "-" "Mozilla/5.0 AppleWebKit/537.36 (KHTML, like Gecko; compatible; ClaudeBot/1.0; +claudebot@anthropic.com)"
74.7.243.230 - - [15/May/2026:12:45:16 +0000] "GET /keywords.html?rename=/sys/devices/pci0000:00/0000:00:1f.0/driver/0000:00:1f.0/iTCO_wdt.1.auto/firmware_node/PNP0B00:00/subsystem/devices/ACPI0010:00/LNXCPU:00/physical_node/node0/cpu0/node0/cpu3/driver/cpu0/firmware_node/subsystem/devices/PNP0A08:00/device:44/subsystem/devices/PNP0A06:00/hid HTTP/1.1" 200 186637 "https://staging.improuv.com/keywords.html?file=/sys/devices/pci0000:00/0000:00:1f.0/driver/0000:00:1f.0/iTCO_wdt.1.auto/firmware_node/PNP0B00:00/subsystem/devices/ACPI0010:00/LNXCPU:00/physical_node/node0/cpu0/node0/cpu3/driver/cpu0/firmware_node/subsystem/devices/PNP0A08:00/device:44/subsystem/devices/PNP0A06:00" "Mozilla/5.0 AppleWebKit/537.36 (KHTML, like Gecko; compatible; GPTBot/1.3; +https://openai.com/gptbot)"
216.73.216.87 - - [15/May/2026:12:45:16 +0000] "GET /sitemap.xml?edit=%2Fhome%2Fstagingimprouv%2Fpublic_html%2Fwp-content%2Flanguages%2Fde_DE-1c4303f02ff93b290e9faad991eeb06f.json HTTP/1.1" 200 7637 "-" "Mozilla/5.0 AppleWebKit/537.36 (KHTML, like Gecko; compatible; ClaudeBot/1.0; +claudebot@anthropic.com)"
216.73.216.87 - - [15/May/2026:12:45:16 +0000] "GET /sitemap.xml?view=%2Fhome%2Fstagingimprouv%2Fpublic_html%2Fwp-content%2Flanguages%2Fen_GB.po HTTP/1.1" 200 860051 "-" "Mozilla/5.0 AppleWebKit/537.36 (KHTML, like Gecko; compatible; ClaudeBot/1.0; +claudebot@anthropic.com)"
209.50.160.38 - - [15/May/2026:12:45:16 +0000] "POST /wp-login.php?wp_lang=en_US HTTP/1.1" 200 14418 "https://staging.improuv.com/wp-login.php?wp_lang=en_US" "Mozilla/5.0 (Windows NT 10.0; Win64; x64) AppleWebKit/537.36 (KHTML, like Gecko) Chrome/124.0.0.0 Safari/537.36"
216.73.216.87 - - [15/May/2026:12:45:16 +0000] "GET /sitemap.xml?rename=%2Fhome%2Fstagingimprouv%2Fpublic_html%2Fwp-content%2Flanguages%2Fde_DE-320f4ad9792aaa6dedb1e71cbdf85d57.json HTTP/1.1" 200 7092 "-" "Mozilla/5.0 AppleWebKit/537.36 (KHTML, like Gecko; compatible; ClaudeBot/1.0; +claudebot@anthropic.com)"
54.38.38.130 - - [15/May/2026:12:45:17 +0000] "GET /en/blog/events/agile-tuesday-impact-mapping-%F0%9F%92%8D-opportunity-solution-tree-mit-buesra-coskuner-2/3/?edit=/home/stagingimprouv/public_html/wp-content/themes/hello-elementor/assets/css/reset.css HTTP/1.1" 200 12541 "-" "Mozilla/5.0 (compatible; MJ12bot/v1.4.8; http://mj12bot.com/)"
216.73.216.87 - - [15/May/2026:12:45:18 +0000] "GET /sitemap.xml?edit=%2Fhome%2Fstagingimprouv%2Fpublic_html%2Fwp-content%2Flanguages%2Fde_DE-1780a2033cf98d69ce13c2e5c8510004.json HTTP/1.1" 200 8348 "-" "Mozilla/5.0 AppleWebKit/537.36 (KHTML, like Gecko; compatible; ClaudeBot/1.0; +claudebot@anthropic.com)"
216.73.216.87 - - [15/May/2026:12:45:18 +0000] "GET /%3C?rename=%2Fhome%2Fstagingimprouv%2Fpublic_html%2Fwp-content%2Fthemes%2Fhello-elementor%2Ftemplate-parts%2Farchive.php HTTP/1.1" 200 186276 "-" "Mozilla/5.0 AppleWebKit/537.36 (KHTML, like Gecko; compatible; ClaudeBot/1.0; +claudebot@anthropic.com)"
216.73.216.87 - - [15/May/2026:12:45:18 +0000] "GET /sitemap.xml?rename=%2Fhome%2Fstagingimprouv%2Fpublic_html%2Fwp-content%2Flanguages%2Fadmin-en_GB.po HTTP/1.1" 200 7005 "-" "Mozilla/5.0 AppleWebKit/537.36 (KHTML, like Gecko; compatible; ClaudeBot/1.0; +claudebot@anthropic.com)"
65.111.9.123 - - [15/May/2026:12:45:19 +0000] "GET /wp-login.php?wp_lang=en_US HTTP/1.1" 200 14418 "-" "Mozilla/5.0 (Windows NT 10.0; Win64; x64) AppleWebKit/537.36 (KHTML, like Gecko) Chrome/124.0.0.0 Safari/537.36"
74.7.243.230 - - [15/May/2026:12:45:18 +0000] "GET /keywords.html?file=/sys/devices/pci0000:00/0000:00:1f.0/driver/0000:00:1f.0/iTCO_wdt.1.auto/firmware_node/PNP0B00:00/subsystem/devices/ACPI0010:00/LNXCPU:00/physical_node/node0/cpu0/node0/cpu3/driver/cpu0/firmware_node/subsystem/devices/PNP0A08:00/device:44/subsystem/devices/PNP0A06:00/path HTTP/1.1" 200 180323 "https://staging.improuv.com/keywords.html?file=/sys/devices/pci0000:00/0000:00:1f.0/driver/0000:00:1f.0/iTCO_wdt.1.auto/firmware_node/PNP0B00:00/subsystem/devices/ACPI0010:00/LNXCPU:00/physical_node/node0/cpu0/node0/cpu3/driver/cpu0/firmware_node/subsystem/devices/PNP0A08:00/device:44/subsystem/devices/PNP0A06:00" "Mozilla/5.0 AppleWebKit/537.36 (KHTML, like Gecko; compatible; GPTBot/1.3; +https://openai.com/gptbot)"
216.73.216.87 - - [15/May/2026:12:45:19 +0000] "GET /sitemap.xml?rename=%2Fhome%2Fstagingimprouv%2Fpublic_html%2Fwp-content%2Flanguages%2Fde_DE-e2791ba830489d23043be8650a22a22b.json HTTP/1.1" 200 7092 "-" "Mozilla/5.0 AppleWebKit/537.36 (KHTML, like Gecko; compatible; ClaudeBot/1.0; +claudebot@anthropic.com)"
216.73.216.87 - - [15/May/2026:12:45:18 +0000] "GET /%3C?file=%2Fhome%2Fstagingimprouv%2Fpublic_html%2Fwp-content%2Fthemes%2Fhello-elementor%2Ftemplate-parts%2Fsearch.php HTTP/1.1" 200 179756 "-" "Mozilla/5.0 AppleWebKit/537.36 (KHTML, like Gecko; compatible; ClaudeBot/1.0; +claudebot@anthropic.com)"
216.73.216.87 - - [15/May/2026:12:45:20 +0000] "GET /sitemap.xml?rename=%2Fhome%2Fstagingimprouv%2Fpublic_html%2Fwp-content%2Flanguages%2Fde_DE-7d5ca435e60d92f024d46c9257aaa0f7.json HTTP/1.1" 200 7092 "-" "Mozilla/5.0 AppleWebKit/537.36 (KHTML, like Gecko; compatible; ClaudeBot/1.0; +claudebot@anthropic.com)"
54.38.38.130 - - [15/May/2026:12:45:20 +0000] "GET /en/blog/events/agile-tuesday-impact-mapping-%F0%9F%92%8D-opportunity-solution-tree-mit-buesra-coskuner-2/3/?edit=/home/stagingimprouv/public_html/wp-content/themes/hello-elementor/assets/css/theme-rtl.css HTTP/1.1" 200 12125 "-" "Mozilla/5.0 (compatible; MJ12bot/v1.4.8; http://mj12bot.com/)"
216.73.216.87 - - [15/May/2026:12:45:20 +0000] "GET /sitemap.xml?file=%2Fhome%2Fstagingimprouv%2Fpublic_html%2Fwp-content%2Fthemes%2Fhello-theme-child-master%2Fwoocommerce%2Femails HTTP/1.1" 200 2024 "-" "Mozilla/5.0 AppleWebKit/537.36 (KHTML, like Gecko; compatible; ClaudeBot/1.0; +claudebot@anthropic.com)"
216.73.216.87 - - [15/May/2026:12:45:20 +0000] "GET /sitemap.xml?file=%2Fhome%2Fstagingimprouv%2Fpublic_html%2Fwp-content%2Flanguages%2Fde_DE-9c3519f4870fac83dc0dbf18cb6bd4c4.json HTTP/1.1" 200 484 "-" "Mozilla/5.0 AppleWebKit/537.36 (KHTML, like Gecko; compatible; ClaudeBot/1.0; +claudebot@anthropic.com)"
216.73.216.87 - - [15/May/2026:12:45:21 +0000] "GET /sitemap.xml?view=%2Fhome%2Fstagingimprouv%2Fpublic_html%2Fwp-content%2Flanguages%2Fde_DE-9b256ea9cd54df92095e04c76758ceb0.json HTTP/1.1" 200 931 "-" "Mozilla/5.0 AppleWebKit/537.36 (KHTML, like Gecko; compatible; ClaudeBot/1.0; +claudebot@anthropic.com)"
74.7.243.230 - - [15/May/2026:12:45:21 +0000] "GET /keywords.html?rename=/sys/devices/pci0000:00/0000:00:1f.0/driver/0000:00:1f.0/iTCO_wdt.1.auto/firmware_node/PNP0B00:00/subsystem/devices/ACPI0010:00/LNXCPU:00/physical_node/node0/cpu0/node0/cpu3/driver/cpu0/firmware_node/subsystem/devices/PNP0A08:00/device:44/subsystem/devices/PNP0A06:00/uid HTTP/1.1" 200 186637 "https://staging.improuv.com/keywords.html?file=/sys/devices/pci0000:00/0000:00:1f.0/driver/0000:00:1f.0/iTCO_wdt.1.auto/firmware_node/PNP0B00:00/subsystem/devices/ACPI0010:00/LNXCPU:00/physical_node/node0/cpu0/node0/cpu3/driver/cpu0/firmware_node/subsystem/devices/PNP0A08:00/device:44/subsystem/devices/PNP0A06:00" "Mozilla/5.0 AppleWebKit/537.36 (KHTML, like Gecko; compatible; GPTBot/1.3; +https://openai.com/gptbot)"
65.111.9.123 - - [15/May/2026:12:45:21 +0000] "POST /wp-login.php?wp_lang=en_US HTTP/1.1" 200 14418 "https://staging.improuv.com/wp-login.php?wp_lang=en_US" "Mozilla/5.0 (Windows NT 10.0; Win64; x64) AppleWebKit/537.36 (KHTML, like Gecko) Chrome/124.0.0.0 Safari/537.36"
216.73.216.87 - - [15/May/2026:12:45:22 +0000] "GET /sitemap.xml?rename=%2Fhome%2Fstagingimprouv%2Fpublic_html%2Fwp-content%2Flanguages%2Fde_DE-a25d1cc7bf7ca0b4e114f6bea64943f4.json HTTP/1.1" 200 7092 "-" "Mozilla/5.0 AppleWebKit/537.36 (KHTML, like Gecko; compatible; ClaudeBot/1.0; +claudebot@anthropic.com)"
216.73.216.87 - - [15/May/2026:12:45:23 +0000] "GET /sitemap.xml?view=%2Fhome%2Fstagingimprouv%2Fpublic_html%2Fwp-content%2Flanguages%2Fde_DE-947c76bb5095da30e16668eec15406b2.json HTTP/1.1" 200 3118 "-" "Mozilla/5.0 AppleWebKit/537.36 (KHTML, like Gecko; compatible; ClaudeBot/1.0; +claudebot@anthropic.com)"
216.73.216.87 - - [15/May/2026:12:45:22 +0000] "GET /%3C?rename=%2Fhome%2Fstagingimprouv%2Fpublic_html%2Fwp-content%2Fthemes%2Fhello-elementor%2Ftemplate-parts%2F404.php HTTP/1.1" 200 186260 "-" "Mozilla/5.0 AppleWebKit/537.36 (KHTML, like Gecko; compatible; ClaudeBot/1.0; +claudebot@anthropic.com)"
187.17.228.218 - - [15/May/2026:12:44:57 +0000] "GET /admin/config.php HTTP/1.0" 200 102613 "-" "Mozilla/5.0 (Windows NT 10.0; Win64; x64) AppleWebKit/537.36"
216.73.216.87 - - [15/May/2026:12:45:23 +0000] "GET /sitemap.xml?rename=%2Fhome%2Fstagingimprouv%2Fpublic_html%2Fwp-content%2Fai1wm-backups%2Findex.html HTTP/1.1" 200 6997 "-" "Mozilla/5.0 AppleWebKit/537.36 (KHTML, like Gecko; compatible; ClaudeBot/1.0; +claudebot@anthropic.com)"
216.73.216.87 - - [15/May/2026:12:45:23 +0000] "GET /sitemap.xml?edit=%2Fhome%2Fstagingimprouv%2Fpublic_html%2Fwp-content%2Flanguages%2Fde_DE-529362903a5a05b34b06b5e793fb4cf8.json HTTP/1.1" 200 8224 "-" "Mozilla/5.0 AppleWebKit/537.36 (KHTML, like Gecko; compatible; ClaudeBot/1.0; +claudebot@anthropic.com)"
216.73.216.87 - - [15/May/2026:12:45:23 +0000] "GET /%3C?edit=%2Fhome%2Fstagingimprouv%2Fpublic_html%2Fwp-content%2Fthemes%2Fhello-elementor%2Ftemplate-parts%2Ffooter.php HTTP/1.1" 200 187127 "-" "Mozilla/5.0 AppleWebKit/537.36 (KHTML, like Gecko; compatible; ClaudeBot/1.0; +claudebot@anthropic.com)"
54.38.38.130 - - [15/May/2026:12:45:24 +0000] "GET /en/blog/events/agile-tuesday-impact-mapping-%F0%9F%92%8D-opportunity-solution-tree-mit-buesra-coskuner-2/3/?edit=/home/stagingimprouv/public_html/wp-content/themes/hello-elementor/assets/css/theme.css HTTP/1.1" 200 12114 "-" "Mozilla/5.0 (compatible; MJ12bot/v1.4.8; http://mj12bot.com/)"
216.73.216.87 - - [15/May/2026:12:45:24 +0000] "GET /sitemap.xml?edit=%2Fhome%2Fstagingimprouv%2Fpublic_html%2Fwp-content%2Flanguages%2Fde_DE-7f13c36c641b114bf18cd0bcc9ecc7e0.json HTTP/1.1" 200 25694 "-" "Mozilla/5.0 AppleWebKit/537.36 (KHTML, like Gecko; compatible; ClaudeBot/1.0; +claudebot@anthropic.com)"
216.26.226.73 - - [15/May/2026:12:45:24 +0000] "GET /wp-login.php?wp_lang=en_US HTTP/1.1" 200 14418 "-" "Mozilla/5.0 (Windows NT 10.0; Win64; x64) AppleWebKit/537.36 (KHTML, like Gecko) Chrome/124.0.0.0 Safari/537.36"
74.7.243.230 - - [15/May/2026:12:45:24 +0000] "GET /keywords.html?edit=/sys/devices/pci0000:00/0000:00:1f.0/driver/0000:00:1f.0/iTCO_wdt.1.auto/firmware_node/PNP0B00:00/subsystem/devices/ACPI0010:00/LNXCPU:00/physical_node/node0/cpu0/node0/cpu3/driver/cpu0/firmware_node/subsystem/devices/PNP0A08:00/device:44/subsystem/devices/PNP0A06:00/hid HTTP/1.1" 200 186632 "https://staging.improuv.com/keywords.html?file=/sys/devices/pci0000:00/0000:00:1f.0/driver/0000:00:1f.0/iTCO_wdt.1.auto/firmware_node/PNP0B00:00/subsystem/devices/ACPI0010:00/LNXCPU:00/physical_node/node0/cpu0/node0/cpu3/driver/cpu0/firmware_node/subsystem/devices/PNP0A08:00/device:44/subsystem/devices/PNP0A06:00" "Mozilla/5.0 AppleWebKit/537.36 (KHTML, like Gecko; compatible; GPTBot/1.3; +https://openai.com/gptbot)"
216.73.216.87 - - [15/May/2026:12:45:24 +0000] "GET /sitemap.xml?rename=%2Fhome%2Fstagingimprouv%2Fpublic_html%2Fwp-content%2Flanguages%2Fde_DE-81d6f084cb273e02e15b01bd9ece87f7.json HTTP/1.1" 200 7092 "-" "Mozilla/5.0 AppleWebKit/537.36 (KHTML, like Gecko; compatible; ClaudeBot/1.0; +claudebot@anthropic.com)"
216.73.216.87 - - [15/May/2026:12:45:26 +0000] "GET /sitemap.xml?view=%2Fhome%2Fstagingimprouv%2Fpublic_html%2Fwp-content%2Flanguages%2Fen_GB-77fdfadaf2e1ca3a027d1956b910bc50.json HTTP/1.1" 200 1110 "-" "Mozilla/5.0 AppleWebKit/537.36 (KHTML, like Gecko; compatible; ClaudeBot/1.0; +claudebot@anthropic.com)"
216.73.216.87 - - [15/May/2026:12:45:26 +0000] "GET /sitemap.xml?view=%2Fhome%2Fstagingimprouv%2Fpublic_html%2Fwp-content%2Flanguages%2Fde_DE-0cc31205f20441b3df1d1b46100f6b8d.json HTTP/1.1" 200 1827 "-" "Mozilla/5.0 AppleWebKit/537.36 (KHTML, like Gecko; compatible; ClaudeBot/1.0; +claudebot@anthropic.com)"
216.73.216.87 - - [15/May/2026:12:45:26 +0000] "GET /sitemap.xml?file=%2Fhome%2Fstagingimprouv%2Fpublic_html%2Fwp-content%2Flanguages%2Fde_DE-e53526243551a102928735ec9eed4edf.json HTTP/1.1" 200 484 "-" "Mozilla/5.0 AppleWebKit/537.36 (KHTML, like Gecko; compatible; ClaudeBot/1.0; +claudebot@anthropic.com)"
216.73.216.87 - - [15/May/2026:12:45:26 +0000] "GET /sitemap.xml?rename=%2Fhome%2Fstagingimprouv%2Fpublic_html%2Fwp-content%2Flanguages%2Fde_DE-bf23b24175490c2e46aaf92ff6a0c70f.json HTTP/1.1" 200 7092 "-" "Mozilla/5.0 AppleWebKit/537.36 (KHTML, like Gecko; compatible; ClaudeBot/1.0; +claudebot@anthropic.com)"
216.73.216.87 - - [15/May/2026:12:45:26 +0000] "GET /sitemap.xml?rename=%2Fhome%2Fstagingimprouv%2Fpublic_html%2Fwp-content%2Flanguages%2Fde_DE-569e85ef168299eb8c8f24d8ef8c8a78.json HTTP/1.1" 200 7092 "-" "Mozilla/5.0 AppleWebKit/537.36 (KHTML, like Gecko; compatible; ClaudeBot/1.0; +claudebot@anthropic.com)"
216.73.216.87 - - [15/May/2026:12:45:26 +0000] "GET /sitemap.xml?file=%2Fhome%2Fstagingimprouv%2Fpublic_html%2Fwp-content%2Flanguages%2Fde_DE-5251f7623766a714c8207c7edb938628.json HTTP/1.1" 200 484 "-" "Mozilla/5.0 AppleWebKit/537.36 (KHTML, like Gecko; compatible; ClaudeBot/1.0; +claudebot@anthropic.com)"
216.26.226.73 - - [15/May/2026:12:45:27 +0000] "POST /wp-login.php?wp_lang=en_US HTTP/1.1" 200 14418 "https://staging.improuv.com/wp-login.php?wp_lang=en_US" "Mozilla/5.0 (Windows NT 10.0; Win64; x64) AppleWebKit/537.36 (KHTML, like Gecko) Chrome/124.0.0.0 Safari/537.36"
216.73.216.87 - - [15/May/2026:12:45:27 +0000] "GET /sitemap.xml?edit=%2Fhome%2Fstagingimprouv%2Fpublic_html%2Fwp-content%2Flanguages%2Fde_DE-60d06fac6f98e8e8f0ec5a945738b660.json HTTP/1.1" 200 7778 "-" "Mozilla/5.0 AppleWebKit/537.36 (KHTML, like Gecko; compatible; ClaudeBot/1.0; +claudebot@anthropic.com)"
216.73.216.87 - - [15/May/2026:12:45:29 +0000] "GET /sitemap.xml?view=%2Fhome%2Fstagingimprouv%2Fpublic_html%2Fwp-content%2Flanguages%2Fen_GB-bf0f094965d3d4a95b47babcb35fc136.json HTTP/1.1" 200 40722 "-" "Mozilla/5.0 AppleWebKit/537.36 (KHTML, like Gecko; compatible; ClaudeBot/1.0; +claudebot@anthropic.com)"
216.73.216.87 - - [15/May/2026:12:45:28 +0000] "GET /sitemap.xml?edit=%2Fhome%2Fstagingimprouv%2Fpublic_html%2Fwp-content%2Flanguages%2Fen_GB-a25d1cc7bf7ca0b4e114f6bea64943f4.json HTTP/1.1" 200 7662 "-" "Mozilla/5.0 AppleWebKit/537.36 (KHTML, like Gecko; compatible; ClaudeBot/1.0; +claudebot@anthropic.com)"
74.7.243.230 - - [15/May/2026:12:45:27 +0000] "GET /keywords.html?file=/sys/devices/pci0000:00/0000:00:1f.0/driver/0000:00:1f.0/iTCO_wdt.1.auto/firmware_node/PNP0B00:00/subsystem/devices/ACPI0010:00/LNXCPU:00/physical_node/node0/cpu0/node0/cpu3/driver/cpu0/firmware_node/subsystem/devices/PNP0A08:00/device:44/subsystem/devices/PNP0A06:01/power HTTP/1.1" 200 187080 "https://staging.improuv.com/keywords.html?file=/sys/devices/pci0000:00/0000:00:1f.0/driver/0000:00:1f.0/iTCO_wdt.1.auto/firmware_node/PNP0B00:00/subsystem/devices/ACPI0010:00/LNXCPU:00/physical_node/node0/cpu0/node0/cpu3/driver/cpu0/firmware_node/subsystem/devices/PNP0A08:00/device:44/subsystem/devices/PNP0A06:01" "Mozilla/5.0 AppleWebKit/537.36 (KHTML, like Gecko; compatible; GPTBot/1.3; +https://openai.com/gptbot)"
54.38.38.130 - - [15/May/2026:12:45:28 +0000] "GET /en/blog/events/agile-tuesday-impact-mapping-%F0%9F%92%8D-opportunity-solution-tree-mit-buesra-coskuner-2/3/?edit=/home/stagingimprouv/public_html/wp-content/themes/hello-elementor/assets/images/install-elementor.png HTTP/1.1" 200 418529 "-" "Mozilla/5.0 (compatible; MJ12bot/v1.4.8; http://mj12bot.com/)"
216.73.216.87 - - [15/May/2026:12:45:29 +0000] "GET /sitemap.xml?file=%2Fhome%2Fstagingimprouv%2Fpublic_html%2Fwp-content%2Flanguages%2Fde_DE-7c90cd4398ee2d9d3628c387a87a70e5.json HTTP/1.1" 200 484 "-" "Mozilla/5.0 AppleWebKit/537.36 (KHTML, like Gecko; compatible; ClaudeBot/1.0; +claudebot@anthropic.com)"
216.73.216.87 - - [15/May/2026:12:45:29 +0000] "GET /sitemap.xml?file=%2Fhome%2Fstagingimprouv%2Fpublic_html%2Fwp-content%2Fthemes%2Fhello-theme-child-master%2Fwoocommerce%2Fcheckout HTTP/1.1" 200 1158 "-" "Mozilla/5.0 AppleWebKit/537.36 (KHTML, like Gecko; compatible; ClaudeBot/1.0; +claudebot@anthropic.com)"
216.73.216.87 - - [15/May/2026:12:45:29 +0000] "GET /sitemap.xml?file=%2Fhome%2Fstagingimprouv%2Fpublic_html%2Fwp-content%2Fthemes%2Fhello-theme-child-master%2Fwoocommerce%2Femail HTTP/1.1" 200 1218 "-" "Mozilla/5.0 AppleWebKit/537.36 (KHTML, like Gecko; compatible; ClaudeBot/1.0; +claudebot@anthropic.com)"
216.73.216.87 - - [15/May/2026:12:45:31 +0000] "GET /sitemap.xml?view=%2Fhome%2Fstagingimprouv%2Fpublic_html%2Fwp-content%2Flanguages%2Fde_DE-a2796e57f680e25d84c4b352ee6d7280.json HTTP/1.1" 200 800 "-" "Mozilla/5.0 AppleWebKit/537.36 (KHTML, like Gecko; compatible; ClaudeBot/1.0; +claudebot@anthropic.com)"
45.3.36.19 - - [15/May/2026:12:45:30 +0000] "GET /wp-login.php?wp_lang=en_US HTTP/1.1" 200 14418 "-" "Mozilla/5.0 (Windows NT 10.0; Win64; x64; rv:133.0) Gecko/20100101 Firefox/133.0"
216.73.216.87 - - [15/May/2026:12:45:30 +0000] "GET /sitemap.xml?edit=%2Fhome%2Fstagingimprouv%2Fpublic_html%2Fwp-content%2Flanguages%2Fen_GB-81d6f084cb273e02e15b01bd9ece87f7.json HTTP/1.1" 200 8229 "-" "Mozilla/5.0 AppleWebKit/537.36 (KHTML, like Gecko; compatible; ClaudeBot/1.0; +claudebot@anthropic.com)"
216.73.216.87 - - [15/May/2026:12:45:31 +0000] "GET /sitemap.xml?view=%2Fhome%2Fstagingimprouv%2Fpublic_html%2Fwp-content%2Flanguages%2Fde_DE-1c4303f02ff93b290e9faad991eeb06f.json HTTP/1.1" 200 376 "-" "Mozilla/5.0 AppleWebKit/537.36 (KHTML, like Gecko; compatible; ClaudeBot/1.0; +claudebot@anthropic.com)"
216.73.216.87 - - [15/May/2026:12:45:31 +0000] "GET /sitemap.xml?edit=%2Fhome%2Fstagingimprouv%2Fpublic_html%2Fwp-content%2Flanguages%2Fde_DE-4bfa11da57ff2600004bb500368247f4.json HTTP/1.1" 200 7864 "-" "Mozilla/5.0 AppleWebKit/537.36 (KHTML, like Gecko; compatible; ClaudeBot/1.0; +claudebot@anthropic.com)"
216.73.216.87 - - [15/May/2026:12:45:31 +0000] "GET /%3C?rename=%2Fhome%2Fstagingimprouv%2Fpublic_html%2Fwp-content%2Fthemes%2Fhello-elementor%2Ftemplate-parts%2Fsearch.php HTTP/1.1" 200 186272 "-" "Mozilla/5.0 AppleWebKit/537.36 (KHTML, like Gecko; compatible; ClaudeBot/1.0; +claudebot@anthropic.com)"
74.7.243.230 - - [15/May/2026:12:45:31 +0000] "GET /keywords.html?rename=/sys/devices/pci0000:00/0000:00:1f.0/driver/0000:00:1f.0/iTCO_wdt.1.auto/firmware_node/PNP0B00:00/subsystem/devices/ACPI0010:00/LNXCPU:00/physical_node/node0/cpu0/node0/cpu3/driver/cpu0/firmware_node/subsystem/devices/PNP0A08:00/device:44/subsystem/devices/PNP0A06:00/path HTTP/1.1" 200 186641 "https://staging.improuv.com/keywords.html?file=/sys/devices/pci0000:00/0000:00:1f.0/driver/0000:00:1f.0/iTCO_wdt.1.auto/firmware_node/PNP0B00:00/subsystem/devices/ACPI0010:00/LNXCPU:00/physical_node/node0/cpu0/node0/cpu3/driver/cpu0/firmware_node/subsystem/devices/PNP0A08:00/device:44/subsystem/devices/PNP0A06:00" "Mozilla/5.0 AppleWebKit/537.36 (KHTML, like Gecko; compatible; GPTBot/1.3; +https://openai.com/gptbot)"
216.73.216.87 - - [15/May/2026:12:45:32 +0000] "GET /sitemap.xml?edit=%2Fhome%2Fstagingimprouv%2Fpublic_html%2Fwp-content%2Fuploads%2Fwoocommerce-placeholder.png HTTP/1.1" 200 95831 "-" "Mozilla/5.0 AppleWebKit/537.36 (KHTML, like Gecko; compatible; ClaudeBot/1.0; +claudebot@anthropic.com)"
216.73.216.87 - - [15/May/2026:12:45:33 +0000] "GET /sitemap.xml?view=%2Fhome%2Fstagingimprouv%2Fpublic_html%2Fwp-content%2Flanguages%2Fde_DE-1780a2033cf98d69ce13c2e5c8510004.json HTTP/1.1" 200 887 "-" "Mozilla/5.0 AppleWebKit/537.36 (KHTML, like Gecko; compatible; ClaudeBot/1.0; +claudebot@anthropic.com)"
216.73.216.87 - - [15/May/2026:12:45:32 +0000] "GET /sitemap.xml?edit=%2Fhome%2Fstagingimprouv%2Fpublic_html%2Fwp-content%2Flanguages%2Fde_DE-803bf1ce2131e13efc590c1bc47851fc.json HTTP/1.1" 200 65207 "-" "Mozilla/5.0 AppleWebKit/537.36 (KHTML, like Gecko; compatible; ClaudeBot/1.0; +claudebot@anthropic.com)"
45.3.36.19 - - [15/May/2026:12:45:33 +0000] "POST /wp-login.php?wp_lang=en_US HTTP/1.1" 200 14418 "https://staging.improuv.com/wp-login.php?wp_lang=en_US" "Mozilla/5.0 (Windows NT 10.0; Win64; x64; rv:133.0) Gecko/20100101 Firefox/133.0"
216.73.216.87 - - [15/May/2026:12:45:33 +0000] "GET /sitemap.xml?edit=%2Fhome%2Fstagingimprouv%2Fpublic_html%2Fwp-content%2Flanguages%2Fde_DE-6025add6bde16aaeb12787d250f9b414.json HTTP/1.1" 200 8100 "-" "Mozilla/5.0 AppleWebKit/537.36 (KHTML, like Gecko; compatible; ClaudeBot/1.0; +claudebot@anthropic.com)"
54.38.38.130 - - [15/May/2026:12:45:33 +0000] "GET /en/blog/events/agile-tuesday-impact-mapping-%F0%9F%92%8D-opportunity-solution-tree-mit-buesra-coskuner-2/3/?edit=/home/stagingimprouv/public_html/wp-content/uploads/woocommerce-placeholder-1024x1024.png HTTP/1.1" 200 170460 "-" "Mozilla/5.0 (compatible; MJ12bot/v1.4.8; http://mj12bot.com/)"
216.73.216.87 - - [15/May/2026:12:45:33 +0000] "GET /sitemap.xml?file=%2Fhome%2Fstagingimprouv%2Fpublic_html%2Fwp-content%2Flanguages%2Fde_DE-9b256ea9cd54df92095e04c76758ceb0.json HTTP/1.1" 200 484 "-" "Mozilla/5.0 AppleWebKit/537.36 (KHTML, like Gecko; compatible; ClaudeBot/1.0; +claudebot@anthropic.com)"
216.73.216.87 - - [15/May/2026:12:45:33 +0000] "GET /sitemap.xml?rename=%2Fhome%2Fstagingimprouv%2Fpublic_html%2Fwp-content%2Flanguages%2Fde_DE-9c3519f4870fac83dc0dbf18cb6bd4c4.json HTTP/1.1" 200 7092 "-" "Mozilla/5.0 AppleWebKit/537.36 (KHTML, like Gecko; compatible; ClaudeBot/1.0; +claudebot@anthropic.com)"
216.73.216.87 - - [15/May/2026:12:45:35 +0000] "GET /sitemap.xml?edit=%2Fhome%2Fstagingimprouv%2Fpublic_html%2Fwp-content%2Fai1wm-backups%2Frobots.txt HTTP/1.1" 200 7055 "-" "Mozilla/5.0 AppleWebKit/537.36 (KHTML, like Gecko; compatible; ClaudeBot/1.0; +claudebot@anthropic.com)"
216.73.216.87 - - [15/May/2026:12:45:35 +0000] "GET /sitemap.xml?edit=%2Fhome%2Fstagingimprouv%2Fpublic_html%2Fwp-content%2Flanguages%2Fde_DE-49c6d4acf36cf3aca9f0b2a77617304f.json HTTP/1.1" 200 8377 "-" "Mozilla/5.0 AppleWebKit/537.36 (KHTML, like Gecko; compatible; ClaudeBot/1.0; +claudebot@anthropic.com)"
216.73.216.87 - - [15/May/2026:12:45:35 +0000] "GET /sitemap.xml?edit=%2Fhome%2Fstagingimprouv%2Fpublic_html%2Fwp-content%2Flanguages%2Fen_GB-7b74c8457eaa7fcc50db41b431f8a003.json HTTP/1.1" 200 7861 "-" "Mozilla/5.0 AppleWebKit/537.36 (KHTML, like Gecko; compatible; ClaudeBot/1.0; +claudebot@anthropic.com)"
217.181.91.120 - - [15/May/2026:12:45:36 +0000] "GET /wp-login.php?wp_lang=en_US HTTP/1.1" 200 14418 "-" "Mozilla/5.0 (Windows NT 10.0; Win64; x64) AppleWebKit/537.36 (KHTML, like Gecko) Chrome/124.0.0.0 Safari/537.36"
74.7.243.230 - - [15/May/2026:12:45:35 +0000] "GET /keywords.html?edit=/sys/devices/pci0000:00/0000:00:1f.0/driver/0000:00:1f.0/iTCO_wdt.1.auto/firmware_node/PNP0B00:00/subsystem/devices/ACPI0010:00/LNXCPU:00/physical_node/node0/cpu0/node0/cpu3/driver/cpu0/firmware_node/subsystem/devices/PNP0A08:00/device:44/subsystem/devices/PNP0A06:00/path HTTP/1.1" 200 186643 "https://staging.improuv.com/keywords.html?file=/sys/devices/pci0000:00/0000:00:1f.0/driver/0000:00:1f.0/iTCO_wdt.1.auto/firmware_node/PNP0B00:00/subsystem/devices/ACPI0010:00/LNXCPU:00/physical_node/node0/cpu0/node0/cpu3/driver/cpu0/firmware_node/subsystem/devices/PNP0A08:00/device:44/subsystem/devices/PNP0A06:00" "Mozilla/5.0 AppleWebKit/537.36 (KHTML, like Gecko; compatible; GPTBot/1.3; +https://openai.com/gptbot)"
216.73.216.87 - - [15/May/2026:12:45:35 +0000] "GET /sitemap.xml?file=%2Fhome%2Fstagingimprouv%2Fpublic_html%2Fwp-content%2Flanguages%2Fde_DE-947c76bb5095da30e16668eec15406b2.json HTTP/1.1" 200 484 "-" "Mozilla/5.0 AppleWebKit/537.36 (KHTML, like Gecko; compatible; ClaudeBot/1.0; +claudebot@anthropic.com)"
216.73.216.87 - - [15/May/2026:12:45:36 +0000] "GET /sitemap.xml?edit=%2Fhome%2Fstagingimprouv%2Fpublic_html%2Fwp-content%2Flanguages%2Fde_DE-ac23eee47530ac63a1178c827db28087.json HTTP/1.1" 200 7549 "-" "Mozilla/5.0 AppleWebKit/537.36 (KHTML, like Gecko; compatible; ClaudeBot/1.0; +claudebot@anthropic.com)"
216.73.216.87 - - [15/May/2026:12:45:36 +0000] "GET /sitemap.xml?file=%2Fhome%2Fstagingimprouv%2Fpublic_html%2Fwp-content%2Flanguages%2Fde_DE-ca28138671823450e87dfd354f7afc6b.json HTTP/1.1" 200 484 "-" "Mozilla/5.0 AppleWebKit/537.36 (KHTML, like Gecko; compatible; ClaudeBot/1.0; +claudebot@anthropic.com)"
216.73.216.87 - - [15/May/2026:12:45:36 +0000] "GET /sitemap.xml?edit=%2Fhome%2Fstagingimprouv%2Fpublic_html%2Fwp-content%2Flanguages%2Fde_DE-7436b7ee9e4f11ac0d618d8cc886eb66.json HTTP/1.1" 200 7600 "-" "Mozilla/5.0 AppleWebKit/537.36 (KHTML, like Gecko; compatible; ClaudeBot/1.0; +claudebot@anthropic.com)"
54.38.38.130 - - [15/May/2026:12:45:37 +0000] "GET /en/blog/events/agile-tuesday-impact-mapping-%F0%9F%92%8D-opportunity-solution-tree-mit-buesra-coskuner-2/3/?edit=/home/stagingimprouv/public_html/wp-content/uploads/woocommerce-placeholder-150x150.png HTTP/1.1" 200 14533 "-" "Mozilla/5.0 (compatible; MJ12bot/v1.4.8; http://mj12bot.com/)"
217.181.91.120 - - [15/May/2026:12:45:38 +0000] "POST /wp-login.php?wp_lang=en_US HTTP/1.1" 200 14418 "https://staging.improuv.com/wp-login.php?wp_lang=en_US" "Mozilla/5.0 (Windows NT 10.0; Win64; x64) AppleWebKit/537.36 (KHTML, like Gecko) Chrome/124.0.0.0 Safari/537.36"
74.7.243.230 - - [15/May/2026:12:45:39 +0000] "GET /keywords.html?edit=/sys/devices/pci0000:00/0000:00:1f.0/driver/0000:00:1f.0/iTCO_wdt.1.auto/firmware_node/PNP0B00:00/subsystem/devices/ACPI0010:00/LNXCPU:00/physical_node/node0/cpu0/node0/cpu3/driver/cpu0/firmware_node/subsystem/devices/PNP0A08:00/device:44/subsystem/devices/PNP0A06:01/hid HTTP/1.1" 200 186632 "https://staging.improuv.com/keywords.html?file=/sys/devices/pci0000:00/0000:00:1f.0/driver/0000:00:1f.0/iTCO_wdt.1.auto/firmware_node/PNP0B00:00/subsystem/devices/ACPI0010:00/LNXCPU:00/physical_node/node0/cpu0/node0/cpu3/driver/cpu0/firmware_node/subsystem/devices/PNP0A08:00/device:44/subsystem/devices/PNP0A06:01" "Mozilla/5.0 AppleWebKit/537.36 (KHTML, like Gecko; compatible; GPTBot/1.3; +https://openai.com/gptbot)"
104.207.61.3 - - [15/May/2026:12:45:40 +0000] "GET /wp-login.php?wp_lang=en_US HTTP/1.1" 200 14418 "-" "Mozilla/5.0 (Macintosh; Intel Mac OS X 10_15_7) AppleWebKit/605.1.15 (KHTML, like Gecko) Version/18.0 Safari/605.1.15"
54.38.38.130 - - [15/May/2026:12:45:41 +0000] "GET /en/blog/events/agile-tuesday-impact-mapping-%F0%9F%92%8D-opportunity-solution-tree-mit-buesra-coskuner-2/3/?edit=/home/stagingimprouv/public_html/wp-content/uploads/woocommerce-placeholder-300x300.png HTTP/1.1" 200 29500 "-" "Mozilla/5.0 (compatible; MJ12bot/v1.4.8; http://mj12bot.com/)"
74.7.243.230 - - [15/May/2026:12:45:41 +0000] "GET /keywords.html?file=/sys/devices/pci0000:00/0000:00:1f.0/driver/0000:00:1f.0/iTCO_wdt.1.auto/firmware_node/PNP0B00:00/subsystem/devices/ACPI0010:00/LNXCPU:00/physical_node/node0/cpu0/node0/cpu3/driver/cpu0/firmware_node/subsystem/devices/PNP0A08:00/device:44/subsystem/devices/PNP0A06:00/uevent HTTP/1.1" 200 180327 "https://staging.improuv.com/keywords.html?file=/sys/devices/pci0000:00/0000:00:1f.0/driver/0000:00:1f.0/iTCO_wdt.1.auto/firmware_node/PNP0B00:00/subsystem/devices/ACPI0010:00/LNXCPU:00/physical_node/node0/cpu0/node0/cpu3/driver/cpu0/firmware_node/subsystem/devices/PNP0A08:00/device:44/subsystem/devices/PNP0A06:00" "Mozilla/5.0 AppleWebKit/537.36 (KHTML, like Gecko; compatible; GPTBot/1.3; +https://openai.com/gptbot)"
104.207.61.3 - - [15/May/2026:12:45:41 +0000] "POST /wp-login.php?wp_lang=en_US HTTP/1.1" 200 14418 "https://staging.improuv.com/wp-login.php?wp_lang=en_US" "Mozilla/5.0 (Macintosh; Intel Mac OS X 10_15_7) AppleWebKit/605.1.15 (KHTML, like Gecko) Version/18.0 Safari/605.1.15"
74.7.243.230 - - [15/May/2026:12:45:42 +0000] "GET /keywords.html?edit=/sys/devices/pci0000:00/0000:00:1f.0/driver/0000:00:1f.0/iTCO_wdt.1.auto/firmware_node/PNP0B00:00/subsystem/devices/ACPI0010:00/LNXCPU:00/physical_node/node0/cpu0/node0/cpu3/driver/cpu0/firmware_node/subsystem/devices/PNP0A08:00/device:44/subsystem/devices/PNP0A06:01/uevent HTTP/1.1" 200 186656 "https://staging.improuv.com/keywords.html?file=/sys/devices/pci0000:00/0000:00:1f.0/driver/0000:00:1f.0/iTCO_wdt.1.auto/firmware_node/PNP0B00:00/subsystem/devices/ACPI0010:00/LNXCPU:00/physical_node/node0/cpu0/node0/cpu3/driver/cpu0/firmware_node/subsystem/devices/PNP0A08:00/device:44/subsystem/devices/PNP0A06:01" "Mozilla/5.0 AppleWebKit/537.36 (KHTML, like Gecko; compatible; GPTBot/1.3; +https://openai.com/gptbot)"
104.207.33.67 - - [15/May/2026:12:45:43 +0000] "GET /wp-login.php?wp_lang=en_US HTTP/1.1" 200 14418 "-" "Mozilla/5.0 (Macintosh; Intel Mac OS X 10_15_7) AppleWebKit/605.1.15 (KHTML, like Gecko) Version/18.0 Safari/605.1.15"
54.38.38.130 - - [15/May/2026:12:45:43 +0000] "GET /en/blog/events/agile-tuesday-impact-mapping-%F0%9F%92%8D-opportunity-solution-tree-mit-buesra-coskuner-2/3/?edit=/home/stagingimprouv/public_html/wp-content/uploads/woocommerce-placeholder-600x600.png HTTP/1.1" 200 78265 "-" "Mozilla/5.0 (compatible; MJ12bot/v1.4.8; http://mj12bot.com/)"
74.7.243.230 - - [15/May/2026:12:45:44 +0000] "GET /keywords.html?file=/sys/devices/pci0000:00/0000:00:1f.0/driver/0000:00:1f.0/iTCO_wdt.1.auto/firmware_node/PNP0B00:00/subsystem/devices/ACPI0010:00/LNXCPU:00/physical_node/node0/cpu0/node0/cpu3/driver/cpu0/firmware_node/subsystem/devices/PNP0A08:00/device:44/subsystem/devices/PNP0A06:01/uevent HTTP/1.1" 200 180327 "https://staging.improuv.com/keywords.html?file=/sys/devices/pci0000:00/0000:00:1f.0/driver/0000:00:1f.0/iTCO_wdt.1.auto/firmware_node/PNP0B00:00/subsystem/devices/ACPI0010:00/LNXCPU:00/physical_node/node0/cpu0/node0/cpu3/driver/cpu0/firmware_node/subsystem/devices/PNP0A08:00/device:44/subsystem/devices/PNP0A06:01" "Mozilla/5.0 AppleWebKit/537.36 (KHTML, like Gecko; compatible; GPTBot/1.3; +https://openai.com/gptbot)"
104.207.33.67 - - [15/May/2026:12:45:45 +0000] "POST /wp-login.php?wp_lang=en_US HTTP/1.1" 200 14418 "https://staging.improuv.com/wp-login.php?wp_lang=en_US" "Mozilla/5.0 (Macintosh; Intel Mac OS X 10_15_7) AppleWebKit/605.1.15 (KHTML, like Gecko) Version/18.0 Safari/605.1.15"
216.73.216.87 - - [15/May/2026:12:45:45 +0000] "GET /sitemap.xml?view=%2Fhome%2Fstagingimprouv%2Fpublic_html%2Fwp-content%2Flanguages%2Fde_DE-60d06fac6f98e8e8f0ec5a945738b660.json HTTP/1.1" 200 477 "-" "Mozilla/5.0 AppleWebKit/537.36 (KHTML, like Gecko; compatible; ClaudeBot/1.0; +claudebot@anthropic.com)"
216.73.216.87 - - [15/May/2026:12:45:45 +0000] "GET /sitemap.xml?file=%2Fhome%2Fstagingimprouv%2Fpublic_html%2Fwp-content%2Flanguages%2Fde_DE-a2796e57f680e25d84c4b352ee6d7280.json HTTP/1.1" 200 484 "-" "Mozilla/5.0 AppleWebKit/537.36 (KHTML, like Gecko; compatible; ClaudeBot/1.0; +claudebot@anthropic.com)"
216.73.216.87 - - [15/May/2026:12:45:45 +0000] "GET /sitemap.xml?rename=%2Fhome%2Fstagingimprouv%2Fpublic_html%2Fwp-content%2Flanguages%2Fde_DE-5251f7623766a714c8207c7edb938628.json HTTP/1.1" 200 7092 "-" "Mozilla/5.0 AppleWebKit/537.36 (KHTML, like Gecko; compatible; ClaudeBot/1.0; +claudebot@anthropic.com)"
216.73.216.87 - - [15/May/2026:12:45:45 +0000] "GET /sitemap.xml?rename=%2Fhome%2Fstagingimprouv%2Fpublic_html%2Fwp-content%2Flanguages%2Fde_DE-7c90cd4398ee2d9d3628c387a87a70e5.json HTTP/1.1" 200 7092 "-" "Mozilla/5.0 AppleWebKit/537.36 (KHTML, like Gecko; compatible; ClaudeBot/1.0; +claudebot@anthropic.com)"
216.73.216.87 - - [15/May/2026:12:45:45 +0000] "GET /sitemap.xml?edit=%2Fhome%2Fstagingimprouv%2Fpublic_html%2Fwp-content%2Flanguages%2Fde_DE-2c5d274ea625dd91556554ad82901529.json HTTP/1.1" 200 7549 "-" "Mozilla/5.0 AppleWebKit/537.36 (KHTML, like Gecko; compatible; ClaudeBot/1.0; +claudebot@anthropic.com)"
216.73.216.87 - - [15/May/2026:12:45:45 +0000] "GET /sitemap.xml?file=%2Fhome%2Fstagingimprouv%2Fpublic_html%2Fwp-content%2Flanguages%2Fde_DE-1c4303f02ff93b290e9faad991eeb06f.json HTTP/1.1" 200 484 "-" "Mozilla/5.0 AppleWebKit/537.36 (KHTML, like Gecko; compatible; ClaudeBot/1.0; +claudebot@anthropic.com)"
216.73.216.87 - - [15/May/2026:12:45:45 +0000] "GET /sitemap.xml?edit=%2Fhome%2Fstagingimprouv%2Fpublic_html%2Fwp-content%2Flanguages%2Fde_DE-0eebe503220d4a00341eb011b92769b4.json HTTP/1.1" 200 7752 "-" "Mozilla/5.0 AppleWebKit/537.36 (KHTML, like Gecko; compatible; ClaudeBot/1.0; +claudebot@anthropic.com)"
54.38.38.130 - - [15/May/2026:12:45:46 +0000] "GET /en/blog/events/agile-tuesday-impact-mapping-%F0%9F%92%8D-opportunity-solution-tree-mit-buesra-coskuner-2/3/?edit=/home/stagingimprouv/public_html/wp-content/uploads/woocommerce-placeholder-768x768.png HTTP/1.1" 200 110048 "-" "Mozilla/5.0 (compatible; MJ12bot/v1.4.8; http://mj12bot.com/)"
216.73.216.87 - - [15/May/2026:12:45:47 +0000] "GET /sitemap.xml?view=%2Fhome%2Fstagingimprouv%2Fpublic_html%2Fwp-content%2Flanguages%2Fen_GB-a25d1cc7bf7ca0b4e114f6bea64943f4.json HTTP/1.1" 200 361 "-" "Mozilla/5.0 AppleWebKit/537.36 (KHTML, like Gecko; compatible; ClaudeBot/1.0; +claudebot@anthropic.com)"
45.3.43.31 - - [15/May/2026:12:45:47 +0000] "GET /wp-login.php?wp_lang=en_US HTTP/1.1" 200 14418 "-" "Mozilla/5.0 (Windows NT 10.0; Win64; x64; rv:133.0) Gecko/20100101 Firefox/133.0"
216.73.216.87 - - [15/May/2026:12:45:48 +0000] "GET /sitemap.xml?view=%2Fhome%2Fstagingimprouv%2Fpublic_html%2Fwp-content%2Fuploads%2Fwoocommerce-placeholder.png HTTP/1.1" 200 48149 "-" "Mozilla/5.0 AppleWebKit/537.36 (KHTML, like Gecko; compatible; ClaudeBot/1.0; +claudebot@anthropic.com)"
216.73.216.87 - - [15/May/2026:12:45:48 +0000] "GET /sitemap.xml?view=%2Fhome%2Fstagingimprouv%2Fpublic_html%2Fwp-content%2Flanguages%2Fde_DE-4bfa11da57ff2600004bb500368247f4.json HTTP/1.1" 200 563 "-" "Mozilla/5.0 AppleWebKit/537.36 (KHTML, like Gecko; compatible; ClaudeBot/1.0; +claudebot@anthropic.com)"
74.7.243.230 - - [15/May/2026:12:45:47 +0000] "GET /keywords.html?edit=/sys/devices/pci0000:00/0000:00:1f.0/driver/0000:00:1f.0/iTCO_wdt.1.auto/firmware_node/PNP0B00:00/subsystem/devices/ACPI0010:00/LNXCPU:00/physical_node/node0/cpu0/node0/cpu3/driver/cpu0/firmware_node/subsystem/devices/PNP0A08:00/device:44/subsystem/devices/PNP0303:00/path HTTP/1.1" 200 186648 "https://staging.improuv.com/keywords.html?file=/sys/devices/pci0000:00/0000:00:1f.0/driver/0000:00:1f.0/iTCO_wdt.1.auto/firmware_node/PNP0B00:00/subsystem/devices/ACPI0010:00/LNXCPU:00/physical_node/node0/cpu0/node0/cpu3/driver/cpu0/firmware_node/subsystem/devices/PNP0A08:00/device:44/subsystem/devices/PNP0303:00" "Mozilla/5.0 AppleWebKit/537.36 (KHTML, like Gecko; compatible; GPTBot/1.3; +https://openai.com/gptbot)"
216.73.216.87 - - [15/May/2026:12:45:49 +0000] "GET /sitemap.xml?view=%2Fhome%2Fstagingimprouv%2Fpublic_html%2Fwp-content%2Flanguages%2Fen_GB-81d6f084cb273e02e15b01bd9ece87f7.json HTTP/1.1" 200 828 "-" "Mozilla/5.0 AppleWebKit/537.36 (KHTML, like Gecko; compatible; ClaudeBot/1.0; +claudebot@anthropic.com)"
216.73.216.87 - - [15/May/2026:12:45:48 +0000] "GET /sitemap.xml?file=%2Fhome%2Fstagingimprouv%2Fpublic_html%2Fwp-content%2Flanguages%2Fde_DE-1780a2033cf98d69ce13c2e5c8510004.json HTTP/1.1" 200 484 "-" "Mozilla/5.0 AppleWebKit/537.36 (KHTML, like Gecko; compatible; ClaudeBot/1.0; +claudebot@anthropic.com)"
216.73.216.87 - - [15/May/2026:12:45:50 +0000] "GET /sitemap.xml?view=%2Fhome%2Fstagingimprouv%2Fpublic_html%2Fwp-content%2Fai1wm-backups%2Frobots.txt HTTP/1.1" 200 76 "-" "Mozilla/5.0 AppleWebKit/537.36 (KHTML, like Gecko; compatible; ClaudeBot/1.0; +claudebot@anthropic.com)"
216.73.216.87 - - [15/May/2026:12:45:49 +0000] "GET /%3C?file=%2Fhome%2Fstagingimprouv%2Fpublic_html%2Fwp-content%2Fthemes%2Fhello-elementor%2Fassets%2Fimages HTTP/1.1" 200 186056 "-" "Mozilla/5.0 AppleWebKit/537.36 (KHTML, like Gecko; compatible; ClaudeBot/1.0; +claudebot@anthropic.com)"
45.3.43.31 - - [15/May/2026:12:45:50 +0000] "POST /wp-login.php?wp_lang=en_US HTTP/1.1" 200 14418 "https://staging.improuv.com/wp-login.php?wp_lang=en_US" "Mozilla/5.0 (Windows NT 10.0; Win64; x64; rv:133.0) Gecko/20100101 Firefox/133.0"
216.73.216.87 - - [15/May/2026:12:45:50 +0000] "GET /sitemap.xml?view=%2Fhome%2Fstagingimprouv%2Fpublic_html%2Fwp-content%2Flanguages%2Fde_DE-803bf1ce2131e13efc590c1bc47851fc.json HTTP/1.1" 200 44351 "-" "Mozilla/5.0 AppleWebKit/537.36 (KHTML, like Gecko; compatible; ClaudeBot/1.0; +claudebot@anthropic.com)"
216.73.216.87 - - [15/May/2026:12:45:50 +0000] "GET /sitemap.xml?view=%2Fhome%2Fstagingimprouv%2Fpublic_html%2Fwp-content%2Flanguages%2Fde_DE-6025add6bde16aaeb12787d250f9b414.json HTTP/1.1" 200 759 "-" "Mozilla/5.0 AppleWebKit/537.36 (KHTML, like Gecko; compatible; ClaudeBot/1.0; +claudebot@anthropic.com)"
216.73.216.87 - - [15/May/2026:12:45:49 +0000] "GET /sitemap.xml?edit=%2Fhome%2Fstagingimprouv%2Fpublic_html%2Fwp-content%2Flanguages%2Fen_GB-68f2cec7514bf8563c723a4d675fcfe6.json HTTP/1.1" 200 10118 "-" "Mozilla/5.0 AppleWebKit/537.36 (KHTML, like Gecko; compatible; ClaudeBot/1.0; +claudebot@anthropic.com)"
216.73.216.87 - - [15/May/2026:12:45:51 +0000] "GET /sitemap.xml?edit=%2Fhome%2Fstagingimprouv%2Fpublic_html%2Fwp-content%2Flanguages%2Fen_GB-320f4ad9792aaa6dedb1e71cbdf85d57.json HTTP/1.1" 200 7552 "-" "Mozilla/5.0 AppleWebKit/537.36 (KHTML, like Gecko; compatible; ClaudeBot/1.0; +claudebot@anthropic.com)"
54.38.38.130 - - [15/May/2026:12:45:51 +0000] "GET /en/blog/events/agile-tuesday-impact-mapping-%F0%9F%92%8D-opportunity-solution-tree-mit-buesra-coskuner-2/3/?edit=/home/stagingimprouv/public_html/wp-content/uploads/woocommerce-placeholder.png HTTP/1.1" 200 95831 "-" "Mozilla/5.0 (compatible; MJ12bot/v1.4.8; http://mj12bot.com/)"
74.7.243.230 - - [15/May/2026:12:45:50 +0000] "GET /keywords.html?file=/sys/devices/pci0000:00/0000:00:1f.0/driver/0000:00:1f.0/iTCO_wdt.1.auto/firmware_node/PNP0B00:00/subsystem/devices/ACPI0010:00/LNXCPU:00/physical_node/node0/cpu0/node0/cpu3/driver/cpu0/firmware_node/subsystem/devices/PNP0A08:00/device:44/subsystem/devices/PNP0B00:00 HTTP/1.1" 200 186430 "https://staging.improuv.com/keywords.html?file=/sys/devices/pci0000:00/0000:00:1f.0/driver/0000:00:1f.0/iTCO_wdt.1.auto/firmware_node/PNP0B00:00/subsystem/devices/ACPI0010:00/LNXCPU:00/physical_node/node0/cpu0/node0/cpu3/driver/cpu0/firmware_node/subsystem/devices/PNP0A08:00/device:44/subsystem/devices" "Mozilla/5.0 AppleWebKit/537.36 (KHTML, like Gecko; compatible; GPTBot/1.3; +https://openai.com/gptbot)"
216.73.216.87 - - [15/May/2026:12:45:52 +0000] "GET /sitemap.xml?edit=%2Fhome%2Fstagingimprouv%2Fpublic_html%2Fwp-content%2Flanguages%2Fde_DE-daeb084aab42199d26393a56c3465bc0.json HTTP/1.1" 200 8513 "-" "Mozilla/5.0 AppleWebKit/537.36 (KHTML, like Gecko; compatible; ClaudeBot/1.0; +claudebot@anthropic.com)"
216.73.216.87 - - [15/May/2026:12:45:52 +0000] "GET /sitemap.xml?rename=%2Fhome%2Fstagingimprouv%2Fpublic_html%2Fwp-content%2Flanguages%2Fde_DE-9b256ea9cd54df92095e04c76758ceb0.json HTTP/1.1" 200 7092 "-" "Mozilla/5.0 AppleWebKit/537.36 (KHTML, like Gecko; compatible; ClaudeBot/1.0; +claudebot@anthropic.com)"
216.73.216.87 - - [15/May/2026:12:45:52 +0000] "GET /sitemap.xml?edit=%2Fhome%2Fstagingimprouv%2Fpublic_html%2Fwp-content%2Flanguages%2Fde_DE-8860e58c20c6a2ab5876a0f07be43bd9.json HTTP/1.1" 200 12552 "-" "Mozilla/5.0 AppleWebKit/537.36 (KHTML, like Gecko; compatible; ClaudeBot/1.0; +claudebot@anthropic.com)"
216.73.216.87 - - [15/May/2026:12:45:52 +0000] "GET /sitemap.xml?edit=%2Fhome%2Fstagingimprouv%2Fpublic_html%2Fwp-content%2Flanguages%2Fde_DE-8240df461220d1d3a028a9a4c5652a5b.json HTTP/1.1" 200 8332 "-" "Mozilla/5.0 AppleWebKit/537.36 (KHTML, like Gecko; compatible; ClaudeBot/1.0; +claudebot@anthropic.com)"
216.73.216.87 - - [15/May/2026:12:45:52 +0000] "GET /%3C?file=%2Fhome%2Fstagingimprouv%2Fpublic_html%2Fwp-content%2Fthemes%2Fhello-elementor%2Ftemplate-parts%2Ffooter.php HTTP/1.1" 200 179756 "-" "Mozilla/5.0 AppleWebKit/537.36 (KHTML, like Gecko; compatible; ClaudeBot/1.0; +claudebot@anthropic.com)"
216.73.216.87 - - [15/May/2026:12:45:53 +0000] "GET /sitemap.xml?rename=%2Fhome%2Fstagingimprouv%2Fpublic_html%2Fwp-content%2Flanguages%2Fde_DE-947c76bb5095da30e16668eec15406b2.json HTTP/1.1" 200 7092 "-" "Mozilla/5.0 AppleWebKit/537.36 (KHTML, like Gecko; compatible; ClaudeBot/1.0; +claudebot@anthropic.com)"
74.7.243.230 - - [15/May/2026:12:45:54 +0000] "GET /keywords.html?file=/sys/devices/pci0000:00/0000:00:1f.0/driver/0000:00:1f.0/iTCO_wdt.1.auto/firmware_node/PNP0B00:00/subsystem/devices/ACPI0010:00/LNXCPU:00/physical_node/node0/cpu0/node0/cpu3/driver/cpu0/firmware_node/subsystem/devices/PNP0A08:00/device:42/subsystem/devices/PNP0C01:00/uevent HTTP/1.1" 200 180327 "https://staging.improuv.com/keywords.html?file=/sys/devices/pci0000:00/0000:00:1f.0/driver/0000:00:1f.0/iTCO_wdt.1.auto/firmware_node/PNP0B00:00/subsystem/devices/ACPI0010:00/LNXCPU:00/physical_node/node0/cpu0/node0/cpu3/driver/cpu0/firmware_node/subsystem/devices/PNP0A08:00/device:42/subsystem/devices/PNP0C01:00" "Mozilla/5.0 AppleWebKit/537.36 (KHTML, like Gecko; compatible; GPTBot/1.3; +https://openai.com/gptbot)"
216.73.216.87 - - [15/May/2026:12:45:54 +0000] "GET /sitemap.xml?edit=%2Fhome%2Fstagingimprouv%2Fpublic_html%2Fwp-content%2Flanguages%2Fde_DE-50278328b502f4eb3f2b8b7ab49324a1.json HTTP/1.1" 200 8081 "-" "Mozilla/5.0 AppleWebKit/537.36 (KHTML, like Gecko; compatible; ClaudeBot/1.0; +claudebot@anthropic.com)"
216.73.216.87 - - [15/May/2026:12:45:54 +0000] "GET /sitemap.xml?edit=%2Fhome%2Fstagingimprouv%2Fpublic_html%2Fwp-content%2Flanguages%2Fde_DE-1d17475f620f63a92e2c5d2681c51ee8.json HTTP/1.1" 200 8114 "-" "Mozilla/5.0 AppleWebKit/537.36 (KHTML, like Gecko; compatible; ClaudeBot/1.0; +claudebot@anthropic.com)"
216.73.216.87 - - [15/May/2026:12:45:54 +0000] "GET /sitemap.xml?edit=%2Fhome%2Fstagingimprouv%2Fpublic_html%2Fwp-content%2Flanguages%2Fen_GB-e2791ba830489d23043be8650a22a22b.json HTTP/1.1" 200 7662 "-" "Mozilla/5.0 AppleWebKit/537.36 (KHTML, like Gecko; compatible; ClaudeBot/1.0; +claudebot@anthropic.com)"
216.73.216.87 - - [15/May/2026:12:45:55 +0000] "GET /sitemap.xml?view=%2Fhome%2Fstagingimprouv%2Fpublic_html%2Fwp-content%2Flanguages%2Fde_DE-49c6d4acf36cf3aca9f0b2a77617304f.json HTTP/1.1" 200 776 "-" "Mozilla/5.0 AppleWebKit/537.36 (KHTML, like Gecko; compatible; ClaudeBot/1.0; +claudebot@anthropic.com)"
54.38.38.130 - - [15/May/2026:12:45:55 +0000] "GET /en/blog/events/agile-tuesday-impact-mapping-%F0%9F%92%8D-opportunity-solution-tree-mit-buesra-coskuner-2/3/?edit=/home/stagingimprouv/public_html/wp-content/uploads/wpo-plugins-tables-list.json HTTP/1.1" 200 1437612 "-" "Mozilla/5.0 (compatible; MJ12bot/v1.4.8; http://mj12bot.com/)"
216.73.216.87 - - [15/May/2026:12:45:55 +0000] "GET /sitemap.xml?file=%2Fhome%2Fstagingimprouv%2Fpublic_html%2Fwp-content%2Flanguages%2Fen_GB.po HTTP/1.1" 200 449 "-" "Mozilla/5.0 AppleWebKit/537.36 (KHTML, like Gecko; compatible; ClaudeBot/1.0; +claudebot@anthropic.com)"
216.73.216.87 - - [15/May/2026:12:45:55 +0000] "GET /%3C?file=%2Fhome%2Fstagingimprouv%2Fpublic_html%2Fwp-content%2Fthemes%2Fhello-elementor%2Fvendor%2Felementor HTTP/1.1" 200 179924 "-" "Mozilla/5.0 AppleWebKit/537.36 (KHTML, like Gecko; compatible; ClaudeBot/1.0; +claudebot@anthropic.com)"
216.73.216.87 - - [15/May/2026:12:45:57 +0000] "GET /sitemap.xml?view=%2Fhome%2Fstagingimprouv%2Fpublic_html%2Fwp-content%2Flanguages%2Fen_GB-7b74c8457eaa7fcc50db41b431f8a003.json HTTP/1.1" 200 580 "-" "Mozilla/5.0 AppleWebKit/537.36 (KHTML, like Gecko; compatible; ClaudeBot/1.0; +claudebot@anthropic.com)"
216.73.216.87 - - [15/May/2026:12:45:57 +0000] "GET /sitemap.xml?view=%2Fhome%2Fstagingimprouv%2Fpublic_html%2Fwp-content%2Flanguages%2Fde_DE-ac23eee47530ac63a1178c827db28087.json HTTP/1.1" 200 308 "-" "Mozilla/5.0 AppleWebKit/537.36 (KHTML, like Gecko; compatible; ClaudeBot/1.0; +claudebot@anthropic.com)"
216.73.216.87 - - [15/May/2026:12:45:57 +0000] "GET /sitemap.xml?view=%2Fhome%2Fstagingimprouv%2Fpublic_html%2Fwp-content%2Flanguages%2Fde_DE-7436b7ee9e4f11ac0d618d8cc886eb66.json HTTP/1.1" 200 339 "-" "Mozilla/5.0 AppleWebKit/537.36 (KHTML, like Gecko; compatible; ClaudeBot/1.0; +claudebot@anthropic.com)"
216.73.216.87 - - [15/May/2026:12:45:57 +0000] "GET /sitemap.xml?edit=%2Fhome%2Fstagingimprouv%2Fpublic_html%2Fwp-content%2Flanguages%2Fen_GB-7d5ca435e60d92f024d46c9257aaa0f7.json HTTP/1.1" 200 7874 "-" "Mozilla/5.0 AppleWebKit/537.36 (KHTML, like Gecko; compatible; ClaudeBot/1.0; +claudebot@anthropic.com)"
74.7.243.230 - - [15/May/2026:12:45:57 +0000] "GET /keywords.html?edit=/sys/devices/pci0000:00/0000:00:1f.0/driver/0000:00:1f.0/iTCO_wdt.1.auto/firmware_node/PNP0B00:00/subsystem/devices/ACPI0010:00/LNXCPU:00/physical_node/node0/cpu0/node0/cpu3/driver/cpu0/firmware_node/subsystem/devices/PNP0A08:00/device:44/subsystem/devices/PNP0C01:00/path HTTP/1.1" 200 186638 "https://staging.improuv.com/keywords.html?file=/sys/devices/pci0000:00/0000:00:1f.0/driver/0000:00:1f.0/iTCO_wdt.1.auto/firmware_node/PNP0B00:00/subsystem/devices/ACPI0010:00/LNXCPU:00/physical_node/node0/cpu0/node0/cpu3/driver/cpu0/firmware_node/subsystem/devices/PNP0A08:00/device:44/subsystem/devices/PNP0C01:00" "Mozilla/5.0 AppleWebKit/537.36 (KHTML, like Gecko; compatible; GPTBot/1.3; +https://openai.com/gptbot)"
216.73.216.87 - - [15/May/2026:12:45:57 +0000] "GET /sitemap.xml?file=%2Fhome%2Fstagingimprouv%2Fpublic_html%2Fwp-content%2Flanguages%2Fcontinents-cities-de_DE.po HTTP/1.1" 200 467 "-" "Mozilla/5.0 AppleWebKit/537.36 (KHTML, like Gecko; compatible; ClaudeBot/1.0; +claudebot@anthropic.com)"
216.73.216.87 - - [15/May/2026:12:45:58 +0000] "GET /sitemap.xml?edit=%2Fhome%2Fstagingimprouv%2Fpublic_html%2Fwp-content%2Flanguages%2Fde_DE-93882e8f9976382d7f724ac595ed7151.json HTTP/1.1" 200 7718 "-" "Mozilla/5.0 AppleWebKit/537.36 (KHTML, like Gecko; compatible; ClaudeBot/1.0; +claudebot@anthropic.com)"
216.73.216.87 - - [15/May/2026:12:45:58 +0000] "GET /sitemap.xml?rename=%2Fhome%2Fstagingimprouv%2Fpublic_html%2Fwp-content%2Flanguages%2Fde_DE-ca28138671823450e87dfd354f7afc6b.json HTTP/1.1" 200 7092 "-" "Mozilla/5.0 AppleWebKit/537.36 (KHTML, like Gecko; compatible; ClaudeBot/1.0; +claudebot@anthropic.com)"
216.73.216.87 - - [15/May/2026:12:45:59 +0000] "GET /sitemap.xml?edit=%2Fhome%2Fstagingimprouv%2Fpublic_html%2Fwp-content%2Flanguages%2Fde_DE-270d72d1cff17227d37f3244759cbecb.json HTTP/1.1" 200 7884 "-" "Mozilla/5.0 AppleWebKit/537.36 (KHTML, like Gecko; compatible; ClaudeBot/1.0; +claudebot@anthropic.com)"
216.73.216.87 - - [15/May/2026:12:45:58 +0000] "GET /sitemap.xml?edit=%2Fhome%2Fstagingimprouv%2Fpublic_html%2Fwp-content%2Flanguages%2Fde_DE-2b390f85a3048c5b4255fb45960b6514.json HTTP/1.1" 200 15564 "-" "Mozilla/5.0 AppleWebKit/537.36 (KHTML, like Gecko; compatible; ClaudeBot/1.0; +claudebot@anthropic.com)"
216.73.216.87 - - [15/May/2026:12:45:59 +0000] "GET /sitemap.xml?file=%2Fhome%2Fstagingimprouv%2Fpublic_html%2Fwp-content%2Flanguages%2Fde_DE-529362903a5a05b34b06b5e793fb4cf8.json HTTP/1.1" 200 484 "-" "Mozilla/5.0 AppleWebKit/537.36 (KHTML, like Gecko; compatible; ClaudeBot/1.0; +claudebot@anthropic.com)"
54.38.38.130 - - [15/May/2026:12:45:59 +0000] "GET /en/blog/events/agile-tuesday-impact-mapping-%F0%9F%92%8D-opportunity-solution-tree-mit-buesra-coskuner-2/3/?edit=/home/stagingimprouv/public_html/wp-content/woof-acf-log.log HTTP/1.1" 200 7527 "-" "Mozilla/5.0 (compatible; MJ12bot/v1.4.8; http://mj12bot.com/)"
74.7.243.230 - - [15/May/2026:12:45:59 +0000] "GET /keywords.html?rename=/sys/devices/pci0000:00/0000:00:1f.0/driver/0000:00:1f.0/iTCO_wdt.1.auto/firmware_node/PNP0B00:00/subsystem/devices/ACPI0010:00/LNXCPU:00/physical_node/node0/cpu0/node0/cpu3/driver/cpu0/firmware_node/subsystem/devices/PNP0A08:00/device:42/subsystem/devices/PNP0A06:00/path HTTP/1.1" 200 186641 "https://staging.improuv.com/keywords.html?file=/sys/devices/pci0000:00/0000:00:1f.0/driver/0000:00:1f.0/iTCO_wdt.1.auto/firmware_node/PNP0B00:00/subsystem/devices/ACPI0010:00/LNXCPU:00/physical_node/node0/cpu0/node0/cpu3/driver/cpu0/firmware_node/subsystem/devices/PNP0A08:00/device:42/subsystem/devices/PNP0A06:00" "Mozilla/5.0 AppleWebKit/537.36 (KHTML, like Gecko; compatible; GPTBot/1.3; +https://openai.com/gptbot)"
